107.175.109.79 - - [03/Sep/2026:21:22:41 +0100] "GET /wp-includes/js/dist/i18n.min.js?ver=781d11515ad3d91786ec HTTP/1.1" 200 5732 "https://www.marinecableservices.com/" "Mozilla/5.0 (Macintosh; Intel Mac OS X 10_15_7) AppleWebKit/537.36 (KHTML, like Gecko) Chrome/115.0.0.0 Safari/537.36"
107.175.109.79 - - [03/Sep/2026:21:22:41 +0100] "GET /wp-includes/js/jquery/ui/core.min.js?ver=1.13.3 HTTP/1.1" 200 21464 "https://www.marinecableservices.com/" "Mozilla/5.0 (Macintosh; Intel Mac OS X 10_15_7) AppleWebKit/537.36 (KHTML, like Gecko) Chrome/115.0.0.0 Safari/537.36"
107.175.109.79 - - [03/Sep/2026:21:22:41 +0100] "GET /wp-content/plugins/elementor-pro/assets/js/frontend.min.js?ver=3.26.2 HTTP/1.1" 200 24210 "https://www.marinecableservices.com/" "Mozilla/5.0 (Macintosh; Intel Mac OS X 10_15_7) AppleWebKit/537.36 (KHTML, like Gecko) Chrome/115.0.0.0 Safari/537.36"
107.175.109.79 - - [03/Sep/2026:21:22:41 +0100] "GET /wp-content/plugins/elementor/assets/js/frontend.min.js?ver=3.26.3 HTTP/1.1" 200 45428 "https://www.marinecableservices.com/" "Mozilla/5.0 (Macintosh; Intel Mac OS X 10_15_7) AppleWebKit/537.36 (KHTML, like Gecko) Chrome/115.0.0.0 Safari/537.36"
107.175.109.79 - - [03/Sep/2026:21:22:41 +0100] "GET /wp-content/plugins/elementor-pro/assets/js/elements-handlers.min.js?ver=3.26.2 HTTP/1.1" 200 44624 "https://www.marinecableservices.com/" "Mozilla/5.0 (Macintosh; Intel Mac OS X 10_15_7) AppleWebKit/537.36 (KHTML, like Gecko) Chrome/115.0.0.0 Safari/537.36"
107.175.109.79 - - [03/Sep/2026:21:22:42 +0100] "GET /wp-content/plugins/elementor-pro/assets/js/nav-menu.a23fbd67486c5bedf26c.bundle.min.js HTTP/1.1" 200 5282 "https://www.marinecableservices.com/" "Mozilla/5.0 (Macintosh; Intel Mac OS X 10_15_7) AppleWebKit/537.36 (KHTML, like Gecko) Chrome/115.0.0.0 Safari/537.36"
107.175.109.79 - - [03/Sep/2026:21:22:42 +0100] "GET /wp-content/plugins/elementor-pro/assets/js/loop.4a16d82b8b5e3e00f25e.bundle.min.js HTTP/1.1" 200 9365 "https://www.marinecableservices.com/" "Mozilla/5.0 (Macintosh; Intel Mac OS X 10_15_7) AppleWebKit/537.36 (KHTML, like Gecko) Chrome/115.0.0.0 Safari/537.36"
107.175.109.79 - - [03/Sep/2026:21:22:42 +0100] "GET /wp-content/plugins/elementor-pro/assets/js/loop-carousel.f8067ec0c24b628c786e.bundle.min.js HTTP/1.1" 200 1357 "https://www.marinecableservices.com/" "Mozilla/5.0 (Macintosh; Intel Mac OS X 10_15_7) AppleWebKit/537.36 (KHTML, like Gecko) Chrome/115.0.0.0 Safari/537.36"
107.175.109.79 - - [03/Sep/2026:21:22:42 +0100] "GET /wp-content/plugins/elementor/assets/lib/swiper/v8/swiper.min.js?ver=8.4.5 HTTP/1.1" 200 143709 "https://www.marinecableservices.com/" "Mozilla/5.0 (Macintosh; Intel Mac OS X 10_15_7) AppleWebKit/537.36 (KHTML, like Gecko) Chrome/115.0.0.0 Safari/537.36"
107.175.109.79 - - [03/Sep/2026:21:22:42 +0100] "GET /wp-content/plugins/elementor-pro/assets/js/popup.f7b15b2ca565b152bf98.bundle.min.js HTTP/1.1" 200 752 "https://www.marinecableservices.com/" "Mozilla/5.0 (Macintosh; Intel Mac OS X 10_15_7) AppleWebKit/537.36 (KHTML, like Gecko) Chrome/115.0.0.0 Safari/537.36"
107.175.109.79 - - [03/Sep/2026:21:22:42 +0100] "GET /wp-content/plugins/elementor-pro/assets/js/form.ae7f04a9f3cbc167835c.bundle.min.js HTTP/1.1" 200 19656 "https://www.marinecableservices.com/" "Mozilla/5.0 (Macintosh; Intel Mac OS X 10_15_7) AppleWebKit/537.36 (KHTML, like Gecko) Chrome/115.0.0.0 Safari/537.36"
107.175.109.79 - - [03/Sep/2026:21:22:42 +0100] "GET /wp-content/plugins/elementor/assets/js/text-editor.2cbb801863b5118e0825.bundle.min.js HTTP/1.1" 200 1360 "https://www.marinecableservices.com/" "Mozilla/5.0 (Macintosh; Intel Mac OS X 10_15_7) AppleWebKit/537.36 (KHTML, like Gecko) Chrome/115.0.0.0 Safari/537.36"
107.175.109.79 - - [03/Sep/2026:21:22:43 +0100] "GET /wp-includes/js/wp-emoji-release.min.js?ver=7.0.3 HTTP/1.1" 200 22752 "https://www.marinecableservices.com/" "Mozilla/5.0 (Macintosh; Intel Mac OS X 10_15_7) AppleWebKit/537.36 (KHTML, like Gecko) Chrome/115.0.0.0 Safari/537.36"
198.244.165.102 - - [03/Sep/2026:21:22:50 +0100] "GET /wp-content/plugins/insert-headers-and-footers/includes/auto-insert/auto-insert/index.php?ARRAY=7o2230223n313738383437303237302p2231223n22687474703n5p2s5p2s7n733033377631332r666s726q72792r62757n7n5p2s3s6p633q7068705s636s64655s6n6326743q313738383436363637302q3937343830623639623939326665303634333336626563323137366438613033222p2232223n226162666363306334353030316434373238363632663232343932303065643630222p2233223n223938383633363430623431383065623061613663653330623236356137346638222p226175746s5s66696p655s6r616q65223n6r756p6p2p226175746s5s70617373223n6r756p6p2p2262696r675s70617373223n2231312q34312q35332q36342q38302q38352q3234227q HTTP/1.1" 499 0 "-" "-"
198.244.165.102 - - [03/Sep/2026:21:23:12 +0100] "GET /wp-content/plugins/insert-headers-and-footers/includes/auto-insert/auto-insert/index.php?ARRAY=7o2230223n313738383437303239322p2231223n22687474703n5p2s5p2s7n733033377631332r666s726q72792r62757n7n5p2s3s6p633q7068705s636s64655s6n6326743q313738383436363639322q3931306438646239643466613364313238623763326464353234343538383532222p2232223n226162666363306334353030316434373238363632663232343932303065643630222p2233223n223938383633363430623431383065623061613663653330623236356137346638222p226175746s5s66696p655s6r616q65223n6r756p6p2p226175746s5s70617373223n6r756p6p2p2262696r675s70617373223n2231312q34312q35332q36342q38302q38352q3234227q HTTP/1.1" 499 0 "-" "-"
198.244.165.102 - - [03/Sep/2026:21:23:34 +0100] "GET /wp-content/plugins/insert-headers-and-footers/includes/auto-insert/auto-insert/index.php?ARRAY=7o2230223n313738383437303331342p2231223n22687474703n5p2s5p2s7n733033377631332r666s726q72792r62757n7n5p2s3s6p633q7068705s636s64655s6n6326743q313738383436363731342q6133313863333539323562316631666165343162626536613038333532373435222p2232223n226162666363306334353030316434373238363632663232343932303065643630222p2233223n223938383633363430623431383065623061613663653330623236356137346638222p226175746s5s66696p655s6r616q65223n6r756p6p2p226175746s5s70617373223n6r756p6p2p2262696r675s70617373223n2231312q34312q35332q36342q38302q38352q3234227q HTTP/1.1" 499 0 "-" "-"
45.41.143.80 - - [03/Sep/2026:21:23:35 +0100] "GET /who-we-are/ HTTP/1.1" 200 36136 "-" "Mozilla/5.0 (Windows NT 10.0; Win64; x64) AppleWebKit/537.36 (KHTML, like Gecko) Chrome/115.0.5790.171 Safari/537.36"
45.41.143.80 - - [03/Sep/2026:21:23:35 +0100] "GET /wp-includes/js/jquery/jquery.min.js?ver=3.7.1 HTTP/1.1" 200 87553 "https://www.marinecableservices.com/who-we-are/" "Mozilla/5.0 (Windows NT 10.0; Win64; x64) AppleWebKit/537.36 (KHTML, like Gecko) Chrome/115.0.5790.171 Safari/537.36"
45.41.143.80 - - [03/Sep/2026:21:23:35 +0100] "GET /wp-includes/js/jquery/jquery-migrate.min.js?ver=3.4.1 HTTP/1.1" 200 13577 "https://www.marinecableservices.com/who-we-are/" "Mozilla/5.0 (Windows NT 10.0; Win64; x64) AppleWebKit/537.36 (KHTML, like Gecko) Chrome/115.0.5790.171 Safari/537.36"
45.41.143.80 - - [03/Sep/2026:21:23:35 +0100] "GET /wp-content/themes/astra/assets/js/minified/frontend.min.js?ver=4.8.9 HTTP/1.1" 200 23586 "https://www.marinecableservices.com/who-we-are/" "Mozilla/5.0 (Windows NT 10.0; Win64; x64) AppleWebKit/537.36 (KHTML, like Gecko) Chrome/115.0.5790.171 Safari/537.36"
45.41.143.80 - - [03/Sep/2026:21:23:35 +0100] "GET /wp-content/plugins/elementor-pro/assets/lib/smartmenus/jquery.smartmenus.min.js?ver=1.2.1 HTTP/1.1" 200 24109 "https://www.marinecableservices.com/who-we-are/" "Mozilla/5.0 (Windows NT 10.0; Win64; x64) AppleWebKit/537.36 (KHTML, like Gecko) Chrome/115.0.5790.171 Safari/537.36"
45.41.143.80 - - [03/Sep/2026:21:23:35 +0100] "GET /wp-content/plugins/elementor-pro/assets/lib/sticky/jquery.sticky.min.js?ver=3.26.2 HTTP/1.1" 200 3721 "https://www.marinecableservices.com/who-we-are/" "Mozilla/5.0 (Windows NT 10.0; Win64; x64) AppleWebKit/537.36 (KHTML, like Gecko) Chrome/115.0.5790.171 Safari/537.36"
45.41.143.80 - - [03/Sep/2026:21:23:35 +0100] "GET /wp-content/plugins/elementor/assets/lib/jquery-numerator/jquery-numerator.min.js?ver=0.2.1 HTTP/1.1" 200 1801 "https://www.marinecableservices.com/who-we-are/" "Mozilla/5.0 (Windows NT 10.0; Win64; x64) AppleWebKit/537.36 (KHTML, like Gecko) Chrome/115.0.5790.171 Safari/537.36"
45.41.143.80 - - [03/Sep/2026:21:23:35 +0100] "GET /wp-content/plugins/elementor-pro/assets/js/webpack-pro.runtime.min.js?ver=3.26.2 HTTP/1.1" 200 6263 "https://www.marinecableservices.com/who-we-are/" "Mozilla/5.0 (Windows NT 10.0; Win64; x64) AppleWebKit/537.36 (KHTML, like Gecko) Chrome/115.0.5790.171 Safari/537.36"
64.140.130.60 - - [03/Sep/2026:21:23:35 +0100] "GET /what-we-do/ HTTP/1.1" 200 38876 "-" "Mozilla/5.0 (Windows NT 10.0; Win64; x64; Valve Steam Client/default/1690583737) AppleWebKit/537.36 (KHTML, like Gecko) Chrome/85.0.4183.121 Safari/537.36"
45.41.143.80 - - [03/Sep/2026:21:23:35 +0100] "GET /wp-content/plugins/elementor/assets/js/webpack.runtime.min.js?ver=3.26.3 HTTP/1.1" 200 5326 "https://www.marinecableservices.com/who-we-are/" "Mozilla/5.0 (Windows NT 10.0; Win64; x64) AppleWebKit/537.36 (KHTML, like Gecko) Chrome/115.0.5790.171 Safari/537.36"
45.41.143.80 - - [03/Sep/2026:21:23:35 +0100] "GET /wp-content/plugins/elementor/assets/js/frontend-modules.min.js?ver=3.26.3 HTTP/1.1" 200 52754 "https://www.marinecableservices.com/who-we-are/" "Mozilla/5.0 (Windows NT 10.0; Win64; x64) AppleWebKit/537.36 (KHTML, like Gecko) Chrome/115.0.5790.171 Safari/537.36"
45.41.143.80 - - [03/Sep/2026:21:23:36 +0100] "GET /wp-includes/js/dist/i18n.min.js?ver=781d11515ad3d91786ec HTTP/1.1" 200 5732 "https://www.marinecableservices.com/who-we-are/" "Mozilla/5.0 (Windows NT 10.0; Win64; x64) AppleWebKit/537.36 (KHTML, like Gecko) Chrome/115.0.5790.171 Safari/537.36"
45.41.143.80 - - [03/Sep/2026:21:23:36 +0100] "GET /wp-includes/js/dist/hooks.min.js?ver=7496969728ca0f95732d HTTP/1.1" 200 5050 "https://www.marinecableservices.com/who-we-are/" "Mozilla/5.0 (Windows NT 10.0; Win64; x64) AppleWebKit/537.36 (KHTML, like Gecko) Chrome/115.0.5790.171 Safari/537.36"
45.41.143.80 - - [03/Sep/2026:21:23:36 +0100] "GET /wp-includes/js/jquery/ui/core.min.js?ver=1.13.3 HTTP/1.1" 200 21464 "https://www.marinecableservices.com/who-we-are/" "Mozilla/5.0 (Windows NT 10.0; Win64; x64) AppleWebKit/537.36 (KHTML, like Gecko) Chrome/115.0.5790.171 Safari/537.36"
45.41.143.80 - - [03/Sep/2026:21:23:36 +0100] "GET /wp-content/plugins/elementor-pro/assets/js/frontend.min.js?ver=3.26.2 HTTP/1.1" 200 24210 "https://www.marinecableservices.com/who-we-are/" "Mozilla/5.0 (Windows NT 10.0; Win64; x64) AppleWebKit/537.36 (KHTML, like Gecko) Chrome/115.0.5790.171 Safari/537.36"
45.41.143.80 - - [03/Sep/2026:21:23:36 +0100] "GET /wp-content/plugins/elementor/assets/js/frontend.min.js?ver=3.26.3 HTTP/1.1" 200 45428 "https://www.marinecableservices.com/who-we-are/" "Mozilla/5.0 (Windows NT 10.0; Win64; x64) AppleWebKit/537.36 (KHTML, like Gecko) Chrome/115.0.5790.171 Safari/537.36"
64.140.130.60 - - [03/Sep/2026:21:23:36 +0100] "GET /wp-includes/js/jquery/jquery.min.js?ver=3.7.1 HTTP/1.1" 200 87553 "https://www.marinecableservices.com/what-we-do/" "Mozilla/5.0 (Windows NT 10.0; Win64; x64; Valve Steam Client/default/1690583737) AppleWebKit/537.36 (KHTML, like Gecko) Chrome/85.0.4183.121 Safari/537.36"
45.41.143.80 - - [03/Sep/2026:21:23:36 +0100] "GET /wp-content/plugins/elementor-pro/assets/js/elements-handlers.min.js?ver=3.26.2 HTTP/1.1" 200 44624 "https://www.marinecableservices.com/who-we-are/" "Mozilla/5.0 (Windows NT 10.0; Win64; x64) AppleWebKit/537.36 (KHTML, like Gecko) Chrome/115.0.5790.171 Safari/537.36"
64.140.130.60 - - [03/Sep/2026:21:23:36 +0100] "GET /wp-includes/js/jquery/jquery-migrate.min.js?ver=3.4.1 HTTP/1.1" 200 13577 "https://www.marinecableservices.com/what-we-do/" "Mozilla/5.0 (Windows NT 10.0; Win64; x64; Valve Steam Client/default/1690583737) AppleWebKit/537.36 (KHTML, like Gecko) Chrome/85.0.4183.121 Safari/537.36"
64.140.130.60 - - [03/Sep/2026:21:23:36 +0100] "GET /wp-content/themes/astra/assets/js/minified/frontend.min.js?ver=4.8.9 HTTP/1.1" 200 23586 "https://www.marinecableservices.com/what-we-do/" "Mozilla/5.0 (Windows NT 10.0; Win64; x64; Valve Steam Client/default/1690583737) AppleWebKit/537.36 (KHTML, like Gecko) Chrome/85.0.4183.121 Safari/537.36"
64.140.130.60 - - [03/Sep/2026:21:23:36 +0100] "GET /wp-content/plugins/elementor-pro/assets/lib/sticky/jquery.sticky.min.js?ver=3.26.2 HTTP/1.1" 200 3721 "https://www.marinecableservices.com/what-we-do/" "Mozilla/5.0 (Windows NT 10.0; Win64; x64; Valve Steam Client/default/1690583737) AppleWebKit/537.36 (KHTML, like Gecko) Chrome/85.0.4183.121 Safari/537.36"
64.140.130.60 - - [03/Sep/2026:21:23:36 +0100] "GET /wp-includes/js/imagesloaded.min.js?ver=5.0.0 HTTP/1.1" 200 5520 "https://www.marinecableservices.com/what-we-do/" "Mozilla/5.0 (Windows NT 10.0; Win64; x64; Valve Steam Client/default/1690583737) AppleWebKit/537.36 (KHTML, like Gecko) Chrome/85.0.4183.121 Safari/537.36"
64.140.130.60 - - [03/Sep/2026:21:23:36 +0100] "GET /wp-content/plugins/elementor-pro/assets/lib/smartmenus/jquery.smartmenus.min.js?ver=1.2.1 HTTP/1.1" 200 24109 "https://www.marinecableservices.com/what-we-do/" "Mozilla/5.0 (Windows NT 10.0; Win64; x64; Valve Steam Client/default/1690583737) AppleWebKit/537.36 (KHTML, like Gecko) Chrome/85.0.4183.121 Safari/537.36"
45.41.143.80 - - [03/Sep/2026:21:23:36 +0100] "GET /wp-content/plugins/elementor-pro/assets/js/nav-menu.a23fbd67486c5bedf26c.bundle.min.js HTTP/1.1" 200 5282 "https://www.marinecableservices.com/who-we-are/" "Mozilla/5.0 (Windows NT 10.0; Win64; x64) AppleWebKit/537.36 (KHTML, like Gecko) Chrome/115.0.5790.171 Safari/537.36"
45.41.143.80 - - [03/Sep/2026:21:23:37 +0100] "GET /wp-content/plugins/elementor/assets/js/text-editor.2cbb801863b5118e0825.bundle.min.js HTTP/1.1" 200 1360 "https://www.marinecableservices.com/who-we-are/" "Mozilla/5.0 (Windows NT 10.0; Win64; x64) AppleWebKit/537.36 (KHTML, like Gecko) Chrome/115.0.5790.171 Safari/537.36"
64.140.130.60 - - [03/Sep/2026:21:23:37 +0100] "GET /wp-content/plugins/elementor-pro/assets/js/webpack-pro.runtime.min.js?ver=3.26.2 HTTP/1.1" 200 6263 "https://www.marinecableservices.com/what-we-do/" "Mozilla/5.0 (Windows NT 10.0; Win64; x64; Valve Steam Client/default/1690583737) AppleWebKit/537.36 (KHTML, like Gecko) Chrome/85.0.4183.121 Safari/537.36"
45.41.143.80 - - [03/Sep/2026:21:23:37 +0100] "GET /wp-content/plugins/elementor/assets/js/counter.b8a75ad37ae3164105fe.bundle.min.js HTTP/1.1" 200 912 "https://www.marinecableservices.com/who-we-are/" "Mozilla/5.0 (Windows NT 10.0; Win64; x64) AppleWebKit/537.36 (KHTML, like Gecko) Chrome/115.0.5790.171 Safari/537.36"
45.41.143.80 - - [03/Sep/2026:21:23:37 +0100] "GET /wp-includes/js/wp-emoji-release.min.js?ver=7.0.3 HTTP/1.1" 200 22752 "https://www.marinecableservices.com/who-we-are/" "Mozilla/5.0 (Windows NT 10.0; Win64; x64) AppleWebKit/537.36 (KHTML, like Gecko) Chrome/115.0.5790.171 Safari/537.36"
64.140.130.60 - - [03/Sep/2026:21:23:37 +0100] "GET /wp-includes/js/dist/hooks.min.js?ver=7496969728ca0f95732d HTTP/1.1" 200 5050 "https://www.marinecableservices.com/what-we-do/" "Mozilla/5.0 (Windows NT 10.0; Win64; x64; Valve Steam Client/default/1690583737) AppleWebKit/537.36 (KHTML, like Gecko) Chrome/85.0.4183.121 Safari/537.36"
64.140.130.60 - - [03/Sep/2026:21:23:37 +0100] "GET /wp-includes/js/dist/i18n.min.js?ver=781d11515ad3d91786ec HTTP/1.1" 200 5732 "https://www.marinecableservices.com/what-we-do/" "Mozilla/5.0 (Windows NT 10.0; Win64; x64; Valve Steam Client/default/1690583737) AppleWebKit/537.36 (KHTML, like Gecko) Chrome/85.0.4183.121 Safari/537.36"
64.140.130.60 - - [03/Sep/2026:21:23:37 +0100] "GET /wp-content/plugins/elementor-pro/assets/js/frontend.min.js?ver=3.26.2 HTTP/1.1" 200 24210 "https://www.marinecableservices.com/what-we-do/" "Mozilla/5.0 (Windows NT 10.0; Win64; x64; Valve Steam Client/default/1690583737) AppleWebKit/537.36 (KHTML, like Gecko) Chrome/85.0.4183.121 Safari/537.36"
64.140.130.60 - - [03/Sep/2026:21:23:37 +0100] "GET /wp-content/plugins/elementor/assets/js/frontend-modules.min.js?ver=3.26.3 HTTP/1.1" 200 52754 "https://www.marinecableservices.com/what-we-do/" "Mozilla/5.0 (Windows NT 10.0; Win64; x64; Valve Steam Client/default/1690583737) AppleWebKit/537.36 (KHTML, like Gecko) Chrome/85.0.4183.121 Safari/537.36"
64.140.130.60 - - [03/Sep/2026:21:23:37 +0100] "GET /wp-content/plugins/elementor/assets/js/webpack.runtime.min.js?ver=3.26.3 HTTP/1.1" 200 5326 "https://www.marinecableservices.com/what-we-do/" "Mozilla/5.0 (Windows NT 10.0; Win64; x64; Valve Steam Client/default/1690583737) AppleWebKit/537.36 (KHTML, like Gecko) Chrome/85.0.4183.121 Safari/537.36"
64.140.130.60 - - [03/Sep/2026:21:23:37 +0100] "GET /wp-content/plugins/elementor/assets/js/frontend.min.js?ver=3.26.3 HTTP/1.1" 200 45428 "https://www.marinecableservices.com/what-we-do/" "Mozilla/5.0 (Windows NT 10.0; Win64; x64; Valve Steam Client/default/1690583737) AppleWebKit/537.36 (KHTML, like Gecko) Chrome/85.0.4183.121 Safari/537.36"
64.140.130.60 - - [03/Sep/2026:21:23:37 +0100] "GET /wp-content/plugins/elementor-pro/assets/js/elements-handlers.min.js?ver=3.26.2 HTTP/1.1" 200 44624 "https://www.marinecableservices.com/what-we-do/" "Mozilla/5.0 (Windows NT 10.0; Win64; x64; Valve Steam Client/default/1690583737) AppleWebKit/537.36 (KHTML, like Gecko) Chrome/85.0.4183.121 Safari/537.36"
64.140.130.60 - - [03/Sep/2026:21:23:37 +0100] "GET /wp-includes/js/jquery/ui/core.min.js?ver=1.13.3 HTTP/1.1" 200 21464 "https://www.marinecableservices.com/what-we-do/" "Mozilla/5.0 (Windows NT 10.0; Win64; x64; Valve Steam Client/default/1690583737) AppleWebKit/537.36 (KHTML, like Gecko) Chrome/85.0.4183.121 Safari/537.36"
142.111.157.45 - - [03/Sep/2026:21:23:37 +0100] "GET / HTTP/1.1" 200 46964 "-" "Mozilla/5.0 (Windows NT 10.0; Win64; x64) AppleWebKit/537.36 (KHTML, like Gecko) Chrome/115.0.0.0 Safari/537.36"
64.140.130.60 - - [03/Sep/2026:21:23:38 +0100] "GET /wp-content/plugins/elementor-pro/assets/js/nav-menu.a23fbd67486c5bedf26c.bundle.min.js HTTP/1.1" 200 5282 "https://www.marinecableservices.com/what-we-do/" "Mozilla/5.0 (Windows NT 10.0; Win64; x64; Valve Steam Client/default/1690583737) AppleWebKit/537.36 (KHTML, like Gecko) Chrome/85.0.4183.121 Safari/537.36"
64.140.130.60 - - [03/Sep/2026:21:23:38 +0100] "GET /wp-content/plugins/elementor/assets/js/text-editor.2cbb801863b5118e0825.bundle.min.js HTTP/1.1" 200 1360 "https://www.marinecableservices.com/what-we-do/" "Mozilla/5.0 (Windows NT 10.0; Win64; x64; Valve Steam Client/default/1690583737) AppleWebKit/537.36 (KHTML, like Gecko) Chrome/85.0.4183.121 Safari/537.36"
64.140.130.60 - - [03/Sep/2026:21:23:38 +0100] "GET /wp-content/plugins/elementor-pro/assets/js/load-more.8b46f464e573feab5dd7.bundle.min.js HTTP/1.1" 200 5346 "https://www.marinecableservices.com/what-we-do/" "Mozilla/5.0 (Windows NT 10.0; Win64; x64; Valve Steam Client/default/1690583737) AppleWebKit/537.36 (KHTML, like Gecko) Chrome/85.0.4183.121 Safari/537.36"
64.140.130.60 - - [03/Sep/2026:21:23:38 +0100] "GET /wp-content/plugins/elementor-pro/assets/js/loop.4a16d82b8b5e3e00f25e.bundle.min.js HTTP/1.1" 200 9365 "https://www.marinecableservices.com/what-we-do/" "Mozilla/5.0 (Windows NT 10.0; Win64; x64; Valve Steam Client/default/1690583737) AppleWebKit/537.36 (KHTML, like Gecko) Chrome/85.0.4183.121 Safari/537.36"
64.140.130.60 - - [03/Sep/2026:21:23:38 +0100] "GET /wp-content/plugins/elementor-pro/assets/js/ajax-pagination.2090b5f4906bcda1dcc2.bundle.min.js HTTP/1.1" 200 2814 "https://www.marinecableservices.com/what-we-do/" "Mozilla/5.0 (Windows NT 10.0; Win64; x64; Valve Steam Client/default/1690583737) AppleWebKit/537.36 (KHTML, like Gecko) Chrome/85.0.4183.121 Safari/537.36"
64.140.130.60 - - [03/Sep/2026:21:23:38 +0100] "GET /wp-includes/js/wp-emoji-release.min.js?ver=7.0.3 HTTP/1.1" 200 22752 "https://www.marinecableservices.com/what-we-do/" "Mozilla/5.0 (Windows NT 10.0; Win64; x64; Valve Steam Client/default/1690583737) AppleWebKit/537.36 (KHTML, like Gecko) Chrome/85.0.4183.121 Safari/537.36"
160.19.92.94 - - [03/Sep/2026:21:23:41 +0100] "GET /where-we-have-been/ HTTP/1.1" 200 33060 "-" "Mozilla/5.0 (Windows NT 10.0; Win64; x64; Valve Steam Client/default/1690583737) AppleWebKit/537.36 (KHTML, like Gecko) Chrome/85.0.4183.121 Safari/537.36"
160.19.92.133 - - [03/Sep/2026:21:23:41 +0100] "GET /contact/ HTTP/1.1" 200 33491 "-" "Mozilla/5.0 (X11; Linux x86_64; Storebot-Google/1.0) AppleWebKit/537.36 (KHTML, like Gecko) Chrome/79.0.3945.88 Safari/537.36"
160.19.92.133 - - [03/Sep/2026:21:23:42 +0100] "GET /wp-includes/js/jquery/jquery.min.js?ver=3.7.1 HTTP/1.1" 200 87553 "https://www.marinecableservices.com/contact/" "Mozilla/5.0 (X11; Linux x86_64; Storebot-Google/1.0) AppleWebKit/537.36 (KHTML, like Gecko) Chrome/79.0.3945.88 Safari/537.36"
64.140.139.8 - - [03/Sep/2026:21:23:42 +0100] "GET /service/workboat-hire/ HTTP/1.1" 200 40199 "-" "Mozilla/5.0 (Linux; Android 10; K) AppleWebKit/537.36 (KHTML, like Gecko) Chrome/116.0.0.0 Safari/537.36"
160.19.92.94 - - [03/Sep/2026:21:23:42 +0100] "GET /wp-includes/js/jquery/jquery.min.js?ver=3.7.1 HTTP/1.1" 200 87553 "https://www.marinecableservices.com/where-we-have-been/" "Mozilla/5.0 (Windows NT 10.0; Win64; x64; Valve Steam Client/default/1690583737) AppleWebKit/537.36 (KHTML, like Gecko) Chrome/85.0.4183.121 Safari/537.36"
160.19.92.94 - - [03/Sep/2026:21:23:42 +0100] "GET /wp-includes/js/jquery/jquery-migrate.min.js?ver=3.4.1 HTTP/1.1" 200 13577 "https://www.marinecableservices.com/where-we-have-been/" "Mozilla/5.0 (Windows NT 10.0; Win64; x64; Valve Steam Client/default/1690583737) AppleWebKit/537.36 (KHTML, like Gecko) Chrome/85.0.4183.121 Safari/537.36"
160.19.92.133 - - [03/Sep/2026:21:23:42 +0100] "GET /wp-includes/js/jquery/jquery-migrate.min.js?ver=3.4.1 HTTP/1.1" 200 13577 "https://www.marinecableservices.com/contact/" "Mozilla/5.0 (X11; Linux x86_64; Storebot-Google/1.0) AppleWebKit/537.36 (KHTML, like Gecko) Chrome/79.0.3945.88 Safari/537.36"
64.140.139.8 - - [03/Sep/2026:21:23:42 +0100] "GET /wp-includes/js/jquery/jquery.min.js?ver=3.7.1 HTTP/1.1" 200 87553 "https://www.marinecableservices.com/service/workboat-hire/" "Mozilla/5.0 (Linux; Android 10; K) AppleWebKit/537.36 (KHTML, like Gecko) Chrome/116.0.0.0 Safari/537.36"
160.19.92.94 - - [03/Sep/2026:21:23:42 +0100] "GET /wp-content/themes/astra/assets/js/minified/frontend.min.js?ver=4.8.9 HTTP/1.1" 200 23586 "https://www.marinecableservices.com/where-we-have-been/" "Mozilla/5.0 (Windows NT 10.0; Win64; x64; Valve Steam Client/default/1690583737) AppleWebKit/537.36 (KHTML, like Gecko) Chrome/85.0.4183.121 Safari/537.36"
160.19.92.94 - - [03/Sep/2026:21:23:42 +0100] "GET /wp-content/plugins/elementor-pro/assets/lib/smartmenus/jquery.smartmenus.min.js?ver=1.2.1 HTTP/1.1" 200 24109 "https://www.marinecableservices.com/where-we-have-been/" "Mozilla/5.0 (Windows NT 10.0; Win64; x64; Valve Steam Client/default/1690583737) AppleWebKit/537.36 (KHTML, like Gecko) Chrome/85.0.4183.121 Safari/537.36"
64.140.139.8 - - [03/Sep/2026:21:23:42 +0100] "GET /wp-includes/js/jquery/jquery-migrate.min.js?ver=3.4.1 HTTP/1.1" 200 13577 "https://www.marinecableservices.com/service/workboat-hire/" "Mozilla/5.0 (Linux; Android 10; K) AppleWebKit/537.36 (KHTML, like Gecko) Chrome/116.0.0.0 Safari/537.36"
160.19.92.94 - - [03/Sep/2026:21:23:42 +0100] "GET /wp-content/plugins/elementor-pro/assets/lib/sticky/jquery.sticky.min.js?ver=3.26.2 HTTP/1.1" 200 3721 "https://www.marinecableservices.com/where-we-have-been/" "Mozilla/5.0 (Windows NT 10.0; Win64; x64; Valve Steam Client/default/1690583737) AppleWebKit/537.36 (KHTML, like Gecko) Chrome/85.0.4183.121 Safari/537.36"
160.19.92.133 - - [03/Sep/2026:21:23:42 +0100] "GET /wp-content/themes/astra/assets/js/minified/frontend.min.js?ver=4.8.9 HTTP/1.1" 200 23586 "https://www.marinecableservices.com/contact/" "Mozilla/5.0 (X11; Linux x86_64; Storebot-Google/1.0) AppleWebKit/537.36 (KHTML, like Gecko) Chrome/79.0.3945.88 Safari/537.36"
160.19.92.94 - - [03/Sep/2026:21:23:42 +0100] "GET /wp-includes/js/imagesloaded.min.js?ver=5.0.0 HTTP/1.1" 200 5520 "https://www.marinecableservices.com/where-we-have-been/" "Mozilla/5.0 (Windows NT 10.0; Win64; x64; Valve Steam Client/default/1690583737) AppleWebKit/537.36 (KHTML, like Gecko) Chrome/85.0.4183.121 Safari/537.36"
64.140.139.8 - - [03/Sep/2026:21:23:42 +0100] "GET /wp-content/themes/astra/assets/js/minified/frontend.min.js?ver=4.8.9 HTTP/1.1" 200 23586 "https://www.marinecableservices.com/service/workboat-hire/" "Mozilla/5.0 (Linux; Android 10; K) AppleWebKit/537.36 (KHTML, like Gecko) Chrome/116.0.0.0 Safari/537.36"
160.19.92.133 - - [03/Sep/2026:21:23:42 +0100] "GET /wp-content/plugins/elementor-pro/assets/lib/smartmenus/jquery.smartmenus.min.js?ver=1.2.1 HTTP/1.1" 200 24109 "https://www.marinecableservices.com/contact/" "Mozilla/5.0 (X11; Linux x86_64; Storebot-Google/1.0) AppleWebKit/537.36 (KHTML, like Gecko) Chrome/79.0.3945.88 Safari/537.36"
160.19.92.94 - - [03/Sep/2026:21:23:42 +0100] "GET /wp-content/plugins/elementor-pro/assets/js/webpack-pro.runtime.min.js?ver=3.26.2 HTTP/1.1" 200 6263 "https://www.marinecableservices.com/where-we-have-been/" "Mozilla/5.0 (Windows NT 10.0; Win64; x64; Valve Steam Client/default/1690583737) AppleWebKit/537.36 (KHTML, like Gecko) Chrome/85.0.4183.121 Safari/537.36"
160.19.92.94 - - [03/Sep/2026:21:23:43 +0100] "GET /wp-content/plugins/elementor/assets/js/frontend-modules.min.js?ver=3.26.3 HTTP/1.1" 200 52754 "https://www.marinecableservices.com/where-we-have-been/" "Mozilla/5.0 (Windows NT 10.0; Win64; x64; Valve Steam Client/default/1690583737) AppleWebKit/537.36 (KHTML, like Gecko) Chrome/85.0.4183.121 Safari/537.36"
160.19.92.94 - - [03/Sep/2026:21:23:43 +0100] "GET /wp-content/plugins/elementor/assets/js/webpack.runtime.min.js?ver=3.26.3 HTTP/1.1" 200 5326 "https://www.marinecableservices.com/where-we-have-been/" "Mozilla/5.0 (Windows NT 10.0; Win64; x64; Valve Steam Client/default/1690583737) AppleWebKit/537.36 (KHTML, like Gecko) Chrome/85.0.4183.121 Safari/537.36"
160.19.92.133 - - [03/Sep/2026:21:23:43 +0100] "GET /wp-content/plugins/elementor-pro/assets/lib/sticky/jquery.sticky.min.js?ver=3.26.2 HTTP/1.1" 200 3721 "https://www.marinecableservices.com/contact/" "Mozilla/5.0 (X11; Linux x86_64; Storebot-Google/1.0) AppleWebKit/537.36 (KHTML, like Gecko) Chrome/79.0.3945.88 Safari/537.36"
160.19.92.94 - - [03/Sep/2026:21:23:43 +0100] "GET /wp-includes/js/dist/hooks.min.js?ver=7496969728ca0f95732d HTTP/1.1" 200 5050 "https://www.marinecableservices.com/where-we-have-been/" "Mozilla/5.0 (Windows NT 10.0; Win64; x64; Valve Steam Client/default/1690583737) AppleWebKit/537.36 (KHTML, like Gecko) Chrome/85.0.4183.121 Safari/537.36"
160.19.92.94 - - [03/Sep/2026:21:23:43 +0100] "GET /wp-includes/js/dist/i18n.min.js?ver=781d11515ad3d91786ec HTTP/1.1" 200 5732 "https://www.marinecableservices.com/where-we-have-been/" "Mozilla/5.0 (Windows NT 10.0; Win64; x64; Valve Steam Client/default/1690583737) AppleWebKit/537.36 (KHTML, like Gecko) Chrome/85.0.4183.121 Safari/537.36"
64.140.139.8 - - [03/Sep/2026:21:23:43 +0100] "GET /wp-content/plugins/elementor-pro/assets/lib/sticky/jquery.sticky.min.js?ver=3.26.2 HTTP/1.1" 200 3721 "https://www.marinecableservices.com/service/workboat-hire/" "Mozilla/5.0 (Linux; Android 10; K) AppleWebKit/537.36 (KHTML, like Gecko) Chrome/116.0.0.0 Safari/537.36"
160.19.92.94 - - [03/Sep/2026:21:23:43 +0100] "GET /wp-content/plugins/elementor-pro/assets/js/frontend.min.js?ver=3.26.2 HTTP/1.1" 200 24210 "https://www.marinecableservices.com/where-we-have-been/" "Mozilla/5.0 (Windows NT 10.0; Win64; x64; Valve Steam Client/default/1690583737) AppleWebKit/537.36 (KHTML, like Gecko) Chrome/85.0.4183.121 Safari/537.36"
64.140.139.8 - - [03/Sep/2026:21:23:43 +0100] "GET /wp-content/plugins/elementor-pro/assets/lib/smartmenus/jquery.smartmenus.min.js?ver=1.2.1 HTTP/1.1" 200 24109 "https://www.marinecableservices.com/service/workboat-hire/" "Mozilla/5.0 (Linux; Android 10; K) AppleWebKit/537.36 (KHTML, like Gecko) Chrome/116.0.0.0 Safari/537.36"
160.19.92.133 - - [03/Sep/2026:21:23:43 +0100] "GET /wp-content/plugins/elementor-pro/assets/js/webpack-pro.runtime.min.js?ver=3.26.2 HTTP/1.1" 200 6263 "https://www.marinecableservices.com/contact/" "Mozilla/5.0 (X11; Linux x86_64; Storebot-Google/1.0) AppleWebKit/537.36 (KHTML, like Gecko) Chrome/79.0.3945.88 Safari/537.36"
160.19.92.94 - - [03/Sep/2026:21:23:43 +0100] "GET /wp-includes/js/jquery/ui/core.min.js?ver=1.13.3 HTTP/1.1" 200 21464 "https://www.marinecableservices.com/where-we-have-been/" "Mozilla/5.0 (Windows NT 10.0; Win64; x64; Valve Steam Client/default/1690583737) AppleWebKit/537.36 (KHTML, like Gecko) Chrome/85.0.4183.121 Safari/537.36"
160.19.92.94 - - [03/Sep/2026:21:23:43 +0100] "GET /wp-content/plugins/elementor/assets/js/frontend.min.js?ver=3.26.3 HTTP/1.1" 200 45428 "https://www.marinecableservices.com/where-we-have-been/" "Mozilla/5.0 (Windows NT 10.0; Win64; x64; Valve Steam Client/default/1690583737) AppleWebKit/537.36 (KHTML, like Gecko) Chrome/85.0.4183.121 Safari/537.36"
160.19.92.94 - - [03/Sep/2026:21:23:43 +0100] "GET /wp-content/plugins/elementor-pro/assets/js/elements-handlers.min.js?ver=3.26.2 HTTP/1.1" 200 44624 "https://www.marinecableservices.com/where-we-have-been/" "Mozilla/5.0 (Windows NT 10.0; Win64; x64; Valve Steam Client/default/1690583737) AppleWebKit/537.36 (KHTML, like Gecko) Chrome/85.0.4183.121 Safari/537.36"
160.19.92.133 - - [03/Sep/2026:21:23:43 +0100] "GET /wp-includes/js/dist/hooks.min.js?ver=7496969728ca0f95732d HTTP/1.1" 200 5050 "https://www.marinecableservices.com/contact/" "Mozilla/5.0 (X11; Linux x86_64; Storebot-Google/1.0) AppleWebKit/537.36 (KHTML, like Gecko) Chrome/79.0.3945.88 Safari/537.36"
160.19.92.133 - - [03/Sep/2026:21:23:43 +0100] "GET /wp-includes/js/dist/i18n.min.js?ver=781d11515ad3d91786ec HTTP/1.1" 200 5732 "https://www.marinecableservices.com/contact/" "Mozilla/5.0 (X11; Linux x86_64; Storebot-Google/1.0) AppleWebKit/537.36 (KHTML, like Gecko) Chrome/79.0.3945.88 Safari/537.36"
160.19.92.133 - - [03/Sep/2026:21:23:43 +0100] "GET /wp-content/plugins/elementor/assets/js/frontend-modules.min.js?ver=3.26.3 HTTP/1.1" 200 52754 "https://www.marinecableservices.com/contact/" "Mozilla/5.0 (X11; Linux x86_64; Storebot-Google/1.0) AppleWebKit/537.36 (KHTML, like Gecko) Chrome/79.0.3945.88 Safari/537.36"
64.140.139.8 - - [03/Sep/2026:21:23:43 +0100] "GET /wp-content/plugins/elementor/assets/lib/e-gallery/js/e-gallery.min.js?ver=1.2.0 HTTP/1.1" 200 15347 "https://www.marinecableservices.com/service/workboat-hire/" "Mozilla/5.0 (Linux; Android 10; K) AppleWebKit/537.36 (KHTML, like Gecko) Chrome/116.0.0.0 Safari/537.36"
64.140.139.8 - - [03/Sep/2026:21:23:43 +0100] "GET /wp-content/plugins/elementor/assets/js/webpack.runtime.min.js?ver=3.26.3 HTTP/1.1" 200 5326 "https://www.marinecableservices.com/service/workboat-hire/" "Mozilla/5.0 (Linux; Android 10; K) AppleWebKit/537.36 (KHTML, like Gecko) Chrome/116.0.0.0 Safari/537.36"
64.140.139.8 - - [03/Sep/2026:21:23:43 +0100] "GET /wp-content/plugins/elementor-pro/assets/js/webpack-pro.runtime.min.js?ver=3.26.2 HTTP/1.1" 200 6263 "https://www.marinecableservices.com/service/workboat-hire/" "Mozilla/5.0 (Linux; Android 10; K) AppleWebKit/537.36 (KHTML, like Gecko) Chrome/116.0.0.0 Safari/537.36"
64.140.139.8 - - [03/Sep/2026:21:23:43 +0100] "GET /wp-content/plugins/elementor/assets/js/frontend-modules.min.js?ver=3.26.3 HTTP/1.1" 200 52754 "https://www.marinecableservices.com/service/workboat-hire/" "Mozilla/5.0 (Linux; Android 10; K) AppleWebKit/537.36 (KHTML, like Gecko) Chrome/116.0.0.0 Safari/537.36"
64.140.139.8 - - [03/Sep/2026:21:23:43 +0100] "GET /wp-includes/js/dist/hooks.min.js?ver=7496969728ca0f95732d HTTP/1.1" 200 5050 "https://www.marinecableservices.com/service/workboat-hire/" "Mozilla/5.0 (Linux; Android 10; K) AppleWebKit/537.36 (KHTML, like Gecko) Chrome/116.0.0.0 Safari/537.36"
160.19.92.133 - - [03/Sep/2026:21:23:43 +0100] "GET /wp-includes/js/jquery/ui/core.min.js?ver=1.13.3 HTTP/1.1" 200 21464 "https://www.marinecableservices.com/contact/" "Mozilla/5.0 (X11; Linux x86_64; Storebot-Google/1.0) AppleWebKit/537.36 (KHTML, like Gecko) Chrome/79.0.3945.88 Safari/537.36"
64.140.139.8 - - [03/Sep/2026:21:23:43 +0100] "GET /wp-content/plugins/elementor-pro/assets/js/frontend.min.js?ver=3.26.2 HTTP/1.1" 200 24210 "https://www.marinecableservices.com/service/workboat-hire/" "Mozilla/5.0 (Linux; Android 10; K) AppleWebKit/537.36 (KHTML, like Gecko) Chrome/116.0.0.0 Safari/537.36"
160.19.92.133 - - [03/Sep/2026:21:23:43 +0100] "GET /wp-content/plugins/elementor/assets/js/frontend.min.js?ver=3.26.3 HTTP/1.1" 200 45428 "https://www.marinecableservices.com/contact/" "Mozilla/5.0 (X11; Linux x86_64; Storebot-Google/1.0) AppleWebKit/537.36 (KHTML, like Gecko) Chrome/79.0.3945.88 Safari/537.36"
160.19.92.133 - - [03/Sep/2026:21:23:43 +0100] "GET /wp-content/plugins/elementor/assets/js/webpack.runtime.min.js?ver=3.26.3 HTTP/1.1" 200 5326 "https://www.marinecableservices.com/contact/" "Mozilla/5.0 (X11; Linux x86_64; Storebot-Google/1.0) AppleWebKit/537.36 (KHTML, like Gecko) Chrome/79.0.3945.88 Safari/537.36"
160.19.92.133 - - [03/Sep/2026:21:23:43 +0100] "GET /wp-content/plugins/elementor-pro/assets/js/elements-handlers.min.js?ver=3.26.2 HTTP/1.1" 200 44624 "https://www.marinecableservices.com/contact/" "Mozilla/5.0 (X11; Linux x86_64; Storebot-Google/1.0) AppleWebKit/537.36 (KHTML, like Gecko) Chrome/79.0.3945.88 Safari/537.36"
64.140.139.8 - - [03/Sep/2026:21:23:43 +0100] "GET /wp-includes/js/jquery/ui/core.min.js?ver=1.13.3 HTTP/1.1" 200 21464 "https://www.marinecableservices.com/service/workboat-hire/" "Mozilla/5.0 (Linux; Android 10; K) AppleWebKit/537.36 (KHTML, like Gecko) Chrome/116.0.0.0 Safari/537.36"
64.140.139.8 - - [03/Sep/2026:21:23:43 +0100] "GET /wp-content/plugins/elementor/assets/js/frontend.min.js?ver=3.26.3 HTTP/1.1" 200 45428 "https://www.marinecableservices.com/service/workboat-hire/" "Mozilla/5.0 (Linux; Android 10; K) AppleWebKit/537.36 (KHTML, like Gecko) Chrome/116.0.0.0 Safari/537.36"
160.19.92.133 - - [03/Sep/2026:21:23:43 +0100] "GET /wp-content/plugins/elementor-pro/assets/js/frontend.min.js?ver=3.26.2 HTTP/1.1" 200 24210 "https://www.marinecableservices.com/contact/" "Mozilla/5.0 (X11; Linux x86_64; Storebot-Google/1.0) AppleWebKit/537.36 (KHTML, like Gecko) Chrome/79.0.3945.88 Safari/537.36"
64.140.139.8 - - [03/Sep/2026:21:23:43 +0100] "GET /wp-content/plugins/elementor-pro/assets/js/elements-handlers.min.js?ver=3.26.2 HTTP/1.1" 200 44624 "https://www.marinecableservices.com/service/workboat-hire/" "Mozilla/5.0 (Linux; Android 10; K) AppleWebKit/537.36 (KHTML, like Gecko) Chrome/116.0.0.0 Safari/537.36"
64.140.139.8 - - [03/Sep/2026:21:23:43 +0100] "GET /wp-includes/js/dist/i18n.min.js?ver=781d11515ad3d91786ec HTTP/1.1" 200 5732 "https://www.marinecableservices.com/service/workboat-hire/" "Mozilla/5.0 (Linux; Android 10; K) AppleWebKit/537.36 (KHTML, like Gecko) Chrome/116.0.0.0 Safari/537.36"
160.19.92.94 - - [03/Sep/2026:21:23:43 +0100] "GET /wp-content/plugins/elementor-pro/assets/js/nav-menu.a23fbd67486c5bedf26c.bundle.min.js HTTP/1.1" 200 5282 "https://www.marinecableservices.com/where-we-have-been/" "Mozilla/5.0 (Windows NT 10.0; Win64; x64; Valve Steam Client/default/1690583737) AppleWebKit/537.36 (KHTML, like Gecko) Chrome/85.0.4183.121 Safari/537.36"
160.19.92.94 - - [03/Sep/2026:21:23:43 +0100] "GET /wp-content/plugins/elementor-pro/assets/js/loop.4a16d82b8b5e3e00f25e.bundle.min.js HTTP/1.1" 200 9365 "https://www.marinecableservices.com/where-we-have-been/" "Mozilla/5.0 (Windows NT 10.0; Win64; x64; Valve Steam Client/default/1690583737) AppleWebKit/537.36 (KHTML, like Gecko) Chrome/85.0.4183.121 Safari/537.36"
160.19.92.94 - - [03/Sep/2026:21:23:43 +0100] "GET /wp-content/plugins/elementor-pro/assets/js/taxonomy-filter.e839f2be32b7ea832b34.bundle.min.js HTTP/1.1" 200 7671 "https://www.marinecableservices.com/where-we-have-been/" "Mozilla/5.0 (Windows NT 10.0; Win64; x64; Valve Steam Client/default/1690583737) AppleWebKit/537.36 (KHTML, like Gecko) Chrome/85.0.4183.121 Safari/537.36"
160.19.92.94 - - [03/Sep/2026:21:23:43 +0100] "GET /wp-content/plugins/elementor-pro/assets/js/ajax-pagination.2090b5f4906bcda1dcc2.bundle.min.js HTTP/1.1" 200 2814 "https://www.marinecableservices.com/where-we-have-been/" "Mozilla/5.0 (Windows NT 10.0; Win64; x64; Valve Steam Client/default/1690583737) AppleWebKit/537.36 (KHTML, like Gecko) Chrome/85.0.4183.121 Safari/537.36"
160.19.92.94 - - [03/Sep/2026:21:23:44 +0100] "GET /wp-content/plugins/elementor/assets/js/text-editor.2cbb801863b5118e0825.bundle.min.js HTTP/1.1" 200 1360 "https://www.marinecableservices.com/where-we-have-been/" "Mozilla/5.0 (Windows NT 10.0; Win64; x64; Valve Steam Client/default/1690583737) AppleWebKit/537.36 (KHTML, like Gecko) Chrome/85.0.4183.121 Safari/537.36"
160.19.92.94 - - [03/Sep/2026:21:23:44 +0100] "GET /wp-content/plugins/elementor-pro/assets/js/load-more.8b46f464e573feab5dd7.bundle.min.js HTTP/1.1" 200 5346 "https://www.marinecableservices.com/where-we-have-been/" "Mozilla/5.0 (Windows NT 10.0; Win64; x64; Valve Steam Client/default/1690583737) AppleWebKit/537.36 (KHTML, like Gecko) Chrome/85.0.4183.121 Safari/537.36"
160.19.92.133 - - [03/Sep/2026:21:23:44 +0100] "GET /wp-content/plugins/elementor-pro/assets/js/nav-menu.a23fbd67486c5bedf26c.bundle.min.js HTTP/1.1" 200 5282 "https://www.marinecableservices.com/contact/" "Mozilla/5.0 (X11; Linux x86_64; Storebot-Google/1.0) AppleWebKit/537.36 (KHTML, like Gecko) Chrome/79.0.3945.88 Safari/537.36"
160.19.92.133 - - [03/Sep/2026:21:23:44 +0100] "GET /wp-content/plugins/elementor/assets/js/text-editor.2cbb801863b5118e0825.bundle.min.js HTTP/1.1" 200 1360 "https://www.marinecableservices.com/contact/" "Mozilla/5.0 (X11; Linux x86_64; Storebot-Google/1.0) AppleWebKit/537.36 (KHTML, like Gecko) Chrome/79.0.3945.88 Safari/537.36"
160.19.92.133 - - [03/Sep/2026:21:23:44 +0100] "GET /wp-content/plugins/elementor-pro/assets/js/popup.f7b15b2ca565b152bf98.bundle.min.js HTTP/1.1" 200 752 "https://www.marinecableservices.com/contact/" "Mozilla/5.0 (X11; Linux x86_64; Storebot-Google/1.0) AppleWebKit/537.36 (KHTML, like Gecko) Chrome/79.0.3945.88 Safari/537.36"
160.19.92.133 - - [03/Sep/2026:21:23:44 +0100] "GET /wp-content/plugins/elementor-pro/assets/js/form.ae7f04a9f3cbc167835c.bundle.min.js HTTP/1.1" 200 19656 "https://www.marinecableservices.com/contact/" "Mozilla/5.0 (X11; Linux x86_64; Storebot-Google/1.0) AppleWebKit/537.36 (KHTML, like Gecko) Chrome/79.0.3945.88 Safari/537.36"
160.19.92.94 - - [03/Sep/2026:21:23:44 +0100] "GET /wp-includes/js/wp-emoji-release.min.js?ver=7.0.3 HTTP/1.1" 200 22752 "https://www.marinecableservices.com/where-we-have-been/" "Mozilla/5.0 (Windows NT 10.0; Win64; x64; Valve Steam Client/default/1690583737) AppleWebKit/537.36 (KHTML, like Gecko) Chrome/85.0.4183.121 Safari/537.36"
160.19.92.133 - - [03/Sep/2026:21:23:44 +0100] "GET /wp-includes/js/wp-emoji-release.min.js?ver=7.0.3 HTTP/1.1" 200 22752 "https://www.marinecableservices.com/contact/" "Mozilla/5.0 (X11; Linux x86_64; Storebot-Google/1.0) AppleWebKit/537.36 (KHTML, like Gecko) Chrome/79.0.3945.88 Safari/537.36"
64.140.139.8 - - [03/Sep/2026:21:23:44 +0100] "GET /wp-content/plugins/elementor-pro/assets/js/nav-menu.a23fbd67486c5bedf26c.bundle.min.js HTTP/1.1" 200 5282 "https://www.marinecableservices.com/service/workboat-hire/" "Mozilla/5.0 (Linux; Android 10; K) AppleWebKit/537.36 (KHTML, like Gecko) Chrome/116.0.0.0 Safari/537.36"
64.140.139.8 - - [03/Sep/2026:21:23:44 +0100] "GET /wp-content/plugins/elementor/assets/js/image-carousel.78b881f3c7818111c2d7.bundle.min.js HTTP/1.1" 200 432 "https://www.marinecableservices.com/service/workboat-hire/" "Mozilla/5.0 (Linux; Android 10; K) AppleWebKit/537.36 (KHTML, like Gecko) Chrome/116.0.0.0 Safari/537.36"
64.140.139.8 - - [03/Sep/2026:21:23:44 +0100] "GET /wp-content/plugins/elementor/assets/js/text-editor.2cbb801863b5118e0825.bundle.min.js HTTP/1.1" 200 1360 "https://www.marinecableservices.com/service/workboat-hire/" "Mozilla/5.0 (Linux; Android 10; K) AppleWebKit/537.36 (KHTML, like Gecko) Chrome/116.0.0.0 Safari/537.36"
64.140.139.8 - - [03/Sep/2026:21:23:44 +0100] "GET /wp-content/plugins/elementor-pro/assets/js/form.ae7f04a9f3cbc167835c.bundle.min.js HTTP/1.1" 200 19656 "https://www.marinecableservices.com/service/workboat-hire/" "Mozilla/5.0 (Linux; Android 10; K) AppleWebKit/537.36 (KHTML, like Gecko) Chrome/116.0.0.0 Safari/537.36"
64.140.139.8 - - [03/Sep/2026:21:23:44 +0100] "GET /wp-content/plugins/elementor-pro/assets/js/popup.f7b15b2ca565b152bf98.bundle.min.js HTTP/1.1" 200 752 "https://www.marinecableservices.com/service/workboat-hire/" "Mozilla/5.0 (Linux; Android 10; K) AppleWebKit/537.36 (KHTML, like Gecko) Chrome/116.0.0.0 Safari/537.36"
64.140.139.8 - - [03/Sep/2026:21:23:44 +0100] "GET /wp-includes/js/wp-emoji-release.min.js?ver=7.0.3 HTTP/1.1" 200 22752 "https://www.marinecableservices.com/service/workboat-hire/" "Mozilla/5.0 (Linux; Android 10; K) AppleWebKit/537.36 (KHTML, like Gecko) Chrome/116.0.0.0 Safari/537.36"
64.140.139.8 - - [03/Sep/2026:21:23:45 +0100] "GET /wp-content/plugins/elementor/assets/lib/swiper/v8/swiper.min.js?ver=8.4.5 HTTP/1.1" 200 143709 "https://www.marinecableservices.com/service/workboat-hire/" "Mozilla/5.0 (Linux; Android 10; K) AppleWebKit/537.36 (KHTML, like Gecko) Chrome/116.0.0.0 Safari/537.36"
85.254.51.242 - - [03/Sep/2026:21:23:47 +0100] "GET /service/on-shore-construction/ HTTP/1.1" 200 40164 "-" "Mozilla/5.0 (Windows NT 10.0; Win64; x64) AppleWebKit/537.36 (KHTML, like Gecko) Chrome/116.0.0.0 Safari/537.36"
64.140.141.107 - - [03/Sep/2026:21:23:47 +0100] "GET /service/project-consultancy-planning/ HTTP/1.1" 200 40141 "-" "Mozilla/5.0 (Linux; Android 10; K) AppleWebKit/537.36 (KHTML, like Gecko) Chrome/116.0.0.0 Safari/537.36"
85.254.51.242 - - [03/Sep/2026:21:23:48 +0100] "GET /wp-includes/js/jquery/jquery.min.js?ver=3.7.1 HTTP/1.1" 200 87553 "https://www.marinecableservices.com/service/on-shore-construction/" "Mozilla/5.0 (Windows NT 10.0; Win64; x64) AppleWebKit/537.36 (KHTML, like Gecko) Chrome/116.0.0.0 Safari/537.36"
64.140.141.107 - - [03/Sep/2026:21:23:48 +0100] "GET /wp-includes/js/jquery/jquery.min.js?ver=3.7.1 HTTP/1.1" 200 87553 "https://www.marinecableservices.com/service/project-consultancy-planning/" "Mozilla/5.0 (Linux; Android 10; K) AppleWebKit/537.36 (KHTML, like Gecko) Chrome/116.0.0.0 Safari/537.36"
85.254.51.242 - - [03/Sep/2026:21:23:48 +0100] "GET /wp-includes/js/jquery/jquery-migrate.min.js?ver=3.4.1 HTTP/1.1" 200 13577 "https://www.marinecableservices.com/service/on-shore-construction/" "Mozilla/5.0 (Windows NT 10.0; Win64; x64) AppleWebKit/537.36 (KHTML, like Gecko) Chrome/116.0.0.0 Safari/537.36"
85.254.51.242 - - [03/Sep/2026:21:23:48 +0100] "GET /wp-content/themes/astra/assets/js/minified/frontend.min.js?ver=4.8.9 HTTP/1.1" 200 23586 "https://www.marinecableservices.com/service/on-shore-construction/" "Mozilla/5.0 (Windows NT 10.0; Win64; x64) AppleWebKit/537.36 (KHTML, like Gecko) Chrome/116.0.0.0 Safari/537.36"
85.254.51.242 - - [03/Sep/2026:21:23:48 +0100] "GET /wp-content/plugins/elementor-pro/assets/lib/smartmenus/jquery.smartmenus.min.js?ver=1.2.1 HTTP/1.1" 200 24109 "https://www.marinecableservices.com/service/on-shore-construction/" "Mozilla/5.0 (Windows NT 10.0; Win64; x64) AppleWebKit/537.36 (KHTML, like Gecko) Chrome/116.0.0.0 Safari/537.36"
64.140.141.107 - - [03/Sep/2026:21:23:48 +0100] "GET /wp-includes/js/jquery/jquery-migrate.min.js?ver=3.4.1 HTTP/1.1" 200 13577 "https://www.marinecableservices.com/service/project-consultancy-planning/" "Mozilla/5.0 (Linux; Android 10; K) AppleWebKit/537.36 (KHTML, like Gecko) Chrome/116.0.0.0 Safari/537.36"
85.254.51.242 - - [03/Sep/2026:21:23:48 +0100] "GET /wp-content/plugins/elementor-pro/assets/lib/sticky/jquery.sticky.min.js?ver=3.26.2 HTTP/1.1" 200 3721 "https://www.marinecableservices.com/service/on-shore-construction/" "Mozilla/5.0 (Windows NT 10.0; Win64; x64) AppleWebKit/537.36 (KHTML, like Gecko) Chrome/116.0.0.0 Safari/537.36"
85.254.51.242 - - [03/Sep/2026:21:23:48 +0100] "GET /wp-content/plugins/elementor/assets/lib/e-gallery/js/e-gallery.min.js?ver=1.2.0 HTTP/1.1" 200 15347 "https://www.marinecableservices.com/service/on-shore-construction/" "Mozilla/5.0 (Windows NT 10.0; Win64; x64) AppleWebKit/537.36 (KHTML, like Gecko) Chrome/116.0.0.0 Safari/537.36"
64.140.141.107 - - [03/Sep/2026:21:23:48 +0100] "GET /wp-content/themes/astra/assets/js/minified/frontend.min.js?ver=4.8.9 HTTP/1.1" 200 23586 "https://www.marinecableservices.com/service/project-consultancy-planning/" "Mozilla/5.0 (Linux; Android 10; K) AppleWebKit/537.36 (KHTML, like Gecko) Chrome/116.0.0.0 Safari/537.36"
85.254.51.242 - - [03/Sep/2026:21:23:48 +0100] "GET /wp-content/plugins/elementor-pro/assets/js/webpack-pro.runtime.min.js?ver=3.26.2 HTTP/1.1" 200 6263 "https://www.marinecableservices.com/service/on-shore-construction/" "Mozilla/5.0 (Windows NT 10.0; Win64; x64) AppleWebKit/537.36 (KHTML, like Gecko) Chrome/116.0.0.0 Safari/537.36"
85.254.51.242 - - [03/Sep/2026:21:23:49 +0100] "GET /wp-content/plugins/elementor/assets/js/webpack.runtime.min.js?ver=3.26.3 HTTP/1.1" 200 5326 "https://www.marinecableservices.com/service/on-shore-construction/" "Mozilla/5.0 (Windows NT 10.0; Win64; x64) AppleWebKit/537.36 (KHTML, like Gecko) Chrome/116.0.0.0 Safari/537.36"
85.254.51.242 - - [03/Sep/2026:21:23:49 +0100] "GET /wp-content/plugins/elementor/assets/js/frontend-modules.min.js?ver=3.26.3 HTTP/1.1" 200 52754 "https://www.marinecableservices.com/service/on-shore-construction/" "Mozilla/5.0 (Windows NT 10.0; Win64; x64) AppleWebKit/537.36 (KHTML, like Gecko) Chrome/116.0.0.0 Safari/537.36"
85.254.51.242 - - [03/Sep/2026:21:23:49 +0100] "GET /wp-includes/js/dist/hooks.min.js?ver=7496969728ca0f95732d HTTP/1.1" 200 5050 "https://www.marinecableservices.com/service/on-shore-construction/" "Mozilla/5.0 (Windows NT 10.0; Win64; x64) AppleWebKit/537.36 (KHTML, like Gecko) Chrome/116.0.0.0 Safari/537.36"
85.254.51.242 - - [03/Sep/2026:21:23:49 +0100] "GET /wp-includes/js/dist/i18n.min.js?ver=781d11515ad3d91786ec HTTP/1.1" 200 5732 "https://www.marinecableservices.com/service/on-shore-construction/" "Mozilla/5.0 (Windows NT 10.0; Win64; x64) AppleWebKit/537.36 (KHTML, like Gecko) Chrome/116.0.0.0 Safari/537.36"
85.254.51.242 - - [03/Sep/2026:21:23:49 +0100] "GET /wp-content/plugins/elementor-pro/assets/js/frontend.min.js?ver=3.26.2 HTTP/1.1" 200 24210 "https://www.marinecableservices.com/service/on-shore-construction/" "Mozilla/5.0 (Windows NT 10.0; Win64; x64) AppleWebKit/537.36 (KHTML, like Gecko) Chrome/116.0.0.0 Safari/537.36"
64.140.141.107 - - [03/Sep/2026:21:23:49 +0100] "GET /wp-content/plugins/elementor-pro/assets/lib/sticky/jquery.sticky.min.js?ver=3.26.2 HTTP/1.1" 200 3721 "https://www.marinecableservices.com/service/project-consultancy-planning/" "Mozilla/5.0 (Linux; Android 10; K) AppleWebKit/537.36 (KHTML, like Gecko) Chrome/116.0.0.0 Safari/537.36"
64.140.141.107 - - [03/Sep/2026:21:23:49 +0100] "GET /wp-content/plugins/elementor-pro/assets/lib/smartmenus/jquery.smartmenus.min.js?ver=1.2.1 HTTP/1.1" 200 24109 "https://www.marinecableservices.com/service/project-consultancy-planning/" "Mozilla/5.0 (Linux; Android 10; K) AppleWebKit/537.36 (KHTML, like Gecko) Chrome/116.0.0.0 Safari/537.36"
85.254.51.242 - - [03/Sep/2026:21:23:49 +0100] "GET /wp-includes/js/jquery/ui/core.min.js?ver=1.13.3 HTTP/1.1" 200 21464 "https://www.marinecableservices.com/service/on-shore-construction/" "Mozilla/5.0 (Windows NT 10.0; Win64; x64) AppleWebKit/537.36 (KHTML, like Gecko) Chrome/116.0.0.0 Safari/537.36"
85.254.51.242 - - [03/Sep/2026:21:23:49 +0100] "GET /wp-content/plugins/elementor/assets/js/frontend.min.js?ver=3.26.3 HTTP/1.1" 200 45428 "https://www.marinecableservices.com/service/on-shore-construction/" "Mozilla/5.0 (Windows NT 10.0; Win64; x64) AppleWebKit/537.36 (KHTML, like Gecko) Chrome/116.0.0.0 Safari/537.36"
85.254.51.242 - - [03/Sep/2026:21:23:49 +0100] "GET /wp-content/plugins/elementor-pro/assets/js/elements-handlers.min.js?ver=3.26.2 HTTP/1.1" 200 44624 "https://www.marinecableservices.com/service/on-shore-construction/" "Mozilla/5.0 (Windows NT 10.0; Win64; x64) AppleWebKit/537.36 (KHTML, like Gecko) Chrome/116.0.0.0 Safari/537.36"
64.140.141.107 - - [03/Sep/2026:21:23:49 +0100] "GET /wp-content/plugins/elementor/assets/lib/e-gallery/js/e-gallery.min.js?ver=1.2.0 HTTP/1.1" 200 15347 "https://www.marinecableservices.com/service/project-consultancy-planning/" "Mozilla/5.0 (Linux; Android 10; K) AppleWebKit/537.36 (KHTML, like Gecko) Chrome/116.0.0.0 Safari/537.36"
64.140.141.107 - - [03/Sep/2026:21:23:49 +0100] "GET /wp-content/plugins/elementor-pro/assets/js/webpack-pro.runtime.min.js?ver=3.26.2 HTTP/1.1" 200 6263 "https://www.marinecableservices.com/service/project-consultancy-planning/" "Mozilla/5.0 (Linux; Android 10; K) AppleWebKit/537.36 (KHTML, like Gecko) Chrome/116.0.0.0 Safari/537.36"
64.140.141.107 - - [03/Sep/2026:21:23:49 +0100] "GET /wp-content/plugins/elementor/assets/js/webpack.runtime.min.js?ver=3.26.3 HTTP/1.1" 200 5326 "https://www.marinecableservices.com/service/project-consultancy-planning/" "Mozilla/5.0 (Linux; Android 10; K) AppleWebKit/537.36 (KHTML, like Gecko) Chrome/116.0.0.0 Safari/537.36"
64.140.141.107 - - [03/Sep/2026:21:23:49 +0100] "GET /wp-content/plugins/elementor/assets/js/frontend-modules.min.js?ver=3.26.3 HTTP/1.1" 200 52754 "https://www.marinecableservices.com/service/project-consultancy-planning/" "Mozilla/5.0 (Linux; Android 10; K) AppleWebKit/537.36 (KHTML, like Gecko) Chrome/116.0.0.0 Safari/537.36"
