205.169.39.21 - - [12/Sep/2024:23:58:20 +0100] "GET /images/index_col1_02.gif HTTP/1.1" 200 2120 "https://arksolutions.ie/" "Mozilla/5.0 (Windows NT 10.0; Win64; x64) AppleWebKit/537.36 (KHTML, like Gecko) Chrome/117.0.5938.132 Safari/537.36"
205.169.39.21 - - [12/Sep/2024:23:58:20 +0100] "GET /images/images/bottom_but_col2_05.gif HTTP/1.1" 200 111 "https://arksolutions.ie/" "Mozilla/5.0 (Windows NT 10.0; Win64; x64) AppleWebKit/537.36 (KHTML, like Gecko) Chrome/117.0.5938.132 Safari/537.36"
205.169.39.21 - - [12/Sep/2024:23:58:20 +0100] "GET /images/index_col1_12.gif HTTP/1.1" 200 893 "https://arksolutions.ie/" "Mozilla/5.0 (Windows NT 10.0; Win64; x64) AppleWebKit/537.36 (KHTML, like Gecko) Chrome/117.0.5938.132 Safari/537.36"
205.169.39.21 - - [12/Sep/2024:23:58:20 +0100] "GET /images/side_fill.gif HTTP/1.1" 200 111 "https://arksolutions.ie/" "Mozilla/5.0 (Windows NT 10.0; Win64; x64) AppleWebKit/537.36 (KHTML, like Gecko) Chrome/117.0.5938.132 Safari/537.36"
205.169.39.21 - - [12/Sep/2024:23:58:20 +0100] "GET /images/laptop.jpg HTTP/1.1" 200 23350 "https://arksolutions.ie/" "Mozilla/5.0 (Windows NT 10.0; Win64; x64) AppleWebKit/537.36 (KHTML, like Gecko) Chrome/117.0.5938.132 Safari/537.36"
205.169.39.21 - - [12/Sep/2024:23:58:20 +0100] "GET /images/white_divider.gif HTTP/1.1" 200 49 "https://arksolutions.ie/" "Mozilla/5.0 (Windows NT 10.0; Win64; x64) AppleWebKit/537.36 (KHTML, like Gecko) Chrome/117.0.5938.132 Safari/537.36"
205.169.39.21 - - [12/Sep/2024:23:58:20 +0100] "GET /images/index_col1_05.gif HTTP/1.1" 200 913 "https://arksolutions.ie/" "Mozilla/5.0 (Windows NT 10.0; Win64; x64) AppleWebKit/537.36 (KHTML, like Gecko) Chrome/117.0.5938.132 Safari/537.36"
205.169.39.21 - - [12/Sep/2024:23:58:20 +0100] "GET /images/index_col1_07.gif HTTP/1.1" 200 260 "https://arksolutions.ie/" "Mozilla/5.0 (Windows NT 10.0; Win64; x64) AppleWebKit/537.36 (KHTML, like Gecko) Chrome/117.0.5938.132 Safari/537.36"
205.169.39.21 - - [12/Sep/2024:23:58:20 +0100] "GET /images/index_col1_03.gif HTTP/1.1" 200 429 "https://arksolutions.ie/" "Mozilla/5.0 (Windows NT 10.0; Win64; x64) AppleWebKit/537.36 (KHTML, like Gecko) Chrome/117.0.5938.132 Safari/537.36"
205.169.39.21 - - [12/Sep/2024:23:58:21 +0100] "GET /images/index_col1_06.gif HTTP/1.1" 200 507 "https://arksolutions.ie/" "Mozilla/5.0 (Windows NT 10.0; Win64; x64) AppleWebKit/537.36 (KHTML, like Gecko) Chrome/117.0.5938.132 Safari/537.36"
205.169.39.21 - - [12/Sep/2024:23:58:21 +0100] "GET /images/index_col1_04.gif HTTP/1.1" 200 522 "https://arksolutions.ie/" "Mozilla/5.0 (Windows NT 10.0; Win64; x64) AppleWebKit/537.36 (KHTML, like Gecko) Chrome/117.0.5938.132 Safari/537.36"
205.169.39.21 - - [12/Sep/2024:23:58:21 +0100] "GET /images/images/bottom_but_col1_06.gif HTTP/1.1" 200 608 "https://arksolutions.ie/" "Mozilla/5.0 (Windows NT 10.0; Win64; x64) AppleWebKit/537.36 (KHTML, like Gecko) Chrome/117.0.5938.132 Safari/537.36"
205.169.39.21 - - [12/Sep/2024:23:58:21 +0100] "GET /images/images/bottom_but_col1_03.gif HTTP/1.1" 200 697 "https://arksolutions.ie/" "Mozilla/5.0 (Windows NT 10.0; Win64; x64) AppleWebKit/537.36 (KHTML, like Gecko) Chrome/117.0.5938.132 Safari/537.36"
205.169.39.21 - - [12/Sep/2024:23:58:21 +0100] "GET /images/images/bottom_but_col1_02.gif HTTP/1.1" 200 373 "https://arksolutions.ie/" "Mozilla/5.0 (Windows NT 10.0; Win64; x64) AppleWebKit/537.36 (KHTML, like Gecko) Chrome/117.0.5938.132 Safari/537.36"
205.169.39.21 - - [12/Sep/2024:23:58:21 +0100] "GET /images/images/bottom_but_col1_04.gif HTTP/1.1" 200 356 "https://arksolutions.ie/" "Mozilla/5.0 (Windows NT 10.0; Win64; x64) AppleWebKit/537.36 (KHTML, like Gecko) Chrome/117.0.5938.132 Safari/537.36"
205.169.39.21 - - [12/Sep/2024:23:58:21 +0100] "GET /images/images/bottom_but_col1_01.gif HTTP/1.1" 200 290 "https://arksolutions.ie/" "Mozilla/5.0 (Windows NT 10.0; Win64; x64) AppleWebKit/537.36 (KHTML, like Gecko) Chrome/117.0.5938.132 Safari/537.36"
205.169.39.21 - - [12/Sep/2024:23:58:21 +0100] "GET /images/index_col1_01.gif HTTP/1.1" 200 4514 "https://arksolutions.ie/" "Mozilla/5.0 (Windows NT 10.0; Win64; x64) AppleWebKit/537.36 (KHTML, like Gecko) Chrome/117.0.5938.132 Safari/537.36"
205.169.39.21 - - [12/Sep/2024:23:58:21 +0100] "GET /images/coins3.gif HTTP/1.1" 200 42581 "https://arksolutions.ie/" "Mozilla/5.0 (Windows NT 10.0; Win64; x64) AppleWebKit/537.36 (KHTML, like Gecko) Chrome/117.0.5938.132 Safari/537.36"
205.169.39.21 - - [12/Sep/2024:23:58:21 +0100] "GET /images/index_col1_09.gif HTTP/1.1" 200 25684 "https://arksolutions.ie/" "Mozilla/5.0 (Windows NT 10.0; Win64; x64) AppleWebKit/537.36 (KHTML, like Gecko) Chrome/117.0.5938.132 Safari/537.36"
205.169.39.21 - - [12/Sep/2024:23:58:21 +0100] "GET /images/index_col1_10.gif HTTP/1.1" 200 16027 "https://arksolutions.ie/" "Mozilla/5.0 (Windows NT 10.0; Win64; x64) AppleWebKit/537.36 (KHTML, like Gecko) Chrome/117.0.5938.132 Safari/537.36"
205.169.39.21 - - [12/Sep/2024:23:58:21 +0100] "GET /images/index_col1_11.gif HTTP/1.1" 200 2723 "https://arksolutions.ie/" "Mozilla/5.0 (Windows NT 10.0; Win64; x64) AppleWebKit/537.36 (KHTML, like Gecko) Chrome/117.0.5938.132 Safari/537.36"
205.169.39.21 - - [12/Sep/2024:23:58:23 +0100] "GET /images/index_col2_05.gif HTTP/1.1" 200 965 "https://arksolutions.ie/" "Mozilla/5.0 (Windows NT 10.0; Win64; x64) AppleWebKit/537.36 (KHTML, like Gecko) Chrome/117.0.5938.132 Safari/537.36"
205.169.39.21 - - [12/Sep/2024:23:58:23 +0100] "GET /images/images/bottom_but_col2_01.gif HTTP/1.1" 200 1396 "https://arksolutions.ie/" "Mozilla/5.0 (Windows NT 10.0; Win64; x64) AppleWebKit/537.36 (KHTML, like Gecko) Chrome/117.0.5938.132 Safari/537.36"
205.169.39.21 - - [12/Sep/2024:23:58:23 +0100] "GET /images/images/bottom_but_col2_02.gif HTTP/1.1" 200 1638 "https://arksolutions.ie/" "Mozilla/5.0 (Windows NT 10.0; Win64; x64) AppleWebKit/537.36 (KHTML, like Gecko) Chrome/117.0.5938.132 Safari/537.36"
205.169.39.21 - - [12/Sep/2024:23:58:23 +0100] "GET /images/index_col2_03.gif HTTP/1.1" 200 435 "https://arksolutions.ie/" "Mozilla/5.0 (Windows NT 10.0; Win64; x64) AppleWebKit/537.36 (KHTML, like Gecko) Chrome/117.0.5938.132 Safari/537.36"
205.169.39.21 - - [12/Sep/2024:23:58:23 +0100] "GET /images/index_col2_04.gif HTTP/1.1" 200 535 "https://arksolutions.ie/" "Mozilla/5.0 (Windows NT 10.0; Win64; x64) AppleWebKit/537.36 (KHTML, like Gecko) Chrome/117.0.5938.132 Safari/537.36"
205.169.39.21 - - [12/Sep/2024:23:58:23 +0100] "GET /images/index_col2_06.gif HTTP/1.1" 200 529 "https://arksolutions.ie/" "Mozilla/5.0 (Windows NT 10.0; Win64; x64) AppleWebKit/537.36 (KHTML, like Gecko) Chrome/117.0.5938.132 Safari/537.36"
205.169.39.21 - - [12/Sep/2024:23:58:23 +0100] "GET /images/images/bottom_but_col2_03.gif HTTP/1.1" 200 2956 "https://arksolutions.ie/" "Mozilla/5.0 (Windows NT 10.0; Win64; x64) AppleWebKit/537.36 (KHTML, like Gecko) Chrome/117.0.5938.132 Safari/537.36"
205.169.39.21 - - [12/Sep/2024:23:58:23 +0100] "GET /images/images/bottom_but_col2_06.gif HTTP/1.1" 200 2397 "https://arksolutions.ie/" "Mozilla/5.0 (Windows NT 10.0; Win64; x64) AppleWebKit/537.36 (KHTML, like Gecko) Chrome/117.0.5938.132 Safari/537.36"
205.169.39.21 - - [12/Sep/2024:23:58:23 +0100] "GET /images/images/bottom_but_col2_04.gif HTTP/1.1" 200 1678 "https://arksolutions.ie/" "Mozilla/5.0 (Windows NT 10.0; Win64; x64) AppleWebKit/537.36 (KHTML, like Gecko) Chrome/117.0.5938.132 Safari/537.36"
5.164.29.116 - - [13/Sep/2024:00:03:04 +0100] "GET / HTTP/1.1" 200 3975 "-" "Mozilla/5.0 (Windows NT 10.0; Win64; x64) AppleWebKit/537.36 (KHTML, like Gecko) Chrome/112.0.0.0 Safari/537.36 (scanner.ducks.party)"
5.164.29.116 - - [13/Sep/2024:00:03:05 +0100] "GET /favicon.ico HTTP/1.1" 404 196 "-" "Mozilla/5.0 (Windows NT 10.0; Win64; x64) AppleWebKit/537.36 (KHTML, like Gecko) Chrome/112.0.0.0 Safari/537.36 (scanner.ducks.party)"
47.128.18.104 - - [13/Sep/2024:00:17:26 +0100] "GET /robots.txt HTTP/1.1" 404 134 "-" "Mozilla/5.0 (Linux; Android 5.0) AppleWebKit/537.36 (KHTML, like Gecko) Mobile Safari/537.36 (compatible; Bytespider; spider-feedback@bytedance.com)"
47.128.37.153 - - [13/Sep/2024:00:21:25 +0100] "GET / HTTP/1.1" 200 3975 "-" "Mozilla/5.0 (compatible; Bytespider; spider-feedback@bytedance.com) AppleWebKit/537.36 (KHTML, like Gecko) Chrome/70.0.0.0 Safari/537.36"
47.128.37.153 - - [13/Sep/2024:00:21:26 +0100] "GET /styles.css HTTP/1.1" 200 612 "https://www.arksolutions.ie/" "Mozilla/5.0 (compatible; Bytespider; spider-feedback@bytedance.com) AppleWebKit/537.36 (KHTML, like Gecko) Chrome/70.0.0.0 Safari/537.36"
47.128.37.153 - - [13/Sep/2024:00:21:26 +0100] "GET /images/index_col1_01.gif HTTP/1.1" 206 500 "https://www.arksolutions.ie/" "Mozilla/5.0 (compatible; Bytespider; spider-feedback@bytedance.com) AppleWebKit/537.36 (KHTML, like Gecko) Chrome/70.0.0.0 Safari/537.36"
47.128.37.153 - - [13/Sep/2024:00:21:26 +0100] "GET /images/laptop.jpg HTTP/1.1" 206 500 "https://www.arksolutions.ie/" "Mozilla/5.0 (compatible; Bytespider; spider-feedback@bytedance.com) AppleWebKit/537.36 (KHTML, like Gecko) Chrome/70.0.0.0 Safari/537.36"
47.128.37.153 - - [13/Sep/2024:00:21:26 +0100] "GET /images/white_divider.gif HTTP/1.1" 206 49 "https://www.arksolutions.ie/" "Mozilla/5.0 (compatible; Bytespider; spider-feedback@bytedance.com) AppleWebKit/537.36 (KHTML, like Gecko) Chrome/70.0.0.0 Safari/537.36"
47.128.37.153 - - [13/Sep/2024:00:21:26 +0100] "GET /images/coins3.gif HTTP/1.1" 206 500 "https://www.arksolutions.ie/" "Mozilla/5.0 (compatible; Bytespider; spider-feedback@bytedance.com) AppleWebKit/537.36 (KHTML, like Gecko) Chrome/70.0.0.0 Safari/537.36"
47.128.37.153 - - [13/Sep/2024:00:21:26 +0100] "GET /images/index_col1_11.gif HTTP/1.1" 206 500 "https://www.arksolutions.ie/" "Mozilla/5.0 (compatible; Bytespider; spider-feedback@bytedance.com) AppleWebKit/537.36 (KHTML, like Gecko) Chrome/70.0.0.0 Safari/537.36"
47.128.37.153 - - [13/Sep/2024:00:21:26 +0100] "GET /images/index_col1_09.gif HTTP/1.1" 206 500 "https://www.arksolutions.ie/" "Mozilla/5.0 (compatible; Bytespider; spider-feedback@bytedance.com) AppleWebKit/537.36 (KHTML, like Gecko) Chrome/70.0.0.0 Safari/537.36"
47.128.37.153 - - [13/Sep/2024:00:21:26 +0100] "GET /images/index_col1_10.gif HTTP/1.1" 206 500 "https://www.arksolutions.ie/" "Mozilla/5.0 (compatible; Bytespider; spider-feedback@bytedance.com) AppleWebKit/537.36 (KHTML, like Gecko) Chrome/70.0.0.0 Safari/537.36"
47.128.37.153 - - [13/Sep/2024:00:21:27 +0100] "GET /images/layout_03.gif HTTP/1.1" 206 130 "https://www.arksolutions.ie/" "Mozilla/5.0 (compatible; Bytespider; spider-feedback@bytedance.com) AppleWebKit/537.36 (KHTML, like Gecko) Chrome/70.0.0.0 Safari/537.36"
47.128.37.153 - - [13/Sep/2024:00:21:27 +0100] "GET /images/side_fill.gif HTTP/1.1" 206 111 "https://www.arksolutions.ie/" "Mozilla/5.0 (compatible; Bytespider; spider-feedback@bytedance.com) AppleWebKit/537.36 (KHTML, like Gecko) Chrome/70.0.0.0 Safari/537.36"
47.128.37.153 - - [13/Sep/2024:00:21:27 +0100] "GET /images/index_col1_02.gif HTTP/1.1" 206 500 "https://www.arksolutions.ie/" "Mozilla/5.0 (compatible; Bytespider; spider-feedback@bytedance.com) AppleWebKit/537.36 (KHTML, like Gecko) Chrome/70.0.0.0 Safari/537.36"
47.128.37.153 - - [13/Sep/2024:00:21:27 +0100] "GET /images/index_col1_12.gif HTTP/1.1" 206 500 "https://www.arksolutions.ie/" "Mozilla/5.0 (compatible; Bytespider; spider-feedback@bytedance.com) AppleWebKit/537.36 (KHTML, like Gecko) Chrome/70.0.0.0 Safari/537.36"
47.128.37.153 - - [13/Sep/2024:00:21:27 +0100] "GET /images/index_col1_03.gif HTTP/1.1" 206 429 "https://www.arksolutions.ie/" "Mozilla/5.0 (compatible; Bytespider; spider-feedback@bytedance.com) AppleWebKit/537.36 (KHTML, like Gecko) Chrome/70.0.0.0 Safari/537.36"
47.128.37.153 - - [13/Sep/2024:00:21:27 +0100] "GET /images/index_col1_05.gif HTTP/1.1" 206 500 "https://www.arksolutions.ie/" "Mozilla/5.0 (compatible; Bytespider; spider-feedback@bytedance.com) AppleWebKit/537.36 (KHTML, like Gecko) Chrome/70.0.0.0 Safari/537.36"
47.128.37.153 - - [13/Sep/2024:00:21:27 +0100] "GET /images/index_col1_04.gif HTTP/1.1" 206 500 "https://www.arksolutions.ie/" "Mozilla/5.0 (compatible; Bytespider; spider-feedback@bytedance.com) AppleWebKit/537.36 (KHTML, like Gecko) Chrome/70.0.0.0 Safari/537.36"
47.128.37.153 - - [13/Sep/2024:00:21:27 +0100] "GET /images/index_col1_07.gif HTTP/1.1" 206 260 "https://www.arksolutions.ie/" "Mozilla/5.0 (compatible; Bytespider; spider-feedback@bytedance.com) AppleWebKit/537.36 (KHTML, like Gecko) Chrome/70.0.0.0 Safari/537.36"
47.128.37.153 - - [13/Sep/2024:00:21:27 +0100] "GET /images/index_col1_06.gif HTTP/1.1" 206 500 "https://www.arksolutions.ie/" "Mozilla/5.0 (compatible; Bytespider; spider-feedback@bytedance.com) AppleWebKit/537.36 (KHTML, like Gecko) Chrome/70.0.0.0 Safari/537.36"
47.128.37.153 - - [13/Sep/2024:00:21:27 +0100] "GET /images/images/bottom_but_col1_01.gif HTTP/1.1" 206 290 "https://www.arksolutions.ie/" "Mozilla/5.0 (compatible; Bytespider; spider-feedback@bytedance.com) AppleWebKit/537.36 (KHTML, like Gecko) Chrome/70.0.0.0 Safari/537.36"
47.128.37.153 - - [13/Sep/2024:00:21:27 +0100] "GET /images/images/bottom_but_col1_02.gif HTTP/1.1" 206 373 "https://www.arksolutions.ie/" "Mozilla/5.0 (compatible; Bytespider; spider-feedback@bytedance.com) AppleWebKit/537.36 (KHTML, like Gecko) Chrome/70.0.0.0 Safari/537.36"
47.128.37.153 - - [13/Sep/2024:00:21:27 +0100] "GET /images/images/bottom_but_col1_04.gif HTTP/1.1" 206 356 "https://www.arksolutions.ie/" "Mozilla/5.0 (compatible; Bytespider; spider-feedback@bytedance.com) AppleWebKit/537.36 (KHTML, like Gecko) Chrome/70.0.0.0 Safari/537.36"
47.128.37.153 - - [13/Sep/2024:00:21:27 +0100] "GET /images/images/bottom_but_col1_03.gif HTTP/1.1" 206 500 "https://www.arksolutions.ie/" "Mozilla/5.0 (compatible; Bytespider; spider-feedback@bytedance.com) AppleWebKit/537.36 (KHTML, like Gecko) Chrome/70.0.0.0 Safari/537.36"
47.128.37.153 - - [13/Sep/2024:00:21:27 +0100] "GET /images/images/bottom_but_col1_06.gif HTTP/1.1" 206 500 "https://www.arksolutions.ie/" "Mozilla/5.0 (compatible; Bytespider; spider-feedback@bytedance.com) AppleWebKit/537.36 (KHTML, like Gecko) Chrome/70.0.0.0 Safari/537.36"
47.128.37.153 - - [13/Sep/2024:00:21:27 +0100] "GET /images/images/bottom_but_col2_05.gif HTTP/1.1" 206 111 "https://www.arksolutions.ie/" "Mozilla/5.0 (compatible; Bytespider; spider-feedback@bytedance.com) AppleWebKit/537.36 (KHTML, like Gecko) Chrome/70.0.0.0 Safari/537.36"
47.128.37.153 - - [13/Sep/2024:00:21:28 +0100] "GET /images/index_col2_03.gif HTTP/1.1" 206 435 "https://www.arksolutions.ie/" "Mozilla/5.0 (compatible; Bytespider; spider-feedback@bytedance.com) AppleWebKit/537.36 (KHTML, like Gecko) Chrome/70.0.0.0 Safari/537.36"
47.128.37.153 - - [13/Sep/2024:00:21:28 +0100] "GET /images/index_col2_04.gif HTTP/1.1" 206 500 "https://www.arksolutions.ie/" "Mozilla/5.0 (compatible; Bytespider; spider-feedback@bytedance.com) AppleWebKit/537.36 (KHTML, like Gecko) Chrome/70.0.0.0 Safari/537.36"
47.128.37.153 - - [13/Sep/2024:00:21:28 +0100] "GET /images/index_col2_05.gif HTTP/1.1" 206 500 "https://www.arksolutions.ie/" "Mozilla/5.0 (compatible; Bytespider; spider-feedback@bytedance.com) AppleWebKit/537.36 (KHTML, like Gecko) Chrome/70.0.0.0 Safari/537.36"
47.128.37.153 - - [13/Sep/2024:00:21:28 +0100] "GET /images/index_col2_06.gif HTTP/1.1" 206 500 "https://www.arksolutions.ie/" "Mozilla/5.0 (compatible; Bytespider; spider-feedback@bytedance.com) AppleWebKit/537.36 (KHTML, like Gecko) Chrome/70.0.0.0 Safari/537.36"
47.128.37.153 - - [13/Sep/2024:00:21:28 +0100] "GET /images/images/bottom_but_col2_02.gif HTTP/1.1" 206 500 "https://www.arksolutions.ie/" "Mozilla/5.0 (compatible; Bytespider; spider-feedback@bytedance.com) AppleWebKit/537.36 (KHTML, like Gecko) Chrome/70.0.0.0 Safari/537.36"
47.128.37.153 - - [13/Sep/2024:00:21:28 +0100] "GET /images/images/bottom_but_col2_01.gif HTTP/1.1" 206 500 "https://www.arksolutions.ie/" "Mozilla/5.0 (compatible; Bytespider; spider-feedback@bytedance.com) AppleWebKit/537.36 (KHTML, like Gecko) Chrome/70.0.0.0 Safari/537.36"
47.128.37.153 - - [13/Sep/2024:00:21:28 +0100] "GET /images/images/bottom_but_col2_04.gif HTTP/1.1" 206 500 "https://www.arksolutions.ie/" "Mozilla/5.0 (compatible; Bytespider; spider-feedback@bytedance.com) AppleWebKit/537.36 (KHTML, like Gecko) Chrome/70.0.0.0 Safari/537.36"
47.128.37.153 - - [13/Sep/2024:00:21:28 +0100] "GET /images/images/bottom_but_col2_03.gif HTTP/1.1" 206 500 "https://www.arksolutions.ie/" "Mozilla/5.0 (compatible; Bytespider; spider-feedback@bytedance.com) AppleWebKit/537.36 (KHTML, like Gecko) Chrome/70.0.0.0 Safari/537.36"
47.128.37.153 - - [13/Sep/2024:00:21:28 +0100] "GET /images/images/bottom_but_col2_06.gif HTTP/1.1" 206 500 "https://www.arksolutions.ie/" "Mozilla/5.0 (compatible; Bytespider; spider-feedback@bytedance.com) AppleWebKit/537.36 (KHTML, like Gecko) Chrome/70.0.0.0 Safari/537.36"
47.128.49.215 - - [13/Sep/2024:00:25:25 +0100] "GET /robots.txt HTTP/1.1" 404 134 "-" "Mozilla/5.0 (Linux; Android 5.0) AppleWebKit/537.36 (KHTML, like Gecko) Mobile Safari/537.36 (compatible; Bytespider; spider-feedback@bytedance.com)"
47.128.113.51 - - [13/Sep/2024:00:59:37 +0100] "GET /robots.txt HTTP/1.1" 404 134 "-" "Mozilla/5.0 (Linux; Android 5.0) AppleWebKit/537.36 (KHTML, like Gecko) Mobile Safari/537.36 (compatible; Bytespider; spider-feedback@bytedance.com)"
47.128.27.179 - - [13/Sep/2024:01:12:27 +0100] "GET /robots.txt HTTP/1.1" 404 134 "-" "Mozilla/5.0 (Linux; Android 5.0) AppleWebKit/537.36 (KHTML, like Gecko) Mobile Safari/537.36 (compatible; Bytespider; spider-feedback@bytedance.com)"
216.244.66.228 - - [13/Sep/2024:01:14:31 +0100] "GET /robots.txt HTTP/1.1" 404 162 "-" "Mozilla/5.0 (compatible; DotBot/1.2; +https://opensiteexplorer.org/dotbot; help@moz.com)"
66.249.66.205 - - [13/Sep/2024:01:15:10 +0100] "GET /robots.txt HTTP/1.1" 404 134 "-" "Mozilla/5.0 (compatible; Googlebot/2.1; +http://www.google.com/bot.html)"
66.249.66.206 - - [13/Sep/2024:01:15:10 +0100] "GET / HTTP/1.1" 200 3975 "-" "Mozilla/5.0 (Linux; Android 6.0.1; Nexus 5X Build/MMB29P) AppleWebKit/537.36 (KHTML, like Gecko) Chrome/128.0.6613.137 Mobile Safari/537.36 (compatible; Googlebot/2.1; +http://www.google.com/bot.html)"
216.244.66.228 - - [13/Sep/2024:01:30:51 +0100] "GET /css/JM3/Newbalance-index.html HTTP/1.1" 404 162 "-" "Mozilla/5.0 (compatible; DotBot/1.2; +https://opensiteexplorer.org/dotbot; help@moz.com)"
216.244.66.228 - - [13/Sep/2024:01:47:54 +0100] "GET /html/18V/Newbalance-index.html HTTP/1.1" 404 162 "-" "Mozilla/5.0 (compatible; DotBot/1.2; +https://opensiteexplorer.org/dotbot; help@moz.com)"
47.128.122.7 - - [13/Sep/2024:01:48:45 +0100] "GET /robots.txt HTTP/1.1" 404 134 "-" "Mozilla/5.0 (Linux; Android 5.0) AppleWebKit/537.36 (KHTML, like Gecko) Mobile Safari/537.36 (compatible; Bytespider; spider-feedback@bytedance.com)"
66.249.66.32 - - [13/Sep/2024:01:56:07 +0100] "GET /services.htm HTTP/1.1" 200 5690 "-" "Mozilla/5.0 (Linux; Android 6.0.1; Nexus 5X Build/MMB29P) AppleWebKit/537.36 (KHTML, like Gecko) Chrome/128.0.6613.137 Mobile Safari/537.36 (compatible; Googlebot/2.1; +http://www.google.com/bot.html)"
47.128.37.56 - - [13/Sep/2024:02:00:02 +0100] "GET /robots.txt HTTP/1.1" 404 134 "-" "Mozilla/5.0 (Linux; Android 5.0) AppleWebKit/537.36 (KHTML, like Gecko) Mobile Safari/537.36 (compatible; Bytespider; spider-feedback@bytedance.com)"
216.244.66.228 - - [13/Sep/2024:02:11:22 +0100] "GET /robots.txt HTTP/1.1" 404 162 "-" "Mozilla/5.0 (compatible; DotBot/1.2; +https://opensiteexplorer.org/dotbot; help@moz.com)"
66.249.66.46 - - [13/Sep/2024:02:20:15 +0100] "GET /benefits.htm HTTP/1.1" 200 5261 "-" "Mozilla/5.0 (Linux; Android 6.0.1; Nexus 5X Build/MMB29P) AppleWebKit/537.36 (KHTML, like Gecko) Chrome/128.0.6613.137 Mobile Safari/537.36 (compatible; Googlebot/2.1; +http://www.google.com/bot.html)"
47.128.34.245 - - [13/Sep/2024:02:35:56 +0100] "GET /robots.txt HTTP/1.1" 404 134 "-" "Mozilla/5.0 (Linux; Android 5.0) AppleWebKit/537.36 (KHTML, like Gecko) Mobile Safari/537.36 (compatible; Bytespider; spider-feedback@bytedance.com)"
47.128.21.16 - - [13/Sep/2024:02:39:54 +0100] "GET /robots.txt HTTP/1.1" 404 134 "-" "Mozilla/5.0 (Linux; Android 5.0) AppleWebKit/537.36 (KHTML, like Gecko) Mobile Safari/537.36 (compatible; Bytespider; spider-feedback@bytedance.com)"
216.244.66.228 - - [13/Sep/2024:02:42:27 +0100] "GET /index/JZO/Newbalance-index.html HTTP/1.1" 404 162 "-" "Mozilla/5.0 (compatible; DotBot/1.2; +https://opensiteexplorer.org/dotbot; help@moz.com)"
66.249.66.204 - - [13/Sep/2024:03:08:17 +0100] "GET /privacy.htm HTTP/1.1" 200 4499 "-" "Mozilla/5.0 (Linux; Android 6.0.1; Nexus 5X Build/MMB29P) AppleWebKit/537.36 (KHTML, like Gecko) Chrome/128.0.6613.137 Mobile Safari/537.36 (compatible; Googlebot/2.1; +http://www.google.com/bot.html)"
195.191.219.132 - - [13/Sep/2024:03:15:48 +0100] "GET /robots.txt HTTP/1.1" 404 162 "-" "Mozilla/5.0 (compatible; MJ12bot/v1.4.8; http://mj12bot.com/)"
195.191.219.132 - - [13/Sep/2024:03:15:52 +0100] "GET / HTTP/1.1" 200 3975 "-" "Mozilla/5.0 (compatible; MJ12bot/v1.4.8; http://mj12bot.com/)"
205.169.39.47 - - [13/Sep/2024:03:29:53 +0100] "GET / HTTP/1.1" 200 3975 "http://arksolutions.ie" "Mozilla/5.0 (Windows NT 10.0) AppleWebKit/537.36 (KHTML, like Gecko) Chrome/106.0.0.0 Safari/537.36"
164.90.234.93 - - [13/Sep/2024:04:44:55 +0100] "GET / HTTP/1.1" 200 3975 "-" "Mozilla/5.0 (Windows NT 10.0; Win64; x64) AppleWebKit/537.36 (KHTML, like Gecko) Chrome/126.0.0.0 Safari/537.36"
164.90.234.93 - - [13/Sep/2024:04:44:55 +0100] "GET /favicon.ico HTTP/1.1" 404 196 "https://arksolutions.ie/" "Mozilla/5.0 (Windows NT 10.0; Win64; x64) AppleWebKit/537.36 (KHTML, like Gecko) Chrome/126.0.0.0 Safari/537.36"
195.191.219.132 - - [13/Sep/2024:05:58:42 +0100] "GET /robots.txt HTTP/1.1" 404 162 "-" "Mozilla/5.0 (compatible; MJ12bot/v1.4.8; http://mj12bot.com/)"
195.191.219.132 - - [13/Sep/2024:05:58:45 +0100] "GET / HTTP/1.1" 200 3975 "-" "Mozilla/5.0 (compatible; MJ12bot/v1.4.8; http://mj12bot.com/)"
114.119.131.136 - - [13/Sep/2024:06:28:25 +0100] "GET /robots.txt HTTP/1.1" 404 134 "-" "Mozilla/5.0 (compatible;PetalBot;+https://webmaster.petalsearch.com/site/petalbot)"
42.236.101.206 - - [13/Sep/2024:06:40:57 +0100] "GET / HTTP/1.1" 200 3975 "https://www.arksolutions.ie/" "Mozilla/5.0 (Windows NT 6.1; WOW64) AppleWebKit/537.36 (KHTML, like Gecko) Chrome/50.0.2661.102 Safari/537.36; 360Spider"
205.210.31.192 - - [13/Sep/2024:06:47:24 +0100] "GET / HTTP/1.1" 200 16127 "-" "Expanse, a Palo Alto Networks company, searches across the global IPv4 space multiple times per day to identify customers' presences on the Internet. If you would like to be excluded from our scans, please send IP addresses/domains to: scaninfo@paloaltonetworks.com"
47.88.78.6 - - [13/Sep/2024:06:52:24 +0100] "GET / HTTP/1.1" 200 3975 "-" "Mozilla/5.0 (Linux; Android 11; M2004J15SC) AppleWebKit/537.36 (KHTML, like Gecko) Chrome/103.0.5060.114 Mobile Safari/537.36"
47.88.94.161 - - [13/Sep/2024:06:52:25 +0100] "GET / HTTP/1.1" 200 3975 "-" "Mozilla/5.0 (Linux; Android 11; M2004J15SC) AppleWebKit/537.36 (KHTML, like Gecko) Chrome/103.0.5060.114 Mobile Safari/537.36"
47.88.5.56 - - [13/Sep/2024:06:52:26 +0100] "GET /Public/home/js/check.js HTTP/1.1" 404 196 "-" "Mozilla/5.0 (Linux; Android 11; M2004J15SC) AppleWebKit/537.36 (KHTML, like Gecko) Chrome/103.0.5060.114 Mobile Safari/537.36"
47.251.14.232 - - [13/Sep/2024:06:52:26 +0100] "GET /Public/home/js/check.js HTTP/1.1" 404 196 "-" "Mozilla/5.0 (Linux; Android 11; M2004J15SC) AppleWebKit/537.36 (KHTML, like Gecko) Chrome/103.0.5060.114 Mobile Safari/537.36"
47.88.93.234 - - [13/Sep/2024:06:52:27 +0100] "GET /static/admin/javascript/hetong.js HTTP/1.1" 404 196 "-" "Mozilla/5.0 (Linux; Android 11; M2004J15SC) AppleWebKit/537.36 (KHTML, like Gecko) Chrome/103.0.5060.114 Mobile Safari/537.36"
47.88.87.97 - - [13/Sep/2024:06:52:28 +0100] "GET /static/admin/javascript/hetong.js HTTP/1.1" 404 196 "-" "Mozilla/5.0 (Linux; Android 11; M2004J15SC) AppleWebKit/537.36 (KHTML, like Gecko) Chrome/103.0.5060.114 Mobile Safari/537.36"
43.154.101.203 - - [13/Sep/2024:07:18:16 +0100] "GET / HTTP/1.1" 200 3975 "-" "Mozilla/5.0 (Windows NT 6.1; Win64; x64) AppleWebKit/537.36 (KHTML, like Gecko) Chrome/79.0.3945.88 Safari/537.36"
43.154.101.203 - - [13/Sep/2024:07:18:19 +0100] "GET /contact.htm HTTP/1.1" 200 4533 "https://arksolutions.ie/" "Mozilla/5.0 (Windows NT 6.1; Win64; x64) AppleWebKit/537.36 (KHTML, like Gecko) Chrome/79.0.3945.88 Safari/537.36"
66.249.66.45 - - [13/Sep/2024:07:22:24 +0100] "GET /index.htm HTTP/1.1" 200 3975 "-" "Mozilla/5.0 (Linux; Android 6.0.1; Nexus 5X Build/MMB29P) AppleWebKit/537.36 (KHTML, like Gecko) Chrome/128.0.6613.137 Mobile Safari/537.36 (compatible; Googlebot/2.1; +http://www.google.com/bot.html)"
207.241.235.133 - - [13/Sep/2024:07:35:53 +0100] "GET / HTTP/1.1" 200 3975 "-" "Mozilla/5.0 (compatible; archive.org_bot +http://archive.org/details/archive.org_bot) Zeno/6d512bb warc/v0.8.47"
45.63.76.155 - - [13/Sep/2024:07:44:45 +0100] "HEAD /wordpress HTTP/1.1" 404 0 "http://arksolutions.ie/wordpress" "Mozilla/5.0 (Windows NT 10.0; Win64; x64) AppleWebKit/537.36 (KHTML, like Gecko) Chrome/74.0.3729.169 Safari/537.36"
45.63.76.155 - - [13/Sep/2024:07:44:45 +0100] "HEAD / HTTP/1.1" 200 0 "http://arksolutions.ie/" "Mozilla/5.0 (Windows NT 10.0; Win64; x64) AppleWebKit/537.36 (KHTML, like Gecko) Chrome/74.0.3729.169 Safari/537.36"
45.63.76.155 - - [13/Sep/2024:07:44:45 +0100] "HEAD /wp HTTP/1.1" 404 0 "http://arksolutions.ie/wp" "Mozilla/5.0 (Windows NT 10.0; Win64; x64) AppleWebKit/537.36 (KHTML, like Gecko) Chrome/74.0.3729.169 Safari/537.36"
45.63.76.155 - - [13/Sep/2024:07:44:45 +0100] "HEAD /bc HTTP/1.1" 404 0 "http://arksolutions.ie/bc" "Mozilla/5.0 (Windows NT 10.0; Win64; x64) AppleWebKit/537.36 (KHTML, like Gecko) Chrome/74.0.3729.169 Safari/537.36"
45.63.76.155 - - [13/Sep/2024:07:44:45 +0100] "HEAD /bk HTTP/1.1" 404 0 "http://arksolutions.ie/bk" "Mozilla/5.0 (Windows NT 10.0; Win64; x64) AppleWebKit/537.36 (KHTML, like Gecko) Chrome/74.0.3729.169 Safari/537.36"
45.63.76.155 - - [13/Sep/2024:07:44:45 +0100] "HEAD /backup HTTP/1.1" 404 0 "http://arksolutions.ie/backup" "Mozilla/5.0 (Windows NT 10.0; Win64; x64) AppleWebKit/537.36 (KHTML, like Gecko) Chrome/74.0.3729.169 Safari/537.36"
45.63.76.155 - - [13/Sep/2024:07:44:46 +0100] "HEAD /old HTTP/1.1" 404 0 "http://arksolutions.ie/old" "Mozilla/5.0 (Windows NT 10.0; Win64; x64) AppleWebKit/537.36 (KHTML, like Gecko) Chrome/74.0.3729.169 Safari/537.36"
45.63.76.155 - - [13/Sep/2024:07:44:46 +0100] "HEAD /new HTTP/1.1" 404 0 "http://arksolutions.ie/new" "Mozilla/5.0 (Windows NT 10.0; Win64; x64) AppleWebKit/537.36 (KHTML, like Gecko) Chrome/74.0.3729.169 Safari/537.36"
45.63.76.155 - - [13/Sep/2024:07:44:46 +0100] "HEAD /main HTTP/1.1" 404 0 "http://arksolutions.ie/main" "Mozilla/5.0 (Windows NT 10.0; Win64; x64) AppleWebKit/537.36 (KHTML, like Gecko) Chrome/74.0.3729.169 Safari/537.36"
45.63.76.155 - - [13/Sep/2024:07:44:46 +0100] "HEAD /home HTTP/1.1" 404 0 "http://arksolutions.ie/home" "Mozilla/5.0 (Windows NT 10.0; Win64; x64) AppleWebKit/537.36 (KHTML, like Gecko) Chrome/74.0.3729.169 Safari/537.36"
66.249.66.205 - - [13/Sep/2024:08:01:20 +0100] "GET /robots.txt HTTP/1.1" 404 134 "-" "Mozilla/5.0 (compatible; Googlebot/2.1; +http://www.google.com/bot.html)"
66.249.66.206 - - [13/Sep/2024:08:01:21 +0100] "GET /index.htm HTTP/1.1" 200 3975 "-" "Mozilla/5.0 (Linux; Android 6.0.1; Nexus 5X Build/MMB29P) AppleWebKit/537.36 (KHTML, like Gecko) Chrome/128.0.6613.137 Mobile Safari/537.36 (compatible; Googlebot/2.1; +http://www.google.com/bot.html)"
66.249.66.32 - - [13/Sep/2024:08:01:24 +0100] "GET /index.hm HTTP/1.1" 404 196 "-" "Mozilla/5.0 (Linux; Android 6.0.1; Nexus 5X Build/MMB29P) AppleWebKit/537.36 (KHTML, like Gecko) Chrome/128.0.6613.137 Mobile Safari/537.36 (compatible; Googlebot/2.1; +http://www.google.com/bot.html)"
17.241.227.223 - - [13/Sep/2024:08:17:57 +0100] "GET /index/2014-5/A98/Newbalance-index.html HTTP/1.1" 404 134 "-" "Mozilla/5.0 (Macintosh; Intel Mac OS X 10_15_7) AppleWebKit/605.1.15 (KHTML, like Gecko) Version/17.4 Safari/605.1.15 (Applebot/0.1; +http://www.apple.com/go/applebot)"
66.249.66.206 - - [13/Sep/2024:08:34:34 +0100] "GET /services.htm HTTP/1.1" 200 5690 "-" "Mozilla/5.0 (Linux; Android 6.0.1; Nexus 5X Build/MMB29P) AppleWebKit/537.36 (KHTML, like Gecko) Chrome/128.0.6613.137 Mobile Safari/537.36 (compatible; Googlebot/2.1; +http://www.google.com/bot.html)"
47.128.118.183 - - [13/Sep/2024:08:37:02 +0100] "GET /robots.txt HTTP/1.1" 404 134 "-" "Mozilla/5.0 (Linux; Android 5.0) AppleWebKit/537.36 (KHTML, like Gecko) Mobile Safari/537.36 (compatible; Bytespider; spider-feedback@bytedance.com)"
47.128.18.149 - - [13/Sep/2024:08:40:59 +0100] "GET / HTTP/1.1" 200 3975 "-" "Mozilla/5.0 (compatible; Bytespider; spider-feedback@bytedance.com) AppleWebKit/537.36 (KHTML, like Gecko) Chrome/70.0.0.0 Safari/537.36"
47.128.18.149 - - [13/Sep/2024:08:41:00 +0100] "GET /images/index_col1_09.gif HTTP/1.1" 206 500 "https://arksolutions.ie/" "Mozilla/5.0 (compatible; Bytespider; spider-feedback@bytedance.com) AppleWebKit/537.36 (KHTML, like Gecko) Chrome/70.0.0.0 Safari/537.36"
47.128.18.149 - - [13/Sep/2024:08:41:00 +0100] "GET /images/white_divider.gif HTTP/1.1" 206 49 "https://arksolutions.ie/" "Mozilla/5.0 (compatible; Bytespider; spider-feedback@bytedance.com) AppleWebKit/537.36 (KHTML, like Gecko) Chrome/70.0.0.0 Safari/537.36"
47.128.18.149 - - [13/Sep/2024:08:41:00 +0100] "GET /images/laptop.jpg HTTP/1.1" 206 500 "https://arksolutions.ie/" "Mozilla/5.0 (compatible; Bytespider; spider-feedback@bytedance.com) AppleWebKit/537.36 (KHTML, like Gecko) Chrome/70.0.0.0 Safari/537.36"
47.128.18.149 - - [13/Sep/2024:08:41:01 +0100] "GET /images/index_col2_06.gif HTTP/1.1" 206 500 "https://arksolutions.ie/" "Mozilla/5.0 (compatible; Bytespider; spider-feedback@bytedance.com) AppleWebKit/537.36 (KHTML, like Gecko) Chrome/70.0.0.0 Safari/537.36"
47.128.18.149 - - [13/Sep/2024:08:41:01 +0100] "GET /images/images/bottom_but_col2_01.gif HTTP/1.1" 206 500 "https://arksolutions.ie/" "Mozilla/5.0 (compatible; Bytespider; spider-feedback@bytedance.com) AppleWebKit/537.36 (KHTML, like Gecko) Chrome/70.0.0.0 Safari/537.36"
207.241.225.134 - - [13/Sep/2024:08:46:55 +0100] "GET / HTTP/1.1" 200 3975 "-" "Mozilla/5.0 (compatible; archive.org_bot +http://archive.org/details/archive.org_bot) Zeno/6d512bb warc/v0.8.47"
216.244.66.228 - - [13/Sep/2024:08:53:17 +0100] "GET /robots.txt HTTP/1.1" 404 162 "-" "Mozilla/5.0 (compatible; DotBot/1.2; +https://opensiteexplorer.org/dotbot; help@moz.com)"
47.128.110.208 - - [13/Sep/2024:09:07:29 +0100] "GET /robots.txt HTTP/1.1" 404 134 "-" "Mozilla/5.0 (Linux; Android 5.0) AppleWebKit/537.36 (KHTML, like Gecko) Mobile Safari/537.36 (compatible; Bytespider; spider-feedback@bytedance.com)"
66.249.66.205 - - [13/Sep/2024:09:09:25 +0100] "GET /benefits.htm HTTP/1.1" 200 5261 "-" "Mozilla/5.0 (Linux; Android 6.0.1; Nexus 5X Build/MMB29P) AppleWebKit/537.36 (KHTML, like Gecko) Chrome/128.0.6613.137 Mobile Safari/537.36 (compatible; Googlebot/2.1; +http://www.google.com/bot.html)"
216.244.66.228 - - [13/Sep/2024:09:28:01 +0100] "GET /html/XB7/Newbalance-index.html HTTP/1.1" 404 162 "-" "Mozilla/5.0 (compatible; DotBot/1.2; +https://opensiteexplorer.org/dotbot; help@moz.com)"
66.96.214.58 - - [13/Sep/2024:09:32:56 +0100] "GET /robots.txt HTTP/1.1" 404 134 "-" "Screaming Frog SEO Spider/20.2"
66.96.214.58 - - [13/Sep/2024:09:32:57 +0100] "GET / HTTP/1.1" 200 3975 "-" "Screaming Frog SEO Spider/20.2"
66.96.214.58 - - [13/Sep/2024:09:32:57 +0100] "GET /styles.css HTTP/1.1" 200 612 "https://arksolutions.ie/" "Screaming Frog SEO Spider/20.2"
66.96.214.58 - - [13/Sep/2024:09:32:57 +0100] "GET /images/index_col1_01.gif HTTP/1.1" 200 4514 "https://arksolutions.ie/" "Screaming Frog SEO Spider/20.2"
66.96.214.58 - - [13/Sep/2024:09:32:57 +0100] "GET /images/index_col1_02.gif HTTP/1.1" 200 2120 "https://arksolutions.ie/" "Screaming Frog SEO Spider/20.2"
66.96.214.58 - - [13/Sep/2024:09:32:57 +0100] "GET /images/layout_03.gif HTTP/1.1" 200 130 "https://arksolutions.ie/" "Screaming Frog SEO Spider/20.2"
66.96.214.58 - - [13/Sep/2024:09:32:57 +0100] "GET /images/white_divider.gif HTTP/1.1" 200 49 "https://arksolutions.ie/" "Screaming Frog SEO Spider/20.2"
66.96.214.58 - - [13/Sep/2024:09:32:57 +0100] "GET /images/side_fill.gif HTTP/1.1" 200 111 "https://arksolutions.ie/" "Screaming Frog SEO Spider/20.2"
66.96.214.58 - - [13/Sep/2024:09:32:57 +0100] "GET /images/index_col1_12.gif HTTP/1.1" 200 893 "https://arksolutions.ie/" "Screaming Frog SEO Spider/20.2"
66.96.214.58 - - [13/Sep/2024:09:32:57 +0100] "GET /images/laptop.jpg HTTP/1.1" 200 23350 "https://arksolutions.ie/" "Screaming Frog SEO Spider/20.2"
66.96.214.58 - - [13/Sep/2024:09:32:57 +0100] "GET /images/index_col1_05.gif HTTP/1.1" 200 913 "https://arksolutions.ie/" "Screaming Frog SEO Spider/20.2"
66.96.214.58 - - [13/Sep/2024:09:32:57 +0100] "GET /images/index_col1_07.gif HTTP/1.1" 200 260 "https://arksolutions.ie/" "Screaming Frog SEO Spider/20.2"
66.96.214.58 - - [13/Sep/2024:09:32:57 +0100] "GET /images/index_col1_06.gif HTTP/1.1" 200 507 "https://arksolutions.ie/" "Screaming Frog SEO Spider/20.2"
66.96.214.58 - - [13/Sep/2024:09:32:57 +0100] "GET /images/index_col1_04.gif HTTP/1.1" 200 522 "https://arksolutions.ie/" "Screaming Frog SEO Spider/20.2"
66.96.214.58 - - [13/Sep/2024:09:32:57 +0100] "GET /images/coins3.gif HTTP/1.1" 200 42581 "https://arksolutions.ie/" "Screaming Frog SEO Spider/20.2"
66.96.214.58 - - [13/Sep/2024:09:32:57 +0100] "GET /images/index_col1_09.gif HTTP/1.1" 200 25684 "https://arksolutions.ie/" "Screaming Frog SEO Spider/20.2"
66.96.214.58 - - [13/Sep/2024:09:32:57 +0100] "GET /images/index_col1_10.gif HTTP/1.1" 200 16027 "https://arksolutions.ie/" "Screaming Frog SEO Spider/20.2"
66.96.214.58 - - [13/Sep/2024:09:32:57 +0100] "GET /images/index_col1_11.gif HTTP/1.1" 200 2723 "https://arksolutions.ie/" "Screaming Frog SEO Spider/20.2"
66.96.214.58 - - [13/Sep/2024:09:32:57 +0100] "GET /images/index_col1_03.gif HTTP/1.1" 200 429 "https://arksolutions.ie/" "Screaming Frog SEO Spider/20.2"
66.96.214.58 - - [13/Sep/2024:09:32:57 +0100] "GET /images/images/bottom_but_col1_01.gif HTTP/1.1" 200 290 "https://arksolutions.ie/" "Screaming Frog SEO Spider/20.2"
66.96.214.58 - - [13/Sep/2024:09:32:58 +0100] "GET /images/images/bottom_but_col1_02.gif HTTP/1.1" 200 373 "https://arksolutions.ie/" "Screaming Frog SEO Spider/20.2"
66.96.214.58 - - [13/Sep/2024:09:32:58 +0100] "GET /images/images/bottom_but_col1_03.gif HTTP/1.1" 200 697 "https://arksolutions.ie/" "Screaming Frog SEO Spider/20.2"
66.96.214.58 - - [13/Sep/2024:09:32:58 +0100] "GET /images/images/bottom_but_col1_04.gif HTTP/1.1" 200 356 "https://arksolutions.ie/" "Screaming Frog SEO Spider/20.2"
66.96.214.58 - - [13/Sep/2024:09:32:58 +0100] "GET /images/images/bottom_but_col2_05.gif HTTP/1.1" 200 111 "https://arksolutions.ie/" "Screaming Frog SEO Spider/20.2"
66.96.214.58 - - [13/Sep/2024:09:32:58 +0100] "GET /images/images/bottom_but_col1_06.gif HTTP/1.1" 200 608 "https://arksolutions.ie/" "Screaming Frog SEO Spider/20.2"
66.96.214.58 - - [13/Sep/2024:09:32:58 +0100] "GET /images/index_col2_03.gif HTTP/1.1" 200 435 "https://arksolutions.ie/" "Screaming Frog SEO Spider/20.2"
66.96.214.58 - - [13/Sep/2024:09:32:58 +0100] "GET /images/index_col2_05.gif HTTP/1.1" 200 965 "https://arksolutions.ie/" "Screaming Frog SEO Spider/20.2"
66.96.214.58 - - [13/Sep/2024:09:32:58 +0100] "GET /images/index_col2_04.gif HTTP/1.1" 200 535 "https://arksolutions.ie/" "Screaming Frog SEO Spider/20.2"
66.96.214.58 - - [13/Sep/2024:09:32:58 +0100] "GET /images/images/bottom_but_col2_01.gif HTTP/1.1" 200 1396 "https://arksolutions.ie/" "Screaming Frog SEO Spider/20.2"
66.96.214.58 - - [13/Sep/2024:09:32:58 +0100] "GET /images/index_col2_06.gif HTTP/1.1" 200 529 "https://arksolutions.ie/" "Screaming Frog SEO Spider/20.2"
66.96.214.58 - - [13/Sep/2024:09:32:58 +0100] "GET /images/images/bottom_but_col2_02.gif HTTP/1.1" 200 1638 "https://arksolutions.ie/" "Screaming Frog SEO Spider/20.2"
66.96.214.58 - - [13/Sep/2024:09:32:58 +0100] "GET /images/images/bottom_but_col2_03.gif HTTP/1.1" 200 2956 "https://arksolutions.ie/" "Screaming Frog SEO Spider/20.2"
66.96.214.58 - - [13/Sep/2024:09:32:58 +0100] "GET /images/images/bottom_but_col2_04.gif HTTP/1.1" 200 1678 "https://arksolutions.ie/" "Screaming Frog SEO Spider/20.2"
66.96.214.58 - - [13/Sep/2024:09:32:58 +0100] "GET /images/images/bottom_but_col2_06.gif HTTP/1.1" 200 2397 "https://arksolutions.ie/" "Screaming Frog SEO Spider/20.2"
194.38.20.13 - - [13/Sep/2024:09:33:00 +0100] "GET /admin/plugins/fileupload/server/php/index.php?file=tf2rghf.jpg HTTP/1.1" 404 162 "-" "ALittle Client"
66.249.66.205 - - [13/Sep/2024:09:34:03 +0100] "GET / HTTP/1.1" 200 3975 "-" "Mozilla/5.0 (Linux; Android 6.0.1; Nexus 5X Build/MMB29P) AppleWebKit/537.36 (KHTML, like Gecko) Chrome/128.0.6613.137 Mobile Safari/537.36 (compatible; Googlebot/2.1; +http://www.google.com/bot.html)"
5.164.29.116 - - [13/Sep/2024:10:00:05 +0100] "GET / HTTP/1.1" 200 3975 "-" "Mozilla/5.0 (Windows NT 10.0; Win64; x64) AppleWebKit/537.36 (KHTML, like Gecko) Chrome/112.0.0.0 Safari/537.36 (scanner.ducks.party)"
5.164.29.116 - - [13/Sep/2024:10:00:06 +0100] "GET /favicon.ico HTTP/1.1" 404 196 "-" "Mozilla/5.0 (Windows NT 10.0; Win64; x64) AppleWebKit/537.36 (KHTML, like Gecko) Chrome/112.0.0.0 Safari/537.36 (scanner.ducks.party)"
66.249.66.205 - - [13/Sep/2024:10:28:20 +0100] "GET / HTTP/1.1" 200 3975 "-" "Mozilla/5.0 (compatible; Googlebot/2.1; +http://www.google.com/bot.html)"
216.244.66.228 - - [13/Sep/2024:10:55:38 +0100] "GET /robots.txt HTTP/1.1" 404 162 "-" "Mozilla/5.0 (compatible; DotBot/1.2; +https://opensiteexplorer.org/dotbot; help@moz.com)"
171.244.43.14 - - [13/Sep/2024:11:03:44 +0100] "GET / HTTP/1.1" 200 3975 "-" "Mozilla/5.0 (Linux; Android 10; K) AppleWebKit/537.36 (KHTML, like Gecko) Chrome/122.0.0.0 Mobile Safari/537.36"
216.244.66.228 - - [13/Sep/2024:11:14:20 +0100] "GET /files/A49/Newbalance-index.html HTTP/1.1" 404 162 "-" "Mozilla/5.0 (compatible; DotBot/1.2; +https://opensiteexplorer.org/dotbot; help@moz.com)"
66.249.66.45 - - [13/Sep/2024:11:37:52 +0100] "GET /robots.txt HTTP/1.1" 404 134 "-" "Mozilla/5.0 (compatible; Googlebot/2.1; +http://www.google.com/bot.html)"
66.249.66.45 - - [13/Sep/2024:11:37:54 +0100] "GET / HTTP/1.1" 200 3975 "-" "Mozilla/5.0 (Linux; Android 6.0.1; Nexus 5X Build/MMB29P) AppleWebKit/537.36 (KHTML, like Gecko) Chrome/128.0.6613.137 Mobile Safari/537.36 (compatible; Googlebot/2.1; +http://www.google.com/bot.html)"
37.139.53.167 - - [13/Sep/2024:11:42:13 +0100] "GET /services.htm HTTP/1.0" 200 35623 "https://www.arksolutions.ie/services.htm" "Mozilla/5.0 (Windows NT 10.0.0; Win64; x64; ) AppleWebKit/537.36 (KHTML, like Gecko) Chrome/124.0.6367.61 Chrome/124.0.6367.61 Not-A.Brand/99 Safari/537.36"
37.139.53.167 - - [13/Sep/2024:11:42:13 +0100] "GET /contact.htm HTTP/1.0" 200 22383 "https://www.arksolutions.ie/contact.htm" "Mozilla/5.0 (Windows NT 10.0.0; Win64; x64; ) AppleWebKit/537.36 (KHTML, like Gecko) Chrome/124.0.6367.61 Chrome/124.0.6367.61 Not-A.Brand/99 Safari/537.36"
207.241.225.114 - - [13/Sep/2024:12:11:04 +0100] "GET / HTTP/1.1" 200 3975 "http://arksolutions.ie" "Mozilla/5.0 (compatible; archive.org_bot +http://archive.org/details/archive.org_bot) Zeno/cfa2980 warc/v0.8.47"
113.20.235.53 - - [13/Sep/2024:12:51:13 +0100] "GET //wp-content/plugins/learnpress/readme.txt HTTP/1.1" 404 134 "-" "Mozilla/5.0 (X11; Ubuntu; Linux x86_64; rv:62.0) Gecko/20100101 Firefox/62.0"
66.249.66.204 - - [13/Sep/2024:13:50:16 +0100] "GET /robots.txt HTTP/1.1" 404 134 "-" "Mozilla/5.0 (compatible; Googlebot/2.1; +http://www.google.com/bot.html)"
66.249.66.204 - - [13/Sep/2024:13:50:16 +0100] "GET /benefits.htm HTTP/1.1" 200 5261 "-" "Mozilla/5.0 (Linux; Android 6.0.1; Nexus 5X Build/MMB29P) AppleWebKit/537.36 (KHTML, like Gecko) Chrome/128.0.6613.137 Mobile Safari/537.36 (compatible; Googlebot/2.1; +http://www.google.com/bot.html)"
79.137.199.130 - - [13/Sep/2024:14:28:09 +0100] "GET / HTTP/1.0" 200 16127 "-" "Mozilla/5.0 (Windows NT 10.0; Win64; x64) AppleWebKit/537.36 (KHTML, like Gecko) Chrome/118.0.0.0 Safari/537.36"
44.192.26.226 - - [13/Sep/2024:14:47:05 +0100] "GET /robots.txt HTTP/1.1" 404 134 "-" "CCBot/2.0 (https://commoncrawl.org/faq/)"
44.192.26.226 - - [13/Sep/2024:14:47:05 +0100] "GET /benefits.htm HTTP/1.1" 200 5261 "-" "CCBot/2.0 (https://commoncrawl.org/faq/)"
66.249.66.45 - - [13/Sep/2024:15:01:28 +0100] "GET /contact.htm HTTP/1.1" 200 4533 "-" "Mozilla/5.0 (Linux; Android 6.0.1; Nexus 5X Build/MMB29P) AppleWebKit/537.36 (KHTML, like Gecko) Chrome/128.0.6613.137 Mobile Safari/537.36 (compatible; Googlebot/2.1; +http://www.google.com/bot.html)"
216.244.66.228 - - [13/Sep/2024:15:03:47 +0100] "GET /robots.txt HTTP/1.1" 404 162 "-" "Mozilla/5.0 (compatible; DotBot/1.2; +https://opensiteexplorer.org/dotbot; help@moz.com)"
124.220.171.218 - - [13/Sep/2024:15:10:06 +0100] "GET / HTTP/1.1" 200 3975 "http://www.arksolutions.ie" "Mozilla/5.0 (Linux; Android 10; LIO-AN00 Build/HUAWEILIO-AN00; wv) MicroMessenger Weixin QQ AppleWebKit/537.36 (KHTML, like Gecko) Version/4.0 Chrome/78.0.3904.62 XWEB/2692 MMWEBSDK/200901 Mobile Safari/537.36"
216.244.66.228 - - [13/Sep/2024:15:27:18 +0100] "GET /js/CIG/Newbalance-index.html HTTP/1.1" 404 162 "-" "Mozilla/5.0 (compatible; DotBot/1.2; +https://opensiteexplorer.org/dotbot; help@moz.com)"
216.244.66.228 - - [13/Sep/2024:15:28:28 +0100] "GET /images/index_col1_10.gif HTTP/1.1" 200 16027 "-" "Mozilla/5.0 (compatible; DotBot/1.2; +https://opensiteexplorer.org/dotbot; help@moz.com)"
66.249.66.45 - - [13/Sep/2024:15:44:50 +0100] "GET /index.htm HTTP/1.1" 200 3975 "-" "Mozilla/5.0 (Linux; Android 6.0.1; Nexus 5X Build/MMB29P) AppleWebKit/537.36 (KHTML, like Gecko) Chrome/128.0.6613.137 Mobile Safari/537.36 (compatible; Googlebot/2.1; +http://www.google.com/bot.html)"
40.77.167.138 - - [13/Sep/2024:15:49:15 +0100] "GET /robots.txt HTTP/1.1" 404 196 "-" "Mozilla/5.0 AppleWebKit/537.36 (KHTML, like Gecko; compatible; bingbot/2.0; +http://www.bing.com/bingbot.htm) Chrome/116.0.1938.76 Safari/537.36"
52.167.144.190 - - [13/Sep/2024:15:49:17 +0100] "GET /images/green_spacer.gif HTTP/1.1" 200 45 "-" "Mozilla/5.0 AppleWebKit/537.36 (KHTML, like Gecko; compatible; bingbot/2.0; +http://www.bing.com/bingbot.htm) Chrome/116.0.1938.76 Safari/537.36"
54.38.112.213 - - [13/Sep/2024:15:56:55 +0100] "GET / HTTP/1.1" 200 16127 "-" "Mozilla/5.0 (Windows NT 10.0; Win64; x64) AppleWebKit/537.36 (KHTML, like Gecko) Chrome/51.0.2704.106 Safari/537.36"
54.38.112.213 - - [13/Sep/2024:15:56:55 +0100] "GET /login HTTP/1.1" 404 564 "-" "Mozilla/5.0 (Windows NT 10.0; Win64; x64) AppleWebKit/537.36 (KHTML, like Gecko) Chrome/51.0.2704.106 Safari/537.36"
54.38.112.213 - - [13/Sep/2024:15:56:55 +0100] "GET /login HTTP/1.1" 404 162 "-" "Mozilla/5.0 (iPhone; CPU iPhone OS 14_6 like Mac OS X) AppleWebKit/605.1.15 (KHTML, like Gecko) Version/14.0.3 Mobile/15E148 Safari/604.1"
216.244.66.228 - - [13/Sep/2024:16:02:34 +0100] "GET /robots.txt HTTP/1.1" 404 162 "-" "Mozilla/5.0 (compatible; DotBot/1.2; +https://opensiteexplorer.org/dotbot; help@moz.com)"
47.128.25.248 - - [13/Sep/2024:16:09:24 +0100] "GET /robots.txt HTTP/1.1" 404 134 "-" "Mozilla/5.0 (Linux; Android 5.0) AppleWebKit/537.36 (KHTML, like Gecko) Mobile Safari/537.36 (compatible; Bytespider; spider-feedback@bytedance.com)"
47.128.31.21 - - [13/Sep/2024:16:13:22 +0100] "GET /benefits.htm HTTP/1.1" 200 5261 "-" "Mozilla/5.0 (compatible; Bytespider; spider-feedback@bytedance.com) AppleWebKit/537.36 (KHTML, like Gecko) Chrome/70.0.0.0 Safari/537.36"
47.128.31.21 - - [13/Sep/2024:16:13:22 +0100] "GET /styles.css HTTP/1.1" 200 612 "https://www.arksolutions.ie/benefits.htm" "Mozilla/5.0 (compatible; Bytespider; spider-feedback@bytedance.com) AppleWebKit/537.36 (KHTML, like Gecko) Chrome/70.0.0.0 Safari/537.36"
47.128.31.21 - - [13/Sep/2024:16:13:22 +0100] "GET /images/index_col1_03.gif HTTP/1.1" 206 429 "https://www.arksolutions.ie/benefits.htm" "Mozilla/5.0 (compatible; Bytespider; spider-feedback@bytedance.com) AppleWebKit/537.36 (KHTML, like Gecko) Chrome/70.0.0.0 Safari/537.36"
47.128.31.21 - - [13/Sep/2024:16:13:23 +0100] "GET /images/side_fill.gif HTTP/1.1" 206 111 "https://www.arksolutions.ie/benefits.htm" "Mozilla/5.0 (compatible; Bytespider; spider-feedback@bytedance.com) AppleWebKit/537.36 (KHTML, like Gecko) Chrome/70.0.0.0 Safari/537.36"
47.128.31.21 - - [13/Sep/2024:16:13:23 +0100] "GET /images/graph.jpg HTTP/1.1" 206 500 "https://www.arksolutions.ie/benefits.htm" "Mozilla/5.0 (compatible; Bytespider; spider-feedback@bytedance.com) AppleWebKit/537.36 (KHTML, like Gecko) Chrome/70.0.0.0 Safari/537.36"
47.128.31.21 - - [13/Sep/2024:16:13:23 +0100] "GET /images/index_col1_07.gif HTTP/1.1" 206 260 "https://www.arksolutions.ie/benefits.htm" "Mozilla/5.0 (compatible; Bytespider; spider-feedback@bytedance.com) AppleWebKit/537.36 (KHTML, like Gecko) Chrome/70.0.0.0 Safari/537.36"
47.128.31.21 - - [13/Sep/2024:16:13:23 +0100] "GET /images/index_col1_06.gif HTTP/1.1" 206 500 "https://www.arksolutions.ie/benefits.htm" "Mozilla/5.0 (compatible; Bytespider; spider-feedback@bytedance.com) AppleWebKit/537.36 (KHTML, like Gecko) Chrome/70.0.0.0 Safari/537.36"
47.128.31.21 - - [13/Sep/2024:16:13:23 +0100] "GET /images/green_divider.jpg HTTP/1.1" 206 500 "https://www.arksolutions.ie/benefits.htm" "Mozilla/5.0 (compatible; Bytespider; spider-feedback@bytedance.com) AppleWebKit/537.36 (KHTML, like Gecko) Chrome/70.0.0.0 Safari/537.36"
47.128.31.21 - - [13/Sep/2024:16:13:23 +0100] "GET /images/green_spacer.gif HTTP/1.1" 206 45 "https://www.arksolutions.ie/benefits.htm" "Mozilla/5.0 (compatible; Bytespider; spider-feedback@bytedance.com) AppleWebKit/537.36 (KHTML, like Gecko) Chrome/70.0.0.0 Safari/537.36"
47.128.31.21 - - [13/Sep/2024:16:13:23 +0100] "GET /images/images/bottom_but_col1_03.gif HTTP/1.1" 206 500 "https://www.arksolutions.ie/benefits.htm" "Mozilla/5.0 (compatible; Bytespider; spider-feedback@bytedance.com) AppleWebKit/537.36 (KHTML, like Gecko) Chrome/70.0.0.0 Safari/537.36"
47.128.31.21 - - [13/Sep/2024:16:13:23 +0100] "GET /images/images/bottom_but_col1_02.gif HTTP/1.1" 206 373 "https://www.arksolutions.ie/benefits.htm" "Mozilla/5.0 (compatible; Bytespider; spider-feedback@bytedance.com) AppleWebKit/537.36 (KHTML, like Gecko) Chrome/70.0.0.0 Safari/537.36"
47.128.31.21 - - [13/Sep/2024:16:13:24 +0100] "GET /images/index_col2_04.gif HTTP/1.1" 206 500 "https://www.arksolutions.ie/benefits.htm" "Mozilla/5.0 (compatible; Bytespider; spider-feedback@bytedance.com) AppleWebKit/537.36 (KHTML, like Gecko) Chrome/70.0.0.0 Safari/537.36"
47.128.31.21 - - [13/Sep/2024:16:13:24 +0100] "GET /images/images/bottom_but_col2_04.gif HTTP/1.1" 206 500 "https://www.arksolutions.ie/benefits.htm" "Mozilla/5.0 (compatible; Bytespider; spider-feedback@bytedance.com) AppleWebKit/537.36 (KHTML, like Gecko) Chrome/70.0.0.0 Safari/537.36"
44.192.26.226 - - [13/Sep/2024:16:30:37 +0100] "GET / HTTP/1.1" 200 3975 "-" "CCBot/2.0 (https://commoncrawl.org/faq/)"
216.244.66.228 - - [13/Sep/2024:16:35:15 +0100] "GET /js/ZL9/Newbalance-index.html HTTP/1.1" 404 162 "-" "Mozilla/5.0 (compatible; DotBot/1.2; +https://opensiteexplorer.org/dotbot; help@moz.com)"
44.192.26.226 - - [13/Sep/2024:16:41:28 +0100] "GET /contact.htm HTTP/1.1" 200 4533 "-" "CCBot/2.0 (https://commoncrawl.org/faq/)"
47.128.35.143 - - [13/Sep/2024:16:42:25 +0100] "GET /robots.txt HTTP/1.1" 404 134 "-" "Mozilla/5.0 (Linux; Android 5.0) AppleWebKit/537.36 (KHTML, like Gecko) Mobile Safari/537.36 (compatible; Bytespider; spider-feedback@bytedance.com)"
99.255.100.228 - - [13/Sep/2024:16:57:04 +0100] "HEAD / HTTP/1.1" 200 0 "-" "Mozilla/5.0 (compatible; Domains Project/1.3.7; +https://domainsproject.org)"
66.249.66.46 - - [13/Sep/2024:16:57:05 +0100] "GET /index.htm HTTP/1.1" 200 3975 "-" "Mozilla/5.0 (Linux; Android 6.0.1; Nexus 5X Build/MMB29P) AppleWebKit/537.36 (KHTML, like Gecko) Chrome/128.0.6613.137 Mobile Safari/537.36 (compatible; Googlebot/2.1; +http://www.google.com/bot.html)"
208.100.26.236 - - [13/Sep/2024:17:03:49 +0100] "HEAD /core/misc/drupal.js HTTP/1.1" 404 0 "-" "Mozilla/5.0 (Windows NT 10.0; Win64; x64) AppleWebKit/537.36 (KHTML, like Gecko) Chrome/71.0.3578.80 Safari/537.36"
208.100.26.236 - - [13/Sep/2024:17:03:49 +0100] "HEAD /misc/drupal.js HTTP/1.1" 404 0 "-" "Mozilla/5.0 (Windows NT 10.0; Win64; x64) AppleWebKit/537.36 (KHTML, like Gecko) Chrome/71.0.3578.80 Safari/537.36"
216.244.66.228 - - [13/Sep/2024:17:14:37 +0100] "GET /robots.txt HTTP/1.1" 404 162 "-" "Mozilla/5.0 (compatible; DotBot/1.2; +https://opensiteexplorer.org/dotbot; help@moz.com)"
44.192.26.226 - - [13/Sep/2024:17:20:52 +0100] "GET /services.htm HTTP/1.1" 200 5690 "-" "CCBot/2.0 (https://commoncrawl.org/faq/)"
47.128.115.86 - - [13/Sep/2024:17:29:57 +0100] "GET /robots.txt HTTP/1.1" 404 134 "-" "Mozilla/5.0 (Linux; Android 5.0) AppleWebKit/537.36 (KHTML, like Gecko) Mobile Safari/537.36 (compatible; Bytespider; spider-feedback@bytedance.com)"
207.241.225.114 - - [13/Sep/2024:17:37:25 +0100] "GET / HTTP/1.1" 200 3975 "http://www.arksolutions.ie" "Mozilla/5.0 (compatible; archive.org_bot +http://archive.org/details/archive.org_bot) Zeno/cfa2980 warc/v0.8.47"
216.244.66.228 - - [13/Sep/2024:17:43:11 +0100] "GET /html/KD4/Newbalance-index.html HTTP/1.1" 404 162 "-" "Mozilla/5.0 (compatible; DotBot/1.2; +https://opensiteexplorer.org/dotbot; help@moz.com)"
66.249.66.206 - - [13/Sep/2024:18:05:31 +0100] "GET /index.htm HTTP/1.1" 200 3975 "-" "Mozilla/5.0 (Linux; Android 6.0.1; Nexus 5X Build/MMB29P) AppleWebKit/537.36 (KHTML, like Gecko) Chrome/128.0.6613.137 Mobile Safari/537.36 (compatible; Googlebot/2.1; +http://www.google.com/bot.html)"
