139.59.132.8 - - [09/Sep/2026:08:29:52 +0100] "GET /s/230313e2536313e2434323e2839313/_/;/META-INF/maven/com.atlassian.jira/jira-webapp-dist/pom.properties HTTP/1.1" 301 178 "-" "Mozilla/5.0 (l9scan/2.0.230313e2536313e2434323e2839313; +https://leakix.net)"
207.154.212.47 - - [09/Sep/2026:08:29:52 +0100] "POST /graphql HTTP/1.1" 301 178 "-" "Mozilla/5.0 (l9scan/2.0.230313e2536313e2434323e2839313; +https://leakix.net)"
164.92.244.132 - - [09/Sep/2026:08:29:52 +0100] "GET /.env HTTP/1.1" 301 178 "-" "Mozilla/5.0 (l9scan/2.0.230313e2536313e2434323e2839313; +https://leakix.net)"
207.154.212.47 - - [09/Sep/2026:08:29:52 +0100] "POST /api HTTP/1.1" 301 178 "-" "Mozilla/5.0 (l9scan/2.0.230313e2536313e2434323e2839313; +https://leakix.net)"
46.101.111.185 - - [09/Sep/2026:08:29:52 +0100] "GET /ecp/Current/exporttool/microsoft.exchange.ediscovery.exporttool.application HTTP/1.1" 301 178 "-" "Mozilla/5.0 (l9scan/2.0.230313e2536313e2434323e2839313; +https://leakix.net)"
47.79.233.158 - - [09/Sep/2026:08:29:53 +0100] "HEAD / HTTP/1.1" 301 0 "-" "Mozilla/5.0 (compatible; rust_sniffer/0.1; +https://github.com/)"
207.154.212.47 - - [09/Sep/2026:08:29:53 +0100] "POST /api/graphql HTTP/1.1" 301 178 "-" "Mozilla/5.0 (l9scan/2.0.230313e2536313e2434323e2839313; +https://leakix.net)"
139.59.132.8 - - [09/Sep/2026:08:29:53 +0100] "GET /config.json HTTP/1.1" 301 178 "-" "Mozilla/5.0 (l9scan/2.0.230313e2536313e2434323e2839313; +https://leakix.net)"
207.154.212.47 - - [09/Sep/2026:08:29:53 +0100] "POST /graphql/api HTTP/1.1" 301 178 "-" "Mozilla/5.0 (l9scan/2.0.230313e2536313e2434323e2839313; +https://leakix.net)"
47.79.233.158 - - [09/Sep/2026:08:29:53 +0100] "GET /robots.txt HTTP/1.1" 301 178 "-" "Mozilla/5.0 (compatible; rust_sniffer/0.1; +https://github.com/)"
207.154.212.47 - - [09/Sep/2026:08:29:53 +0100] "POST /api/gql HTTP/1.1" 301 178 "-" "Mozilla/5.0 (l9scan/2.0.230313e2536313e2434323e2839313; +https://leakix.net)"
207.154.212.47 - - [09/Sep/2026:08:29:54 +0100] "GET /s/230313e2536313e2434323e2839313/_/;/META-INF/maven/com.atlassian.jira/jira-webapp-dist/pom.properties HTTP/1.1" 301 178 "-" "Mozilla/5.0 (l9scan/2.0.230313e2536313e2434323e2839313; +https://leakix.net)"
164.92.244.132 - - [09/Sep/2026:08:29:54 +0100] "GET /ecp/Current/exporttool/microsoft.exchange.ediscovery.exporttool.application HTTP/1.1" 301 178 "-" "Mozilla/5.0 (l9scan/2.0.230313e2536313e2434323e2839313; +https://leakix.net)"
46.101.111.185 - - [09/Sep/2026:08:29:54 +0100] "GET /.git/config HTTP/1.1" 301 178 "-" "Mozilla/5.0 (l9scan/2.0.230313e2536313e2434323e2839313; +https://leakix.net)"
207.154.212.47 - - [09/Sep/2026:08:29:55 +0100] "GET /config.json HTTP/1.1" 301 178 "-" "Mozilla/5.0 (l9scan/2.0.230313e2536313e2434323e2839313; +https://leakix.net)"
139.59.132.8 - - [09/Sep/2026:08:29:55 +0100] "GET /telescope/requests HTTP/1.1" 301 178 "-" "Mozilla/5.0 (l9scan/2.0.230313e2536313e2434323e2839313; +https://leakix.net)"
139.59.132.8 - - [09/Sep/2026:08:29:55 +0100] "GET /info.php HTTP/1.1" 301 178 "-" "Mozilla/5.0 (l9scan/2.0.230313e2536313e2434323e2839313; +https://leakix.net)"
130.12.180.117 - - [09/Sep/2026:08:29:55 +0100] "GET /.env HTTP/1.1" 301 178 "-" "Mozilla/5.0 (Macintosh; Intel Mac OS X 10_15_7) AppleWebKit/537.36 (KHTML, like Gecko, Yokohama Institute of Information Security https://www.iisec.ac.jp) Chrome/124.0.0.0 Safari/537.36"
46.101.111.185 - - [09/Sep/2026:08:29:55 +0100] "POST /graphql HTTP/1.1" 301 178 "-" "Mozilla/5.0 (l9scan/2.0.230313e2536313e2434323e2839313; +https://leakix.net)"
130.12.180.117 - - [09/Sep/2026:08:29:55 +0100] "GET /.git/HEAD HTTP/1.1" 301 178 "-" "Mozilla/5.0 (Macintosh; Intel Mac OS X 10_15_7) AppleWebKit/537.36 (KHTML, like Gecko, Yokohama Institute of Information Security https://www.iisec.ac.jp) Chrome/124.0.0.0 Safari/537.36"
46.101.111.185 - - [09/Sep/2026:08:29:55 +0100] "POST /api HTTP/1.1" 301 178 "-" "Mozilla/5.0 (l9scan/2.0.230313e2536313e2434323e2839313; +https://leakix.net)"
46.101.111.185 - - [09/Sep/2026:08:29:55 +0100] "POST /api/graphql HTTP/1.1" 301 178 "-" "Mozilla/5.0 (l9scan/2.0.230313e2536313e2434323e2839313; +https://leakix.net)"
130.12.180.117 - - [09/Sep/2026:08:29:55 +0100] "GET /.env.backup HTTP/1.1" 301 178 "-" "Mozilla/5.0 (Macintosh; Intel Mac OS X 10_15_7) AppleWebKit/537.36 (KHTML, like Gecko, Yokohama Institute of Information Security https://www.iisec.ac.jp) Chrome/124.0.0.0 Safari/537.36"
46.101.111.185 - - [09/Sep/2026:08:29:55 +0100] "POST /graphql/api HTTP/1.1" 301 178 "-" "Mozilla/5.0 (l9scan/2.0.230313e2536313e2434323e2839313; +https://leakix.net)"
130.12.180.117 - - [09/Sep/2026:08:29:55 +0100] "GET /.env.old HTTP/1.1" 301 178 "-" "Mozilla/5.0 (Macintosh; Intel Mac OS X 10_15_7) AppleWebKit/537.36 (KHTML, like Gecko, Yokohama Institute of Information Security https://www.iisec.ac.jp) Chrome/124.0.0.0 Safari/537.36"
46.101.111.185 - - [09/Sep/2026:08:29:55 +0100] "POST /api/gql HTTP/1.1" 301 178 "-" "Mozilla/5.0 (l9scan/2.0.230313e2536313e2434323e2839313; +https://leakix.net)"
130.12.180.117 - - [09/Sep/2026:08:29:55 +0100] "GET /.env.save HTTP/1.1" 301 178 "-" "Mozilla/5.0 (Macintosh; Intel Mac OS X 10_15_7) AppleWebKit/537.36 (KHTML, like Gecko, Yokohama Institute of Information Security https://www.iisec.ac.jp) Chrome/124.0.0.0 Safari/537.36"
130.12.180.117 - - [09/Sep/2026:08:29:55 +0100] "GET /.env.bak HTTP/1.1" 301 178 "-" "Mozilla/5.0 (Macintosh; Intel Mac OS X 10_15_7) AppleWebKit/537.36 (KHTML, like Gecko, Yokohama Institute of Information Security https://www.iisec.ac.jp) Chrome/124.0.0.0 Safari/537.36"
130.12.180.117 - - [09/Sep/2026:08:29:55 +0100] "GET /.env.prod HTTP/1.1" 301 178 "-" "Mozilla/5.0 (Macintosh; Intel Mac OS X 10_15_7) AppleWebKit/537.36 (KHTML, like Gecko, Yokohama Institute of Information Security https://www.iisec.ac.jp) Chrome/124.0.0.0 Safari/537.36"
130.12.180.117 - - [09/Sep/2026:08:29:55 +0100] "GET /.env.production HTTP/1.1" 301 178 "-" "Mozilla/5.0 (Macintosh; Intel Mac OS X 10_15_7) AppleWebKit/537.36 (KHTML, like Gecko, Yokohama Institute of Information Security https://www.iisec.ac.jp) Chrome/124.0.0.0 Safari/537.36"
130.12.180.117 - - [09/Sep/2026:08:29:56 +0100] "GET /.env.staging HTTP/1.1" 301 178 "-" "Mozilla/5.0 (Macintosh; Intel Mac OS X 10_15_7) AppleWebKit/537.36 (KHTML, like Gecko, Yokohama Institute of Information Security https://www.iisec.ac.jp) Chrome/124.0.0.0 Safari/537.36"
130.12.180.117 - - [09/Sep/2026:08:29:56 +0100] "GET /.env.live HTTP/1.1" 301 178 "-" "Mozilla/5.0 (Macintosh; Intel Mac OS X 10_15_7) AppleWebKit/537.36 (KHTML, like Gecko, Yokohama Institute of Information Security https://www.iisec.ac.jp) Chrome/124.0.0.0 Safari/537.36"
130.12.180.117 - - [09/Sep/2026:08:29:56 +0100] "GET /.env.dev HTTP/1.1" 301 178 "-" "Mozilla/5.0 (Macintosh; Intel Mac OS X 10_15_7) AppleWebKit/537.36 (KHTML, like Gecko, Yokohama Institute of Information Security https://www.iisec.ac.jp) Chrome/124.0.0.0 Safari/537.36"
130.12.180.117 - - [09/Sep/2026:08:29:56 +0100] "GET /.env.stage HTTP/1.1" 301 178 "-" "Mozilla/5.0 (Macintosh; Intel Mac OS X 10_15_7) AppleWebKit/537.36 (KHTML, like Gecko, Yokohama Institute of Information Security https://www.iisec.ac.jp) Chrome/124.0.0.0 Safari/537.36"
139.59.132.8 - - [09/Sep/2026:08:29:56 +0100] "GET /.well-known/security.txt HTTP/1.1" 301 178 "-" "Mozilla/5.0 (l9scan/2.0.230313e2536313e2434323e2839313; +https://leakix.net)"
164.92.244.132 - - [09/Sep/2026:08:29:56 +0100] "GET /.git/config HTTP/1.1" 301 178 "-" "Mozilla/5.0 (l9scan/2.0.230313e2536313e2434323e2839313; +https://leakix.net)"
130.12.180.117 - - [09/Sep/2026:08:29:56 +0100] "GET /config/.env HTTP/1.1" 301 178 "-" "Mozilla/5.0 (Macintosh; Intel Mac OS X 10_15_7) AppleWebKit/537.36 (KHTML, like Gecko, Yokohama Institute of Information Security https://www.iisec.ac.jp) Chrome/124.0.0.0 Safari/537.36"
130.12.180.117 - - [09/Sep/2026:08:29:56 +0100] "GET /app/.env HTTP/1.1" 301 178 "-" "Mozilla/5.0 (Macintosh; Intel Mac OS X 10_15_7) AppleWebKit/537.36 (KHTML, like Gecko, Yokohama Institute of Information Security https://www.iisec.ac.jp) Chrome/124.0.0.0 Safari/537.36"
130.12.180.117 - - [09/Sep/2026:08:29:56 +0100] "GET /api/.env HTTP/1.1" 301 178 "-" "Mozilla/5.0 (Macintosh; Intel Mac OS X 10_15_7) AppleWebKit/537.36 (KHTML, like Gecko, Yokohama Institute of Information Security https://www.iisec.ac.jp) Chrome/124.0.0.0 Safari/537.36"
46.101.111.185 - - [09/Sep/2026:08:29:56 +0100] "GET /s/230313e2536313e2434323e2839313/_/;/META-INF/maven/com.atlassian.jira/jira-webapp-dist/pom.properties HTTP/1.1" 301 178 "-" "Mozilla/5.0 (l9scan/2.0.230313e2536313e2434323e2839313; +https://leakix.net)"
130.12.180.117 - - [09/Sep/2026:08:29:56 +0100] "GET /application/.env HTTP/1.1" 301 178 "-" "Mozilla/5.0 (Macintosh; Intel Mac OS X 10_15_7) AppleWebKit/537.36 (KHTML, like Gecko, Yokohama Institute of Information Security https://www.iisec.ac.jp) Chrome/124.0.0.0 Safari/537.36"
130.12.180.117 - - [09/Sep/2026:08:29:56 +0100] "GET /functions/.env HTTP/1.1" 301 178 "-" "Mozilla/5.0 (Macintosh; Intel Mac OS X 10_15_7) AppleWebKit/537.36 (KHTML, like Gecko, Yokohama Institute of Information Security https://www.iisec.ac.jp) Chrome/124.0.0.0 Safari/537.36"
207.154.212.47 - - [09/Sep/2026:08:29:56 +0100] "GET /telescope/requests HTTP/1.1" 301 178 "-" "Mozilla/5.0 (l9scan/2.0.230313e2536313e2434323e2839313; +https://leakix.net)"
207.154.212.47 - - [09/Sep/2026:08:29:56 +0100] "GET /info.php HTTP/1.1" 301 178 "-" "Mozilla/5.0 (l9scan/2.0.230313e2536313e2434323e2839313; +https://leakix.net)"
23.178.112.219 - - [09/Sep/2026:08:29:57 +0100] "GET /.well-known/acme-challenge/Hu2sUE6KwYI4hXnbx31RlShRwS37i4HBVa6NUlJYMDY HTTP/1.1" 200 118 "-" "Mozilla/5.0 (compatible; Let's Encrypt validation server; +https://www.letsencrypt.org)"
46.101.111.185 - - [09/Sep/2026:08:29:57 +0100] "GET /config.json HTTP/1.1" 301 178 "-" "Mozilla/5.0 (l9scan/2.0.230313e2536313e2434323e2839313; +https://leakix.net)"
139.59.132.8 - - [09/Sep/2026:08:29:57 +0100] "GET /actuator/env HTTP/1.1" 301 178 "-" "Mozilla/5.0 (l9scan/2.0.230313e2536313e2434323e2839313; +https://leakix.net)"
13.51.178.59 - - [09/Sep/2026:08:29:57 +0100] "GET /.well-known/acme-challenge/Hu2sUE6KwYI4hXnbx31RlShRwS37i4HBVa6NUlJYMDY HTTP/1.1" 200 118 "-" "Mozilla/5.0 (compatible; Let's Encrypt validation server; +https://www.letsencrypt.org)"
23.178.112.210 - - [09/Sep/2026:08:29:57 +0100] "GET /.well-known/acme-challenge/bsYQ8SKJnxxlFUJ_5x4csB8gkbcknVAeKiJJFhrhd6o HTTP/1.1" 200 118 "-" "Mozilla/5.0 (compatible; Let's Encrypt validation server; +https://www.letsencrypt.org)"
34.211.63.247 - - [09/Sep/2026:08:29:57 +0100] "GET /.well-known/acme-challenge/Hu2sUE6KwYI4hXnbx31RlShRwS37i4HBVa6NUlJYMDY HTTP/1.1" 200 118 "-" "Mozilla/5.0 (compatible; Let's Encrypt validation server; +https://www.letsencrypt.org)"
18.217.86.155 - - [09/Sep/2026:08:29:57 +0100] "GET /.well-known/acme-challenge/Hu2sUE6KwYI4hXnbx31RlShRwS37i4HBVa6NUlJYMDY HTTP/1.1" 200 118 "-" "Mozilla/5.0 (compatible; Let's Encrypt validation server; +https://www.letsencrypt.org)"
47.128.152.95 - - [09/Sep/2026:08:29:57 +0100] "GET /.well-known/acme-challenge/Hu2sUE6KwYI4hXnbx31RlShRwS37i4HBVa6NUlJYMDY HTTP/1.1" 200 118 "-" "Mozilla/5.0 (compatible; Let's Encrypt validation server; +https://www.letsencrypt.org)"
164.92.244.132 - - [09/Sep/2026:08:29:57 +0100] "POST /graphql HTTP/1.1" 301 178 "-" "Mozilla/5.0 (l9scan/2.0.230313e2536313e2434323e2839313; +https://leakix.net)"
16.171.16.74 - - [09/Sep/2026:08:29:57 +0100] "GET /.well-known/acme-challenge/bsYQ8SKJnxxlFUJ_5x4csB8gkbcknVAeKiJJFhrhd6o HTTP/1.1" 200 118 "-" "Mozilla/5.0 (compatible; Let's Encrypt validation server; +https://www.letsencrypt.org)"
34.211.63.247 - - [09/Sep/2026:08:29:57 +0100] "GET /.well-known/acme-challenge/bsYQ8SKJnxxlFUJ_5x4csB8gkbcknVAeKiJJFhrhd6o HTTP/1.1" 200 118 "-" "Mozilla/5.0 (compatible; Let's Encrypt validation server; +https://www.letsencrypt.org)"
18.221.57.239 - - [09/Sep/2026:08:29:58 +0100] "GET /.well-known/acme-challenge/bsYQ8SKJnxxlFUJ_5x4csB8gkbcknVAeKiJJFhrhd6o HTTP/1.1" 200 118 "-" "Mozilla/5.0 (compatible; Let's Encrypt validation server; +https://www.letsencrypt.org)"
207.154.212.47 - - [09/Sep/2026:08:29:58 +0100] "GET /.well-known/security.txt HTTP/1.1" 301 178 "-" "Mozilla/5.0 (l9scan/2.0.230313e2536313e2434323e2839313; +https://leakix.net)"
54.255.240.66 - - [09/Sep/2026:08:29:58 +0100] "GET /.well-known/acme-challenge/bsYQ8SKJnxxlFUJ_5x4csB8gkbcknVAeKiJJFhrhd6o HTTP/1.1" 200 118 "-" "Mozilla/5.0 (compatible; Let's Encrypt validation server; +https://www.letsencrypt.org)"
164.92.244.132 - - [09/Sep/2026:08:29:58 +0100] "POST /api HTTP/1.1" 301 178 "-" "Mozilla/5.0 (l9scan/2.0.230313e2536313e2434323e2839313; +https://leakix.net)"
139.59.132.8 - - [09/Sep/2026:08:29:58 +0100] "GET /trace.axd HTTP/1.1" 301 178 "-" "Mozilla/5.0 (l9scan/2.0.230313e2536313e2434323e2839313; +https://leakix.net)"
164.92.244.132 - - [09/Sep/2026:08:29:58 +0100] "POST /api/graphql HTTP/1.1" 301 178 "-" "Mozilla/5.0 (l9scan/2.0.230313e2536313e2434323e2839313; +https://leakix.net)"
207.154.212.47 - - [09/Sep/2026:08:29:59 +0100] "GET /actuator/env HTTP/1.1" 301 178 "-" "Mozilla/5.0 (l9scan/2.0.230313e2536313e2434323e2839313; +https://leakix.net)"
139.59.132.8 - - [09/Sep/2026:08:29:59 +0100] "GET /@vite/env HTTP/1.1" 301 178 "-" "Mozilla/5.0 (l9scan/2.0.230313e2536313e2434323e2839313; +https://leakix.net)"
164.92.244.132 - - [09/Sep/2026:08:29:59 +0100] "POST /graphql/api HTTP/1.1" 301 178 "-" "Mozilla/5.0 (l9scan/2.0.230313e2536313e2434323e2839313; +https://leakix.net)"
46.101.111.185 - - [09/Sep/2026:08:29:59 +0100] "GET /telescope/requests HTTP/1.1" 301 178 "-" "Mozilla/5.0 (l9scan/2.0.230313e2536313e2434323e2839313; +https://leakix.net)"
164.92.244.132 - - [09/Sep/2026:08:29:59 +0100] "POST /api/gql HTTP/1.1" 301 178 "-" "Mozilla/5.0 (l9scan/2.0.230313e2536313e2434323e2839313; +https://leakix.net)"
207.154.212.47 - - [09/Sep/2026:08:30:00 +0100] "GET /trace.axd HTTP/1.1" 301 178 "-" "Mozilla/5.0 (l9scan/2.0.230313e2536313e2434323e2839313; +https://leakix.net)"
164.92.244.132 - - [09/Sep/2026:08:30:00 +0100] "GET /s/230313e2536313e2434323e2839313/_/;/META-INF/maven/com.atlassian.jira/jira-webapp-dist/pom.properties HTTP/1.1" 301 178 "-" "Mozilla/5.0 (l9scan/2.0.230313e2536313e2434323e2839313; +https://leakix.net)"
46.101.111.185 - - [09/Sep/2026:08:30:00 +0100] "GET /info.php HTTP/1.1" 301 178 "-" "Mozilla/5.0 (l9scan/2.0.230313e2536313e2434323e2839313; +https://leakix.net)"
139.59.132.8 - - [09/Sep/2026:08:30:00 +0100] "GET /.vscode/sftp.json HTTP/1.1" 301 178 "-" "Mozilla/5.0 (l9scan/2.0.230313e2536313e2434323e2839313; +https://leakix.net)"
128.199.182.55 - - [09/Sep/2026:08:30:01 +0100] "GET / HTTP/1.1" 301 178 "-" "Mozilla/5.0 (l9scan/2.0.230313e2536313e2434323e2839313; +https://leakix.net)"
46.101.111.185 - - [09/Sep/2026:08:30:01 +0100] "GET /.well-known/security.txt HTTP/1.1" 301 178 "-" "Mozilla/5.0 (l9scan/2.0.230313e2536313e2434323e2839313; +https://leakix.net)"
164.92.244.132 - - [09/Sep/2026:08:30:01 +0100] "GET /config.json HTTP/1.1" 301 178 "-" "Mozilla/5.0 (l9scan/2.0.230313e2536313e2434323e2839313; +https://leakix.net)"
139.59.132.8 - - [09/Sep/2026:08:30:01 +0100] "OPTIONS / HTTP/1.1" 301 178 "-" "Mozilla/5.0 (l9scan/2.0.230313e2536313e2434323e2839313; +https://leakix.net)"
207.154.212.47 - - [09/Sep/2026:08:30:01 +0100] "GET /@vite/env HTTP/1.1" 301 178 "-" "Mozilla/5.0 (l9scan/2.0.230313e2536313e2434323e2839313; +https://leakix.net)"
207.154.212.47 - - [09/Sep/2026:08:30:02 +0100] "GET /.vscode/sftp.json HTTP/1.1" 301 178 "-" "Mozilla/5.0 (l9scan/2.0.230313e2536313e2434323e2839313; +https://leakix.net)"
128.199.182.55 - - [09/Sep/2026:08:30:02 +0100] "GET /console/ HTTP/1.1" 301 178 "-" "Mozilla/5.0 (l9scan/2.0.230313e2536313e2434323e2839313; +https://leakix.net)"
46.101.111.185 - - [09/Sep/2026:08:30:02 +0100] "GET /actuator/env HTTP/1.1" 301 178 "-" "Mozilla/5.0 (l9scan/2.0.230313e2536313e2434323e2839313; +https://leakix.net)"
139.59.132.8 - - [09/Sep/2026:08:30:03 +0100] "GET /?rest_route=/wp/v2/users/ HTTP/1.1" 301 178 "-" "Mozilla/5.0 (l9scan/2.0.230313e2536313e2434323e2839313; +https://leakix.net)"
46.101.111.185 - - [09/Sep/2026:08:30:03 +0100] "GET /trace.axd HTTP/1.1" 301 178 "-" "Mozilla/5.0 (l9scan/2.0.230313e2536313e2434323e2839313; +https://leakix.net)"
139.59.132.8 - - [09/Sep/2026:08:30:03 +0100] "GET /debug/default/view?panel=config HTTP/1.1" 301 178 "-" "Mozilla/5.0 (l9scan/2.0.230313e2536313e2434323e2839313; +https://leakix.net)"
207.154.212.47 - - [09/Sep/2026:08:30:03 +0100] "OPTIONS / HTTP/1.1" 301 178 "-" "Mozilla/5.0 (l9scan/2.0.230313e2536313e2434323e2839313; +https://leakix.net)"
164.92.244.132 - - [09/Sep/2026:08:30:03 +0100] "GET /telescope/requests HTTP/1.1" 301 178 "-" "Mozilla/5.0 (l9scan/2.0.230313e2536313e2434323e2839313; +https://leakix.net)"
128.199.182.55 - - [09/Sep/2026:08:30:03 +0100] "GET /server HTTP/1.1" 301 178 "-" "Mozilla/5.0 (l9scan/2.0.230313e2536313e2434323e2839313; +https://leakix.net)"
164.92.244.132 - - [09/Sep/2026:08:30:04 +0100] "GET /info.php HTTP/1.1" 301 178 "-" "Mozilla/5.0 (l9scan/2.0.230313e2536313e2434323e2839313; +https://leakix.net)"
207.154.212.47 - - [09/Sep/2026:08:30:04 +0100] "GET /?rest_route=/wp/v2/users/ HTTP/1.1" 301 178 "-" "Mozilla/5.0 (l9scan/2.0.230313e2536313e2434323e2839313; +https://leakix.net)"
128.199.182.55 - - [09/Sep/2026:08:30:04 +0100] "GET /server-status HTTP/1.1" 301 178 "-" "Mozilla/5.0 (l9scan/2.0.230313e2536313e2434323e2839313; +https://leakix.net)"
46.101.111.185 - - [09/Sep/2026:08:30:04 +0100] "GET /@vite/env HTTP/1.1" 301 178 "-" "Mozilla/5.0 (l9scan/2.0.230313e2536313e2434323e2839313; +https://leakix.net)"
164.92.244.132 - - [09/Sep/2026:08:30:05 +0100] "GET /.well-known/security.txt HTTP/1.1" 301 178 "-" "Mozilla/5.0 (l9scan/2.0.230313e2536313e2434323e2839313; +https://leakix.net)"
207.154.212.47 - - [09/Sep/2026:08:30:05 +0100] "GET /debug/default/view?panel=config HTTP/1.1" 301 178 "-" "Mozilla/5.0 (l9scan/2.0.230313e2536313e2434323e2839313; +https://leakix.net)"
46.101.111.185 - - [09/Sep/2026:08:30:05 +0100] "GET /.vscode/sftp.json HTTP/1.1" 301 178 "-" "Mozilla/5.0 (l9scan/2.0.230313e2536313e2434323e2839313; +https://leakix.net)"
164.92.244.132 - - [09/Sep/2026:08:30:06 +0100] "GET /actuator/env HTTP/1.1" 301 178 "-" "Mozilla/5.0 (l9scan/2.0.230313e2536313e2434323e2839313; +https://leakix.net)"
128.199.182.55 - - [09/Sep/2026:08:30:06 +0100] "GET /about HTTP/1.1" 301 178 "-" "Mozilla/5.0 (l9scan/2.0.230313e2536313e2434323e2839313; +https://leakix.net)"
46.101.111.185 - - [09/Sep/2026:08:30:06 +0100] "OPTIONS / HTTP/1.1" 301 178 "-" "Mozilla/5.0 (l9scan/2.0.230313e2536313e2434323e2839313; +https://leakix.net)"
164.92.244.132 - - [09/Sep/2026:08:30:07 +0100] "GET /trace.axd HTTP/1.1" 301 178 "-" "Mozilla/5.0 (l9scan/2.0.230313e2536313e2434323e2839313; +https://leakix.net)"
128.199.182.55 - - [09/Sep/2026:08:30:07 +0100] "GET /login.action HTTP/1.1" 301 178 "-" "Mozilla/5.0 (l9scan/2.0.230313e2536313e2434323e2839313; +https://leakix.net)"
46.101.111.185 - - [09/Sep/2026:08:30:07 +0100] "GET /?rest_route=/wp/v2/users/ HTTP/1.1" 301 178 "-" "Mozilla/5.0 (l9scan/2.0.230313e2536313e2434323e2839313; +https://leakix.net)"
164.92.244.132 - - [09/Sep/2026:08:30:08 +0100] "GET /@vite/env HTTP/1.1" 301 178 "-" "Mozilla/5.0 (l9scan/2.0.230313e2536313e2434323e2839313; +https://leakix.net)"
46.101.111.185 - - [09/Sep/2026:08:30:09 +0100] "GET /debug/default/view?panel=config HTTP/1.1" 301 178 "-" "Mozilla/5.0 (l9scan/2.0.230313e2536313e2434323e2839313; +https://leakix.net)"
164.92.244.132 - - [09/Sep/2026:08:30:09 +0100] "GET /.vscode/sftp.json HTTP/1.1" 301 178 "-" "Mozilla/5.0 (l9scan/2.0.230313e2536313e2434323e2839313; +https://leakix.net)"
128.199.182.55 - - [09/Sep/2026:08:30:09 +0100] "GET / HTTP/1.1" 301 178 "-" "Mozilla/5.0 (l9scan/2.0.230313e2536313e2434323e2839313; +https://leakix.net)"
128.199.182.55 - - [09/Sep/2026:08:30:10 +0100] "GET /___proxy_subdomain_whm/login HTTP/1.1" 301 178 "-" "Mozilla/5.0 (l9scan/2.0.230313e2536313e2434323e2839313; +https://leakix.net)"
164.92.244.132 - - [09/Sep/2026:08:30:10 +0100] "OPTIONS / HTTP/1.1" 301 178 "-" "Mozilla/5.0 (l9scan/2.0.230313e2536313e2434323e2839313; +https://leakix.net)"
128.199.182.55 - - [09/Sep/2026:08:30:10 +0100] "GET /___proxy_subdomain_cpanel HTTP/1.1" 301 178 "-" "Mozilla/5.0 (l9scan/2.0.230313e2536313e2434323e2839313; +https://leakix.net)"
128.199.182.55 - - [09/Sep/2026:08:30:11 +0100] "GET /v2/_catalog HTTP/1.1" 301 178 "-" "Mozilla/5.0 (l9scan/2.0.230313e2536313e2434323e2839313; +https://leakix.net)"
164.92.244.132 - - [09/Sep/2026:08:30:11 +0100] "GET /?rest_route=/wp/v2/users/ HTTP/1.1" 301 178 "-" "Mozilla/5.0 (l9scan/2.0.230313e2536313e2434323e2839313; +https://leakix.net)"
130.12.180.117 - - [09/Sep/2026:08:30:11 +0100] "GET /.env HTTP/1.1" 301 178 "-" "Mozilla/5.0 (Macintosh; Intel Mac OS X 10_15_7) AppleWebKit/537.36 (KHTML, like Gecko, Yokohama Institute of Information Security https://www.iisec.ac.jp) Chrome/124.0.0.0 Safari/537.36"
130.12.180.117 - - [09/Sep/2026:08:30:12 +0100] "GET /.git/HEAD HTTP/1.1" 301 178 "-" "Mozilla/5.0 (Macintosh; Intel Mac OS X 10_15_7) AppleWebKit/537.36 (KHTML, like Gecko, Yokohama Institute of Information Security https://www.iisec.ac.jp) Chrome/124.0.0.0 Safari/537.36"
128.199.182.55 - - [09/Sep/2026:08:30:12 +0100] "GET /.DS_Store HTTP/1.1" 301 178 "-" "Mozilla/5.0 (l9scan/2.0.230313e2536313e2434323e2839313; +https://leakix.net)"
130.12.180.117 - - [09/Sep/2026:08:30:12 +0100] "GET /.env.old HTTP/1.1" 301 178 "-" "Mozilla/5.0 (Macintosh; Intel Mac OS X 10_15_7) AppleWebKit/537.36 (KHTML, like Gecko, Yokohama Institute of Information Security https://www.iisec.ac.jp) Chrome/124.0.0.0 Safari/537.36"
164.92.244.132 - - [09/Sep/2026:08:30:12 +0100] "GET /debug/default/view?panel=config HTTP/1.1" 301 178 "-" "Mozilla/5.0 (l9scan/2.0.230313e2536313e2434323e2839313; +https://leakix.net)"
130.12.180.117 - - [09/Sep/2026:08:30:13 +0100] "GET /.env.save HTTP/1.1" 301 178 "-" "Mozilla/5.0 (Macintosh; Intel Mac OS X 10_15_7) AppleWebKit/537.36 (KHTML, like Gecko, Yokohama Institute of Information Security https://www.iisec.ac.jp) Chrome/124.0.0.0 Safari/537.36"
130.12.180.117 - - [09/Sep/2026:08:30:13 +0100] "GET /.env.bak HTTP/1.1" 301 178 "-" "Mozilla/5.0 (Macintosh; Intel Mac OS X 10_15_7) AppleWebKit/537.36 (KHTML, like Gecko, Yokohama Institute of Information Security https://www.iisec.ac.jp) Chrome/124.0.0.0 Safari/537.36"
128.199.182.55 - - [09/Sep/2026:08:30:13 +0100] "GET /.env HTTP/1.1" 301 178 "-" "Mozilla/5.0 (l9scan/2.0.230313e2536313e2434323e2839313; +https://leakix.net)"
130.12.180.117 - - [09/Sep/2026:08:30:13 +0100] "GET /.env.prod HTTP/1.1" 301 178 "-" "Mozilla/5.0 (Macintosh; Intel Mac OS X 10_15_7) AppleWebKit/537.36 (KHTML, like Gecko, Yokohama Institute of Information Security https://www.iisec.ac.jp) Chrome/124.0.0.0 Safari/537.36"
23.178.112.103 - - [09/Sep/2026:08:30:13 +0100] "GET /.well-known/acme-challenge/apSYd4TpbtORQfkKApqBLUIHI_EQU9nl-AVmeb7negw HTTP/1.1" 200 118 "-" "Mozilla/5.0 (compatible; Let's Encrypt validation server; +https://www.letsencrypt.org)"
23.178.112.103 - - [09/Sep/2026:08:30:14 +0100] "GET /.well-known/acme-challenge/R2-bLop8iwl8Vr7f7No_dXnkYNMQ-T1pDlnTiZ6dusE HTTP/1.1" 200 118 "-" "Mozilla/5.0 (compatible; Let's Encrypt validation server; +https://www.letsencrypt.org)"
130.12.180.117 - - [09/Sep/2026:08:30:14 +0100] "GET /.env.production HTTP/1.1" 301 178 "-" "Mozilla/5.0 (Macintosh; Intel Mac OS X 10_15_7) AppleWebKit/537.36 (KHTML, like Gecko, Yokohama Institute of Information Security https://www.iisec.ac.jp) Chrome/124.0.0.0 Safari/537.36"
13.50.248.119 - - [09/Sep/2026:08:30:14 +0100] "GET /.well-known/acme-challenge/apSYd4TpbtORQfkKApqBLUIHI_EQU9nl-AVmeb7negw HTTP/1.1" 200 118 "-" "Mozilla/5.0 (compatible; Let's Encrypt validation server; +https://www.letsencrypt.org)"
18.221.57.239 - - [09/Sep/2026:08:30:14 +0100] "GET /.well-known/acme-challenge/apSYd4TpbtORQfkKApqBLUIHI_EQU9nl-AVmeb7negw HTTP/1.1" 200 118 "-" "Mozilla/5.0 (compatible; Let's Encrypt validation server; +https://www.letsencrypt.org)"
16.171.16.74 - - [09/Sep/2026:08:30:14 +0100] "GET /.well-known/acme-challenge/R2-bLop8iwl8Vr7f7No_dXnkYNMQ-T1pDlnTiZ6dusE HTTP/1.1" 200 118 "-" "Mozilla/5.0 (compatible; Let's Encrypt validation server; +https://www.letsencrypt.org)"
47.128.152.95 - - [09/Sep/2026:08:30:14 +0100] "GET /.well-known/acme-challenge/apSYd4TpbtORQfkKApqBLUIHI_EQU9nl-AVmeb7negw HTTP/1.1" 200 118 "-" "Mozilla/5.0 (compatible; Let's Encrypt validation server; +https://www.letsencrypt.org)"
130.12.180.117 - - [09/Sep/2026:08:30:14 +0100] "GET /.env.staging HTTP/1.1" 301 178 "-" "Mozilla/5.0 (Macintosh; Intel Mac OS X 10_15_7) AppleWebKit/537.36 (KHTML, like Gecko, Yokohama Institute of Information Security https://www.iisec.ac.jp) Chrome/124.0.0.0 Safari/537.36"
16.59.41.123 - - [09/Sep/2026:08:30:14 +0100] "GET /.well-known/acme-challenge/R2-bLop8iwl8Vr7f7No_dXnkYNMQ-T1pDlnTiZ6dusE HTTP/1.1" 200 118 "-" "Mozilla/5.0 (compatible; Let's Encrypt validation server; +https://www.letsencrypt.org)"
35.91.241.161 - - [09/Sep/2026:08:30:14 +0100] "GET /.well-known/acme-challenge/apSYd4TpbtORQfkKApqBLUIHI_EQU9nl-AVmeb7negw HTTP/1.1" 200 118 "-" "Mozilla/5.0 (compatible; Let's Encrypt validation server; +https://www.letsencrypt.org)"
54.255.222.89 - - [09/Sep/2026:08:30:14 +0100] "GET /.well-known/acme-challenge/R2-bLop8iwl8Vr7f7No_dXnkYNMQ-T1pDlnTiZ6dusE HTTP/1.1" 200 118 "-" "Mozilla/5.0 (compatible; Let's Encrypt validation server; +https://www.letsencrypt.org)"
54.203.2.127 - - [09/Sep/2026:08:30:14 +0100] "GET /.well-known/acme-challenge/R2-bLop8iwl8Vr7f7No_dXnkYNMQ-T1pDlnTiZ6dusE HTTP/1.1" 200 118 "-" "Mozilla/5.0 (compatible; Let's Encrypt validation server; +https://www.letsencrypt.org)"
130.12.180.117 - - [09/Sep/2026:08:30:14 +0100] "GET /.env.local HTTP/1.1" 301 178 "-" "Mozilla/5.0 (Macintosh; Intel Mac OS X 10_15_7) AppleWebKit/537.36 (KHTML, like Gecko, Yokohama Institute of Information Security https://www.iisec.ac.jp) Chrome/124.0.0.0 Safari/537.36"
130.12.180.117 - - [09/Sep/2026:08:30:14 +0100] "GET /.env.live HTTP/1.1" 301 178 "-" "Mozilla/5.0 (Macintosh; Intel Mac OS X 10_15_7) AppleWebKit/537.36 (KHTML, like Gecko, Yokohama Institute of Information Security https://www.iisec.ac.jp) Chrome/124.0.0.0 Safari/537.36"
130.12.180.117 - - [09/Sep/2026:08:30:15 +0100] "GET /.env.dev HTTP/1.1" 301 178 "-" "Mozilla/5.0 (Macintosh; Intel Mac OS X 10_15_7) AppleWebKit/537.36 (KHTML, like Gecko, Yokohama Institute of Information Security https://www.iisec.ac.jp) Chrome/124.0.0.0 Safari/537.36"
130.12.180.117 - - [09/Sep/2026:08:30:15 +0100] "GET /.env.stage HTTP/1.1" 301 178 "-" "Mozilla/5.0 (Macintosh; Intel Mac OS X 10_15_7) AppleWebKit/537.36 (KHTML, like Gecko, Yokohama Institute of Information Security https://www.iisec.ac.jp) Chrome/124.0.0.0 Safari/537.36"
130.12.180.117 - - [09/Sep/2026:08:30:15 +0100] "GET /config/.env HTTP/1.1" 301 178 "-" "Mozilla/5.0 (Macintosh; Intel Mac OS X 10_15_7) AppleWebKit/537.36 (KHTML, like Gecko, Yokohama Institute of Information Security https://www.iisec.ac.jp) Chrome/124.0.0.0 Safari/537.36"
128.199.182.55 - - [09/Sep/2026:08:30:15 +0100] "GET /ecp/Current/exporttool/microsoft.exchange.ediscovery.exporttool.application HTTP/1.1" 301 178 "-" "Mozilla/5.0 (l9scan/2.0.230313e2536313e2434323e2839313; +https://leakix.net)"
130.12.180.117 - - [09/Sep/2026:08:30:15 +0100] "GET /app/.env HTTP/1.1" 301 178 "-" "Mozilla/5.0 (Macintosh; Intel Mac OS X 10_15_7) AppleWebKit/537.36 (KHTML, like Gecko, Yokohama Institute of Information Security https://www.iisec.ac.jp) Chrome/124.0.0.0 Safari/537.36"
130.12.180.117 - - [09/Sep/2026:08:30:16 +0100] "GET /api/.env HTTP/1.1" 301 178 "-" "Mozilla/5.0 (Macintosh; Intel Mac OS X 10_15_7) AppleWebKit/537.36 (KHTML, like Gecko, Yokohama Institute of Information Security https://www.iisec.ac.jp) Chrome/124.0.0.0 Safari/537.36"
130.12.180.117 - - [09/Sep/2026:08:30:16 +0100] "GET /application/.env HTTP/1.1" 301 178 "-" "Mozilla/5.0 (Macintosh; Intel Mac OS X 10_15_7) AppleWebKit/537.36 (KHTML, like Gecko, Yokohama Institute of Information Security https://www.iisec.ac.jp) Chrome/124.0.0.0 Safari/537.36"
164.90.228.79 - - [09/Sep/2026:08:30:16 +0100] "GET / HTTP/1.1" 301 178 "-" "Mozilla/5.0 (l9scan/2.0.230313e2536313e2434323e2839313; +https://leakix.net)"
164.90.228.79 - - [09/Sep/2026:08:30:16 +0100] "GET / HTTP/1.1" 301 178 "-" "Mozilla/5.0 (l9scan/2.0.230313e2536313e2434323e2839313; +https://leakix.net)"
130.12.180.117 - - [09/Sep/2026:08:30:16 +0100] "GET /functions/.env HTTP/1.1" 301 178 "-" "Mozilla/5.0 (Macintosh; Intel Mac OS X 10_15_7) AppleWebKit/537.36 (KHTML, like Gecko, Yokohama Institute of Information Security https://www.iisec.ac.jp) Chrome/124.0.0.0 Safari/537.36"
143.110.217.244 - - [09/Sep/2026:08:30:16 +0100] "GET / HTTP/1.1" 301 178 "-" "Mozilla/5.0 (l9scan/2.0.230313e2536313e2434323e2839313; +https://leakix.net)"
128.199.182.55 - - [09/Sep/2026:08:30:17 +0100] "GET /.git/config HTTP/1.1" 301 178 "-" "Mozilla/5.0 (l9scan/2.0.230313e2536313e2434323e2839313; +https://leakix.net)"
143.110.217.244 - - [09/Sep/2026:08:30:18 +0100] "GET /console/ HTTP/1.1" 301 178 "-" "Mozilla/5.0 (l9scan/2.0.230313e2536313e2434323e2839313; +https://leakix.net)"
164.90.228.79 - - [09/Sep/2026:08:30:18 +0100] "GET /console/ HTTP/1.1" 301 178 "-" "Mozilla/5.0 (l9scan/2.0.230313e2536313e2434323e2839313; +https://leakix.net)"
164.90.228.79 - - [09/Sep/2026:08:30:18 +0100] "GET /console/ HTTP/1.1" 301 178 "-" "Mozilla/5.0 (l9scan/2.0.230313e2536313e2434323e2839313; +https://leakix.net)"
128.199.182.55 - - [09/Sep/2026:08:30:18 +0100] "POST /graphql HTTP/1.1" 301 178 "-" "Mozilla/5.0 (l9scan/2.0.230313e2536313e2434323e2839313; +https://leakix.net)"
143.110.217.244 - - [09/Sep/2026:08:30:18 +0100] "GET /server HTTP/1.1" 301 178 "-" "Mozilla/5.0 (l9scan/2.0.230313e2536313e2434323e2839313; +https://leakix.net)"
164.90.228.79 - - [09/Sep/2026:08:30:19 +0100] "GET /server HTTP/1.1" 301 178 "-" "Mozilla/5.0 (l9scan/2.0.230313e2536313e2434323e2839313; +https://leakix.net)"
164.90.228.79 - - [09/Sep/2026:08:30:19 +0100] "GET /server HTTP/1.1" 301 178 "-" "Mozilla/5.0 (l9scan/2.0.230313e2536313e2434323e2839313; +https://leakix.net)"
128.199.182.55 - - [09/Sep/2026:08:30:19 +0100] "POST /api HTTP/1.1" 301 178 "-" "Mozilla/5.0 (l9scan/2.0.230313e2536313e2434323e2839313; +https://leakix.net)"
143.110.217.244 - - [09/Sep/2026:08:30:20 +0100] "GET /server-status HTTP/1.1" 301 178 "-" "Mozilla/5.0 (l9scan/2.0.230313e2536313e2434323e2839313; +https://leakix.net)"
128.199.182.55 - - [09/Sep/2026:08:30:20 +0100] "POST /api/graphql HTTP/1.1" 301 178 "-" "Mozilla/5.0 (l9scan/2.0.230313e2536313e2434323e2839313; +https://leakix.net)"
164.90.228.79 - - [09/Sep/2026:08:30:20 +0100] "GET /server-status HTTP/1.1" 301 178 "-" "Mozilla/5.0 (l9scan/2.0.230313e2536313e2434323e2839313; +https://leakix.net)"
164.90.228.79 - - [09/Sep/2026:08:30:20 +0100] "GET /server-status HTTP/1.1" 301 178 "-" "Mozilla/5.0 (l9scan/2.0.230313e2536313e2434323e2839313; +https://leakix.net)"
128.199.182.55 - - [09/Sep/2026:08:30:20 +0100] "POST /graphql/api HTTP/1.1" 301 178 "-" "Mozilla/5.0 (l9scan/2.0.230313e2536313e2434323e2839313; +https://leakix.net)"
128.199.182.55 - - [09/Sep/2026:08:30:21 +0100] "POST /api/gql HTTP/1.1" 301 178 "-" "Mozilla/5.0 (l9scan/2.0.230313e2536313e2434323e2839313; +https://leakix.net)"
128.199.182.55 - - [09/Sep/2026:08:30:21 +0100] "GET /s/230313e2536313e2434323e2839313/_/;/META-INF/maven/com.atlassian.jira/jira-webapp-dist/pom.properties HTTP/1.1" 301 178 "-" "Mozilla/5.0 (l9scan/2.0.230313e2536313e2434323e2839313; +https://leakix.net)"
143.110.217.244 - - [09/Sep/2026:08:30:21 +0100] "GET /about HTTP/1.1" 301 178 "-" "Mozilla/5.0 (l9scan/2.0.230313e2536313e2434323e2839313; +https://leakix.net)"
164.90.228.79 - - [09/Sep/2026:08:30:22 +0100] "GET /about HTTP/1.1" 301 178 "-" "Mozilla/5.0 (l9scan/2.0.230313e2536313e2434323e2839313; +https://leakix.net)"
164.90.228.79 - - [09/Sep/2026:08:30:22 +0100] "GET /about HTTP/1.1" 301 178 "-" "Mozilla/5.0 (l9scan/2.0.230313e2536313e2434323e2839313; +https://leakix.net)"
128.199.182.55 - - [09/Sep/2026:08:30:22 +0100] "GET /config.json HTTP/1.1" 301 178 "-" "Mozilla/5.0 (l9scan/2.0.230313e2536313e2434323e2839313; +https://leakix.net)"
143.110.217.244 - - [09/Sep/2026:08:30:23 +0100] "GET /login.action HTTP/1.1" 301 178 "-" "Mozilla/5.0 (l9scan/2.0.230313e2536313e2434323e2839313; +https://leakix.net)"
164.90.228.79 - - [09/Sep/2026:08:30:23 +0100] "GET /login.action HTTP/1.1" 301 178 "-" "Mozilla/5.0 (l9scan/2.0.230313e2536313e2434323e2839313; +https://leakix.net)"
164.90.228.79 - - [09/Sep/2026:08:30:23 +0100] "GET /login.action HTTP/1.1" 301 178 "-" "Mozilla/5.0 (l9scan/2.0.230313e2536313e2434323e2839313; +https://leakix.net)"
143.110.217.244 - - [09/Sep/2026:08:30:23 +0100] "GET / HTTP/1.1" 301 178 "-" "Mozilla/5.0 (l9scan/2.0.230313e2536313e2434323e2839313; +https://leakix.net)"
143.110.217.244 - - [09/Sep/2026:08:30:24 +0100] "GET /___proxy_subdomain_whm/login HTTP/1.1" 301 178 "-" "Mozilla/5.0 (l9scan/2.0.230313e2536313e2434323e2839313; +https://leakix.net)"
143.110.217.244 - - [09/Sep/2026:08:30:24 +0100] "GET /___proxy_subdomain_cpanel HTTP/1.1" 301 178 "-" "Mozilla/5.0 (l9scan/2.0.230313e2536313e2434323e2839313; +https://leakix.net)"
164.90.228.79 - - [09/Sep/2026:08:30:24 +0100] "GET / HTTP/1.1" 301 178 "-" "Mozilla/5.0 (l9scan/2.0.230313e2536313e2434323e2839313; +https://leakix.net)"
164.90.228.79 - - [09/Sep/2026:08:30:24 +0100] "GET / HTTP/1.1" 301 178 "-" "Mozilla/5.0 (l9scan/2.0.230313e2536313e2434323e2839313; +https://leakix.net)"
143.110.217.244 - - [09/Sep/2026:08:30:24 +0100] "GET /v2/_catalog HTTP/1.1" 301 178 "-" "Mozilla/5.0 (l9scan/2.0.230313e2536313e2434323e2839313; +https://leakix.net)"
128.199.182.55 - - [09/Sep/2026:08:30:24 +0100] "GET /telescope/requests HTTP/1.1" 301 178 "-" "Mozilla/5.0 (l9scan/2.0.230313e2536313e2434323e2839313; +https://leakix.net)"
164.90.228.79 - - [09/Sep/2026:08:30:24 +0100] "GET /___proxy_subdomain_whm/login HTTP/1.1" 301 178 "-" "Mozilla/5.0 (l9scan/2.0.230313e2536313e2434323e2839313; +https://leakix.net)"
164.90.228.79 - - [09/Sep/2026:08:30:24 +0100] "GET /___proxy_subdomain_whm/login HTTP/1.1" 301 178 "-" "Mozilla/5.0 (l9scan/2.0.230313e2536313e2434323e2839313; +https://leakix.net)"
128.199.182.55 - - [09/Sep/2026:08:30:25 +0100] "GET /info.php HTTP/1.1" 301 178 "-" "Mozilla/5.0 (l9scan/2.0.230313e2536313e2434323e2839313; +https://leakix.net)"
164.90.228.79 - - [09/Sep/2026:08:30:25 +0100] "GET /___proxy_subdomain_cpanel HTTP/1.1" 301 178 "-" "Mozilla/5.0 (l9scan/2.0.230313e2536313e2434323e2839313; +https://leakix.net)"
164.90.228.79 - - [09/Sep/2026:08:30:25 +0100] "GET /___proxy_subdomain_cpanel HTTP/1.1" 301 178 "-" "Mozilla/5.0 (l9scan/2.0.230313e2536313e2434323e2839313; +https://leakix.net)"
164.90.228.79 - - [09/Sep/2026:08:30:25 +0100] "GET /v2/_catalog HTTP/1.1" 301 178 "-" "Mozilla/5.0 (l9scan/2.0.230313e2536313e2434323e2839313; +https://leakix.net)"
164.90.228.79 - - [09/Sep/2026:08:30:25 +0100] "GET /v2/_catalog HTTP/1.1" 301 178 "-" "Mozilla/5.0 (l9scan/2.0.230313e2536313e2434323e2839313; +https://leakix.net)"
143.110.217.244 - - [09/Sep/2026:08:30:25 +0100] "GET /.DS_Store HTTP/1.1" 301 178 "-" "Mozilla/5.0 (l9scan/2.0.230313e2536313e2434323e2839313; +https://leakix.net)"
128.199.182.55 - - [09/Sep/2026:08:30:26 +0100] "GET /.well-known/security.txt HTTP/1.1" 301 178 "-" "Mozilla/5.0 (l9scan/2.0.230313e2536313e2434323e2839313; +https://leakix.net)"
164.90.228.79 - - [09/Sep/2026:08:30:26 +0100] "GET /.DS_Store HTTP/1.1" 301 178 "-" "Mozilla/5.0 (l9scan/2.0.230313e2536313e2434323e2839313; +https://leakix.net)"
164.90.228.79 - - [09/Sep/2026:08:30:26 +0100] "GET /.DS_Store HTTP/1.1" 301 178 "-" "Mozilla/5.0 (l9scan/2.0.230313e2536313e2434323e2839313; +https://leakix.net)"
143.110.217.244 - - [09/Sep/2026:08:30:26 +0100] "GET /.env HTTP/1.1" 301 178 "-" "Mozilla/5.0 (l9scan/2.0.230313e2536313e2434323e2839313; +https://leakix.net)"
128.199.182.55 - - [09/Sep/2026:08:30:27 +0100] "GET /actuator/env HTTP/1.1" 301 178 "-" "Mozilla/5.0 (l9scan/2.0.230313e2536313e2434323e2839313; +https://leakix.net)"
164.90.228.79 - - [09/Sep/2026:08:30:27 +0100] "GET /.env HTTP/1.1" 301 178 "-" "Mozilla/5.0 (l9scan/2.0.230313e2536313e2434323e2839313; +https://leakix.net)"
130.12.180.117 - - [09/Sep/2026:08:30:27 +0100] "GET /.env HTTP/1.1" 301 178 "-" "Mozilla/5.0 (Macintosh; Intel Mac OS X 10_15_7) AppleWebKit/537.36 (KHTML, like Gecko, Yokohama Institute of Information Security https://www.iisec.ac.jp) Chrome/124.0.0.0 Safari/537.36"
130.12.180.117 - - [09/Sep/2026:08:30:27 +0100] "GET /.git/HEAD HTTP/1.1" 301 178 "-" "Mozilla/5.0 (Macintosh; Intel Mac OS X 10_15_7) AppleWebKit/537.36 (KHTML, like Gecko, Yokohama Institute of Information Security https://www.iisec.ac.jp) Chrome/124.0.0.0 Safari/537.36"
130.12.180.117 - - [09/Sep/2026:08:30:27 +0100] "GET /.env.backup HTTP/1.1" 301 178 "-" "Mozilla/5.0 (Macintosh; Intel Mac OS X 10_15_7) AppleWebKit/537.36 (KHTML, like Gecko, Yokohama Institute of Information Security https://www.iisec.ac.jp) Chrome/124.0.0.0 Safari/537.36"
130.12.180.117 - - [09/Sep/2026:08:30:27 +0100] "GET /.env.old HTTP/1.1" 301 178 "-" "Mozilla/5.0 (Macintosh; Intel Mac OS X 10_15_7) AppleWebKit/537.36 (KHTML, like Gecko, Yokohama Institute of Information Security https://www.iisec.ac.jp) Chrome/124.0.0.0 Safari/537.36"
164.90.228.79 - - [09/Sep/2026:08:30:28 +0100] "GET /.env HTTP/1.1" 301 178 "-" "Mozilla/5.0 (l9scan/2.0.230313e2536313e2434323e2839313; +https://leakix.net)"
130.12.180.117 - - [09/Sep/2026:08:30:28 +0100] "GET /.env.save HTTP/1.1" 301 178 "-" "Mozilla/5.0 (Macintosh; Intel Mac OS X 10_15_7) AppleWebKit/537.36 (KHTML, like Gecko, Yokohama Institute of Information Security https://www.iisec.ac.jp) Chrome/124.0.0.0 Safari/537.36"
130.12.180.117 - - [09/Sep/2026:08:30:28 +0100] "GET /.env.bak HTTP/1.1" 301 178 "-" "Mozilla/5.0 (Macintosh; Intel Mac OS X 10_15_7) AppleWebKit/537.36 (KHTML, like Gecko, Yokohama Institute of Information Security https://www.iisec.ac.jp) Chrome/124.0.0.0 Safari/537.36"
128.199.182.55 - - [09/Sep/2026:08:30:28 +0100] "GET /trace.axd HTTP/1.1" 301 178 "-" "Mozilla/5.0 (l9scan/2.0.230313e2536313e2434323e2839313; +https://leakix.net)"
130.12.180.117 - - [09/Sep/2026:08:30:28 +0100] "GET /.env.prod HTTP/1.1" 301 178 "-" "Mozilla/5.0 (Macintosh; Intel Mac OS X 10_15_7) AppleWebKit/537.36 (KHTML, like Gecko, Yokohama Institute of Information Security https://www.iisec.ac.jp) Chrome/124.0.0.0 Safari/537.36"
130.12.180.117 - - [09/Sep/2026:08:30:28 +0100] "GET /.env.production HTTP/1.1" 301 178 "-" "Mozilla/5.0 (Macintosh; Intel Mac OS X 10_15_7) AppleWebKit/537.36 (KHTML, like Gecko, Yokohama Institute of Information Security https://www.iisec.ac.jp) Chrome/124.0.0.0 Safari/537.36"
130.12.180.117 - - [09/Sep/2026:08:30:28 +0100] "GET /.env.staging HTTP/1.1" 301 178 "-" "Mozilla/5.0 (Macintosh; Intel Mac OS X 10_15_7) AppleWebKit/537.36 (KHTML, like Gecko, Yokohama Institute of Information Security https://www.iisec.ac.jp) Chrome/124.0.0.0 Safari/537.36"
130.12.180.117 - - [09/Sep/2026:08:30:28 +0100] "GET /.env.local HTTP/1.1" 301 178 "-" "Mozilla/5.0 (Macintosh; Intel Mac OS X 10_15_7) AppleWebKit/537.36 (KHTML, like Gecko, Yokohama Institute of Information Security https://www.iisec.ac.jp) Chrome/124.0.0.0 Safari/537.36"
143.110.217.244 - - [09/Sep/2026:08:30:28 +0100] "GET /ecp/Current/exporttool/microsoft.exchange.ediscovery.exporttool.application HTTP/1.1" 301 178 "-" "Mozilla/5.0 (l9scan/2.0.230313e2536313e2434323e2839313; +https://leakix.net)"
130.12.180.117 - - [09/Sep/2026:08:30:28 +0100] "GET /.env.live HTTP/1.1" 301 178 "-" "Mozilla/5.0 (Macintosh; Intel Mac OS X 10_15_7) AppleWebKit/537.36 (KHTML, like Gecko, Yokohama Institute of Information Security https://www.iisec.ac.jp) Chrome/124.0.0.0 Safari/537.36"
130.12.180.117 - - [09/Sep/2026:08:30:28 +0100] "GET /.env.dev HTTP/1.1" 301 178 "-" "Mozilla/5.0 (Macintosh; Intel Mac OS X 10_15_7) AppleWebKit/537.36 (KHTML, like Gecko, Yokohama Institute of Information Security https://www.iisec.ac.jp) Chrome/124.0.0.0 Safari/537.36"
130.12.180.117 - - [09/Sep/2026:08:30:28 +0100] "GET /.env.stage HTTP/1.1" 301 178 "-" "Mozilla/5.0 (Macintosh; Intel Mac OS X 10_15_7) AppleWebKit/537.36 (KHTML, like Gecko, Yokohama Institute of Information Security https://www.iisec.ac.jp) Chrome/124.0.0.0 Safari/537.36"
130.12.180.117 - - [09/Sep/2026:08:30:29 +0100] "GET /config/.env HTTP/1.1" 301 178 "-" "Mozilla/5.0 (Macintosh; Intel Mac OS X 10_15_7) AppleWebKit/537.36 (KHTML, like Gecko, Yokohama Institute of Information Security https://www.iisec.ac.jp) Chrome/124.0.0.0 Safari/537.36"
130.12.180.117 - - [09/Sep/2026:08:30:29 +0100] "GET /app/.env HTTP/1.1" 301 178 "-" "Mozilla/5.0 (Macintosh; Intel Mac OS X 10_15_7) AppleWebKit/537.36 (KHTML, like Gecko, Yokohama Institute of Information Security https://www.iisec.ac.jp) Chrome/124.0.0.0 Safari/537.36"
130.12.180.117 - - [09/Sep/2026:08:30:29 +0100] "GET /api/.env HTTP/1.1" 301 178 "-" "Mozilla/5.0 (Macintosh; Intel Mac OS X 10_15_7) AppleWebKit/537.36 (KHTML, like Gecko, Yokohama Institute of Information Security https://www.iisec.ac.jp) Chrome/124.0.0.0 Safari/537.36"
130.12.180.117 - - [09/Sep/2026:08:30:29 +0100] "GET /application/.env HTTP/1.1" 301 178 "-" "Mozilla/5.0 (Macintosh; Intel Mac OS X 10_15_7) AppleWebKit/537.36 (KHTML, like Gecko, Yokohama Institute of Information Security https://www.iisec.ac.jp) Chrome/124.0.0.0 Safari/537.36"
128.199.182.55 - - [09/Sep/2026:08:30:29 +0100] "GET /@vite/env HTTP/1.1" 301 178 "-" "Mozilla/5.0 (l9scan/2.0.230313e2536313e2434323e2839313; +https://leakix.net)"
164.90.228.79 - - [09/Sep/2026:08:30:29 +0100] "GET /ecp/Current/exporttool/microsoft.exchange.ediscovery.exporttool.application HTTP/1.1" 301 178 "-" "Mozilla/5.0 (l9scan/2.0.230313e2536313e2434323e2839313; +https://leakix.net)"
130.12.180.117 - - [09/Sep/2026:08:30:29 +0100] "GET /functions/.env HTTP/1.1" 301 178 "-" "Mozilla/5.0 (Macintosh; Intel Mac OS X 10_15_7) AppleWebKit/537.36 (KHTML, like Gecko, Yokohama Institute of Information Security https://www.iisec.ac.jp) Chrome/124.0.0.0 Safari/537.36"
164.90.228.79 - - [09/Sep/2026:08:30:29 +0100] "GET /ecp/Current/exporttool/microsoft.exchange.ediscovery.exporttool.application HTTP/1.1" 301 178 "-" "Mozilla/5.0 (l9scan/2.0.230313e2536313e2434323e2839313; +https://leakix.net)"
128.199.182.55 - - [09/Sep/2026:08:30:30 +0100] "GET /.vscode/sftp.json HTTP/1.1" 301 178 "-" "Mozilla/5.0 (l9scan/2.0.230313e2536313e2434323e2839313; +https://leakix.net)"
139.59.132.8 - - [09/Sep/2026:08:30:30 +0100] "GET / HTTP/1.1" 301 178 "-" "Mozilla/5.0 (l9scan/2.0.230313e2536313e2434323e2839313; +https://leakix.net)"
143.110.217.244 - - [09/Sep/2026:08:30:30 +0100] "GET /.git/config HTTP/1.1" 301 178 "-" "Mozilla/5.0 (l9scan/2.0.230313e2536313e2434323e2839313; +https://leakix.net)"
139.59.132.8 - - [09/Sep/2026:08:30:30 +0100] "GET / HTTP/1.1" 301 178 "-" "Mozilla/5.0 (l9scan/2.0.230313e2536313e2434323e2839313; +https://leakix.net)"
159.89.127.165 - - [09/Sep/2026:08:30:30 +0100] "GET / HTTP/1.1" 301 178 "-" "Mozilla/5.0 (l9scan/2.0.230313e2536313e2434323e2839313; +https://leakix.net)"
159.223.132.86 - - [09/Sep/2026:08:30:30 +0100] "GET / HTTP/1.1" 301 178 "-" "Mozilla/5.0 (l9scan/2.0.230313e2536313e2434323e2839313; +https://leakix.net)"
128.199.182.55 - - [09/Sep/2026:08:30:31 +0100] "OPTIONS / HTTP/1.1" 301 178 "-" "Mozilla/5.0 (l9scan/2.0.230313e2536313e2434323e2839313; +https://leakix.net)"
164.90.228.79 - - [09/Sep/2026:08:30:31 +0100] "GET /.git/config HTTP/1.1" 301 178 "-" "Mozilla/5.0 (l9scan/2.0.230313e2536313e2434323e2839313; +https://leakix.net)"
164.90.228.79 - - [09/Sep/2026:08:30:31 +0100] "GET /.git/config HTTP/1.1" 301 178 "-" "Mozilla/5.0 (l9scan/2.0.230313e2536313e2434323e2839313; +https://leakix.net)"
139.59.132.8 - - [09/Sep/2026:08:30:31 +0100] "GET /console/ HTTP/1.1" 301 178 "-" "Mozilla/5.0 (l9scan/2.0.230313e2536313e2434323e2839313; +https://leakix.net)"
159.89.127.165 - - [09/Sep/2026:08:30:31 +0100] "GET /console/ HTTP/1.1" 301 178 "-" "Mozilla/5.0 (l9scan/2.0.230313e2536313e2434323e2839313; +https://leakix.net)"
143.110.217.244 - - [09/Sep/2026:08:30:31 +0100] "POST /graphql HTTP/1.1" 301 178 "-" "Mozilla/5.0 (l9scan/2.0.230313e2536313e2434323e2839313; +https://leakix.net)"
139.59.132.8 - - [09/Sep/2026:08:30:31 +0100] "GET /console/ HTTP/1.1" 301 178 "-" "Mozilla/5.0 (l9scan/2.0.230313e2536313e2434323e2839313; +https://leakix.net)"
159.223.132.86 - - [09/Sep/2026:08:30:31 +0100] "GET /console/ HTTP/1.1" 301 178 "-" "Mozilla/5.0 (l9scan/2.0.230313e2536313e2434323e2839313; +https://leakix.net)"
128.199.182.55 - - [09/Sep/2026:08:30:32 +0100] "GET /?rest_route=/wp/v2/users/ HTTP/1.1" 301 178 "-" "Mozilla/5.0 (l9scan/2.0.230313e2536313e2434323e2839313; +https://leakix.net)"
143.110.217.244 - - [09/Sep/2026:08:30:32 +0100] "POST /api HTTP/1.1" 301 178 "-" "Mozilla/5.0 (l9scan/2.0.230313e2536313e2434323e2839313; +https://leakix.net)"
164.90.228.79 - - [09/Sep/2026:08:30:32 +0100] "POST /graphql HTTP/1.1" 301 178 "-" "Mozilla/5.0 (l9scan/2.0.230313e2536313e2434323e2839313; +https://leakix.net)"
143.110.217.244 - - [09/Sep/2026:08:30:32 +0100] "POST /api/graphql HTTP/1.1" 301 178 "-" "Mozilla/5.0 (l9scan/2.0.230313e2536313e2434323e2839313; +https://leakix.net)"
164.90.228.79 - - [09/Sep/2026:08:30:32 +0100] "POST /api HTTP/1.1" 301 178 "-" "Mozilla/5.0 (l9scan/2.0.230313e2536313e2434323e2839313; +https://leakix.net)"
164.90.228.79 - - [09/Sep/2026:08:30:32 +0100] "POST /graphql HTTP/1.1" 301 178 "-" "Mozilla/5.0 (l9scan/2.0.230313e2536313e2434323e2839313; +https://leakix.net)"
164.90.228.79 - - [09/Sep/2026:08:30:32 +0100] "POST /api HTTP/1.1" 301 178 "-" "Mozilla/5.0 (l9scan/2.0.230313e2536313e2434323e2839313; +https://leakix.net)"
164.90.228.79 - - [09/Sep/2026:08:30:32 +0100] "POST /api/graphql HTTP/1.1" 301 178 "-" "Mozilla/5.0 (l9scan/2.0.230313e2536313e2434323e2839313; +https://leakix.net)"
164.90.228.79 - - [09/Sep/2026:08:30:32 +0100] "POST /api/graphql HTTP/1.1" 301 178 "-" "Mozilla/5.0 (l9scan/2.0.230313e2536313e2434323e2839313; +https://leakix.net)"
164.90.228.79 - - [09/Sep/2026:08:30:32 +0100] "POST /graphql/api HTTP/1.1" 301 178 "-" "Mozilla/5.0 (l9scan/2.0.230313e2536313e2434323e2839313; +https://leakix.net)"
164.90.228.79 - - [09/Sep/2026:08:30:32 +0100] "POST /graphql/api HTTP/1.1" 301 178 "-" "Mozilla/5.0 (l9scan/2.0.230313e2536313e2434323e2839313; +https://leakix.net)"
164.90.228.79 - - [09/Sep/2026:08:30:32 +0100] "POST /api/gql HTTP/1.1" 301 178 "-" "Mozilla/5.0 (l9scan/2.0.230313e2536313e2434323e2839313; +https://leakix.net)"
143.110.217.244 - - [09/Sep/2026:08:30:32 +0100] "POST /graphql/api HTTP/1.1" 301 178 "-" "Mozilla/5.0 (l9scan/2.0.230313e2536313e2434323e2839313; +https://leakix.net)"
164.90.228.79 - - [09/Sep/2026:08:30:32 +0100] "POST /api/gql HTTP/1.1" 301 178 "-" "Mozilla/5.0 (l9scan/2.0.230313e2536313e2434323e2839313; +https://leakix.net)"
159.89.127.165 - - [09/Sep/2026:08:30:32 +0100] "GET /server HTTP/1.1" 301 178 "-" "Mozilla/5.0 (l9scan/2.0.230313e2536313e2434323e2839313; +https://leakix.net)"
159.223.132.86 - - [09/Sep/2026:08:30:32 +0100] "GET /server HTTP/1.1" 301 178 "-" "Mozilla/5.0 (l9scan/2.0.230313e2536313e2434323e2839313; +https://leakix.net)"
143.110.217.244 - - [09/Sep/2026:08:30:32 +0100] "POST /api/gql HTTP/1.1" 301 178 "-" "Mozilla/5.0 (l9scan/2.0.230313e2536313e2434323e2839313; +https://leakix.net)"
139.59.132.8 - - [09/Sep/2026:08:30:32 +0100] "GET /server HTTP/1.1" 301 178 "-" "Mozilla/5.0 (l9scan/2.0.230313e2536313e2434323e2839313; +https://leakix.net)"
143.110.217.244 - - [09/Sep/2026:08:30:32 +0100] "GET /s/230313e2536313e2434323e2839313/_/;/META-INF/maven/com.atlassian.jira/jira-webapp-dist/pom.properties HTTP/1.1" 301 178 "-" "Mozilla/5.0 (l9scan/2.0.230313e2536313e2434323e2839313; +https://leakix.net)"
139.59.132.8 - - [09/Sep/2026:08:30:33 +0100] "GET /server HTTP/1.1" 301 178 "-" "Mozilla/5.0 (l9scan/2.0.230313e2536313e2434323e2839313; +https://leakix.net)"
128.199.182.55 - - [09/Sep/2026:08:30:33 +0100] "GET /debug/default/view?panel=config HTTP/1.1" 301 178 "-" "Mozilla/5.0 (l9scan/2.0.230313e2536313e2434323e2839313; +https://leakix.net)"
164.90.228.79 - - [09/Sep/2026:08:30:33 +0100] "GET /s/230313e2536313e2434323e2839313/_/;/META-INF/maven/com.atlassian.jira/jira-webapp-dist/pom.properties HTTP/1.1" 301 178 "-" "Mozilla/5.0 (l9scan/2.0.230313e2536313e2434323e2839313; +https://leakix.net)"
164.90.228.79 - - [09/Sep/2026:08:30:33 +0100] "GET /s/230313e2536313e2434323e2839313/_/;/META-INF/maven/com.atlassian.jira/jira-webapp-dist/pom.properties HTTP/1.1" 301 178 "-" "Mozilla/5.0 (l9scan/2.0.230313e2536313e2434323e2839313; +https://leakix.net)"
139.59.132.8 - - [09/Sep/2026:08:30:33 +0100] "GET /server-status HTTP/1.1" 301 178 "-" "Mozilla/5.0 (l9scan/2.0.230313e2536313e2434323e2839313; +https://leakix.net)"
139.59.132.8 - - [09/Sep/2026:08:30:33 +0100] "GET /server-status HTTP/1.1" 301 178 "-" "Mozilla/5.0 (l9scan/2.0.230313e2536313e2434323e2839313; +https://leakix.net)"
159.223.132.86 - - [09/Sep/2026:08:30:33 +0100] "GET /server-status HTTP/1.1" 301 178 "-" "Mozilla/5.0 (l9scan/2.0.230313e2536313e2434323e2839313; +https://leakix.net)"
159.89.127.165 - - [09/Sep/2026:08:30:33 +0100] "GET /server-status HTTP/1.1" 301 178 "-" "Mozilla/5.0 (l9scan/2.0.230313e2536313e2434323e2839313; +https://leakix.net)"
143.110.217.244 - - [09/Sep/2026:08:30:34 +0100] "GET /config.json HTTP/1.1" 301 178 "-" "Mozilla/5.0 (l9scan/2.0.230313e2536313e2434323e2839313; +https://leakix.net)"
164.90.228.79 - - [09/Sep/2026:08:30:34 +0100] "GET /config.json HTTP/1.1" 301 178 "-" "Mozilla/5.0 (l9scan/2.0.230313e2536313e2434323e2839313; +https://leakix.net)"
