164.90.228.79 - - [09/Sep/2026:08:30:34 +0100] "GET /config.json HTTP/1.1" 301 178 "-" "Mozilla/5.0 (l9scan/2.0.230313e2536313e2434323e2839313; +https://leakix.net)"
23.178.112.104 - - [09/Sep/2026:08:30:34 +0100] "GET /.well-known/acme-challenge/7BPDzOWXTJ8aHM8JmJZjSIdNqWUCIlLBJRpGPUUf6js HTTP/1.1" 200 118 "-" "Mozilla/5.0 (compatible; Let's Encrypt validation server; +https://www.letsencrypt.org)"
23.178.112.103 - - [09/Sep/2026:08:30:34 +0100] "GET /.well-known/acme-challenge/D5yn-8_1SZoAtUw9GOnloWI_4Fc89oLfB8sVFEBryVU HTTP/1.1" 200 118 "-" "Mozilla/5.0 (compatible; Let's Encrypt validation server; +https://www.letsencrypt.org)"
23.178.112.103 - - [09/Sep/2026:08:30:34 +0100] "GET /.well-known/acme-challenge/MrrYEbFBjOPfsphJMs1UWbKuLsC8JmS3fj_W1EbZgCw HTTP/1.1" 200 118 "-" "Mozilla/5.0 (compatible; Let's Encrypt validation server; +https://www.letsencrypt.org)"
13.50.248.119 - - [09/Sep/2026:08:30:34 +0100] "GET /.well-known/acme-challenge/7BPDzOWXTJ8aHM8JmJZjSIdNqWUCIlLBJRpGPUUf6js HTTP/1.1" 200 118 "-" "Mozilla/5.0 (compatible; Let's Encrypt validation server; +https://www.letsencrypt.org)"
18.221.57.239 - - [09/Sep/2026:08:30:34 +0100] "GET /.well-known/acme-challenge/7BPDzOWXTJ8aHM8JmJZjSIdNqWUCIlLBJRpGPUUf6js HTTP/1.1" 200 118 "-" "Mozilla/5.0 (compatible; Let's Encrypt validation server; +https://www.letsencrypt.org)"
13.60.231.33 - - [09/Sep/2026:08:30:34 +0100] "GET /.well-known/acme-challenge/D5yn-8_1SZoAtUw9GOnloWI_4Fc89oLfB8sVFEBryVU HTTP/1.1" 200 118 "-" "Mozilla/5.0 (compatible; Let's Encrypt validation server; +https://www.letsencrypt.org)"
18.237.133.139 - - [09/Sep/2026:08:30:34 +0100] "GET /.well-known/acme-challenge/7BPDzOWXTJ8aHM8JmJZjSIdNqWUCIlLBJRpGPUUf6js HTTP/1.1" 200 118 "-" "Mozilla/5.0 (compatible; Let's Encrypt validation server; +https://www.letsencrypt.org)"
18.217.86.155 - - [09/Sep/2026:08:30:34 +0100] "GET /.well-known/acme-challenge/D5yn-8_1SZoAtUw9GOnloWI_4Fc89oLfB8sVFEBryVU HTTP/1.1" 200 118 "-" "Mozilla/5.0 (compatible; Let's Encrypt validation server; +https://www.letsencrypt.org)"
23.178.112.108 - - [09/Sep/2026:08:30:34 +0100] "GET /.well-known/acme-challenge/5n5sHFv-qAV2maF9l6BoQUdmqhcILxerEmyLHkhKfng HTTP/1.1" 200 118 "-" "Mozilla/5.0 (compatible; Let's Encrypt validation server; +https://www.letsencrypt.org)"
13.60.90.98 - - [09/Sep/2026:08:30:34 +0100] "GET /.well-known/acme-challenge/MrrYEbFBjOPfsphJMs1UWbKuLsC8JmS3fj_W1EbZgCw HTTP/1.1" 200 118 "-" "Mozilla/5.0 (compatible; Let's Encrypt validation server; +https://www.letsencrypt.org)"
3.16.37.39 - - [09/Sep/2026:08:30:35 +0100] "GET /.well-known/acme-challenge/MrrYEbFBjOPfsphJMs1UWbKuLsC8JmS3fj_W1EbZgCw HTTP/1.1" 200 118 "-" "Mozilla/5.0 (compatible; Let's Encrypt validation server; +https://www.letsencrypt.org)"
47.129.169.117 - - [09/Sep/2026:08:30:35 +0100] "GET /.well-known/acme-challenge/7BPDzOWXTJ8aHM8JmJZjSIdNqWUCIlLBJRpGPUUf6js HTTP/1.1" 200 118 "-" "Mozilla/5.0 (compatible; Let's Encrypt validation server; +https://www.letsencrypt.org)"
35.91.241.161 - - [09/Sep/2026:08:30:35 +0100] "GET /.well-known/acme-challenge/D5yn-8_1SZoAtUw9GOnloWI_4Fc89oLfB8sVFEBryVU HTTP/1.1" 200 118 "-" "Mozilla/5.0 (compatible; Let's Encrypt validation server; +https://www.letsencrypt.org)"
23.178.112.104 - - [09/Sep/2026:08:30:35 +0100] "GET /.well-known/acme-challenge/MFOl4hSG3eLiXBYGCJq_roIjpBW3hu2lMFSXFQ3QSUA HTTP/1.1" 200 118 "-" "Mozilla/5.0 (compatible; Let's Encrypt validation server; +https://www.letsencrypt.org)"
44.250.170.106 - - [09/Sep/2026:08:30:35 +0100] "GET /.well-known/acme-challenge/MrrYEbFBjOPfsphJMs1UWbKuLsC8JmS3fj_W1EbZgCw HTTP/1.1" 200 118 "-" "Mozilla/5.0 (compatible; Let's Encrypt validation server; +https://www.letsencrypt.org)"
54.255.222.89 - - [09/Sep/2026:08:30:35 +0100] "GET /.well-known/acme-challenge/D5yn-8_1SZoAtUw9GOnloWI_4Fc89oLfB8sVFEBryVU HTTP/1.1" 200 118 "-" "Mozilla/5.0 (compatible; Let's Encrypt validation server; +https://www.letsencrypt.org)"
13.50.248.119 - - [09/Sep/2026:08:30:35 +0100] "GET /.well-known/acme-challenge/5n5sHFv-qAV2maF9l6BoQUdmqhcILxerEmyLHkhKfng HTTP/1.1" 200 118 "-" "Mozilla/5.0 (compatible; Let's Encrypt validation server; +https://www.letsencrypt.org)"
18.221.57.239 - - [09/Sep/2026:08:30:35 +0100] "GET /.well-known/acme-challenge/5n5sHFv-qAV2maF9l6BoQUdmqhcILxerEmyLHkhKfng HTTP/1.1" 200 118 "-" "Mozilla/5.0 (compatible; Let's Encrypt validation server; +https://www.letsencrypt.org)"
47.128.152.95 - - [09/Sep/2026:08:30:35 +0100] "GET /.well-known/acme-challenge/MrrYEbFBjOPfsphJMs1UWbKuLsC8JmS3fj_W1EbZgCw HTTP/1.1" 200 118 "-" "Mozilla/5.0 (compatible; Let's Encrypt validation server; +https://www.letsencrypt.org)"
44.250.170.106 - - [09/Sep/2026:08:30:35 +0100] "GET /.well-known/acme-challenge/5n5sHFv-qAV2maF9l6BoQUdmqhcILxerEmyLHkhKfng HTTP/1.1" 200 118 "-" "Mozilla/5.0 (compatible; Let's Encrypt validation server; +https://www.letsencrypt.org)"
3.16.37.39 - - [09/Sep/2026:08:30:35 +0100] "GET /.well-known/acme-challenge/MFOl4hSG3eLiXBYGCJq_roIjpBW3hu2lMFSXFQ3QSUA HTTP/1.1" 200 118 "-" "Mozilla/5.0 (compatible; Let's Encrypt validation server; +https://www.letsencrypt.org)"
13.60.90.98 - - [09/Sep/2026:08:30:35 +0100] "GET /.well-known/acme-challenge/MFOl4hSG3eLiXBYGCJq_roIjpBW3hu2lMFSXFQ3QSUA HTTP/1.1" 200 118 "-" "Mozilla/5.0 (compatible; Let's Encrypt validation server; +https://www.letsencrypt.org)"
23.178.112.103 - - [09/Sep/2026:08:30:35 +0100] "GET /.well-known/acme-challenge/kvXW2to87ga4wts6a-2zjAfXbWXvRTeOHHqeK-1eilc HTTP/1.1" 200 118 "-" "Mozilla/5.0 (compatible; Let's Encrypt validation server; +https://www.letsencrypt.org)"
18.140.243.215 - - [09/Sep/2026:08:30:35 +0100] "GET /.well-known/acme-challenge/5n5sHFv-qAV2maF9l6BoQUdmqhcILxerEmyLHkhKfng HTTP/1.1" 200 118 "-" "Mozilla/5.0 (compatible; Let's Encrypt validation server; +https://www.letsencrypt.org)"
54.203.2.127 - - [09/Sep/2026:08:30:35 +0100] "GET /.well-known/acme-challenge/MFOl4hSG3eLiXBYGCJq_roIjpBW3hu2lMFSXFQ3QSUA HTTP/1.1" 200 118 "-" "Mozilla/5.0 (compatible; Let's Encrypt validation server; +https://www.letsencrypt.org)"
23.178.112.104 - - [09/Sep/2026:08:30:35 +0100] "GET /.well-known/acme-challenge/VcIHcwsI5Qn7ZBEy0tTbJusmzVP6iZWnc_qAs_hLG2k HTTP/1.1" 200 118 "-" "Mozilla/5.0 (compatible; Let's Encrypt validation server; +https://www.letsencrypt.org)"
54.255.240.66 - - [09/Sep/2026:08:30:35 +0100] "GET /.well-known/acme-challenge/MFOl4hSG3eLiXBYGCJq_roIjpBW3hu2lMFSXFQ3QSUA HTTP/1.1" 200 118 "-" "Mozilla/5.0 (compatible; Let's Encrypt validation server; +https://www.letsencrypt.org)"
23.178.112.104 - - [09/Sep/2026:08:30:35 +0100] "GET /.well-known/acme-challenge/uYQBK-fZbCsGdRrQLJ0phulkqgyF5XsUg1cW-n_WTCk HTTP/1.1" 200 118 "-" "Mozilla/5.0 (compatible; Let's Encrypt validation server; +https://www.letsencrypt.org)"
13.50.248.119 - - [09/Sep/2026:08:30:35 +0100] "GET /.well-known/acme-challenge/kvXW2to87ga4wts6a-2zjAfXbWXvRTeOHHqeK-1eilc HTTP/1.1" 200 118 "-" "Mozilla/5.0 (compatible; Let's Encrypt validation server; +https://www.letsencrypt.org)"
18.220.242.234 - - [09/Sep/2026:08:30:35 +0100] "GET /.well-known/acme-challenge/kvXW2to87ga4wts6a-2zjAfXbWXvRTeOHHqeK-1eilc HTTP/1.1" 200 118 "-" "Mozilla/5.0 (compatible; Let's Encrypt validation server; +https://www.letsencrypt.org)"
23.178.112.108 - - [09/Sep/2026:08:30:35 +0100] "GET /.well-known/acme-challenge/TGWfFc6Q5UXzFmJeOMpWpClBdXV6IFMXG4eR8Dzl9IE HTTP/1.1" 200 118 "-" "Mozilla/5.0 (compatible; Let's Encrypt validation server; +https://www.letsencrypt.org)"
139.59.132.8 - - [09/Sep/2026:08:30:35 +0100] "GET /about HTTP/1.1" 301 178 "-" "Mozilla/5.0 (l9scan/2.0.230313e2536313e2434323e2839313; +https://leakix.net)"
44.255.28.92 - - [09/Sep/2026:08:30:35 +0100] "GET /.well-known/acme-challenge/kvXW2to87ga4wts6a-2zjAfXbWXvRTeOHHqeK-1eilc HTTP/1.1" 200 118 "-" "Mozilla/5.0 (compatible; Let's Encrypt validation server; +https://www.letsencrypt.org)"
23.178.112.103 - - [09/Sep/2026:08:30:35 +0100] "GET /.well-known/acme-challenge/_Y9bTJR6Sw0ONc-wO-b3Vp9GPwuyWttGu86i8fkr7-4 HTTP/1.1" 200 118 "-" "Mozilla/5.0 (compatible; Let's Encrypt validation server; +https://www.letsencrypt.org)"
47.129.169.117 - - [09/Sep/2026:08:30:35 +0100] "GET /.well-known/acme-challenge/kvXW2to87ga4wts6a-2zjAfXbWXvRTeOHHqeK-1eilc HTTP/1.1" 200 118 "-" "Mozilla/5.0 (compatible; Let's Encrypt validation server; +https://www.letsencrypt.org)"
13.60.90.98 - - [09/Sep/2026:08:30:35 +0100] "GET /.well-known/acme-challenge/VcIHcwsI5Qn7ZBEy0tTbJusmzVP6iZWnc_qAs_hLG2k HTTP/1.1" 200 118 "-" "Mozilla/5.0 (compatible; Let's Encrypt validation server; +https://www.letsencrypt.org)"
3.16.37.39 - - [09/Sep/2026:08:30:35 +0100] "GET /.well-known/acme-challenge/VcIHcwsI5Qn7ZBEy0tTbJusmzVP6iZWnc_qAs_hLG2k HTTP/1.1" 200 118 "-" "Mozilla/5.0 (compatible; Let's Encrypt validation server; +https://www.letsencrypt.org)"
13.50.248.119 - - [09/Sep/2026:08:30:35 +0100] "GET /.well-known/acme-challenge/uYQBK-fZbCsGdRrQLJ0phulkqgyF5XsUg1cW-n_WTCk HTTP/1.1" 200 118 "-" "Mozilla/5.0 (compatible; Let's Encrypt validation server; +https://www.letsencrypt.org)"
159.223.132.86 - - [09/Sep/2026:08:30:35 +0100] "GET /about HTTP/1.1" 301 178 "-" "Mozilla/5.0 (l9scan/2.0.230313e2536313e2434323e2839313; +https://leakix.net)"
13.50.248.119 - - [09/Sep/2026:08:30:35 +0100] "GET /.well-known/acme-challenge/TGWfFc6Q5UXzFmJeOMpWpClBdXV6IFMXG4eR8Dzl9IE HTTP/1.1" 200 118 "-" "Mozilla/5.0 (compatible; Let's Encrypt validation server; +https://www.letsencrypt.org)"
23.178.112.104 - - [09/Sep/2026:08:30:35 +0100] "GET /.well-known/acme-challenge/H83JxPw8uIYwD-4iRSMSqHcnpL8e1pZF4GHN9tjNewQ HTTP/1.1" 200 118 "-" "Mozilla/5.0 (compatible; Let's Encrypt validation server; +https://www.letsencrypt.org)"
159.89.127.165 - - [09/Sep/2026:08:30:35 +0100] "GET /about HTTP/1.1" 301 178 "-" "Mozilla/5.0 (l9scan/2.0.230313e2536313e2434323e2839313; +https://leakix.net)"
3.16.37.39 - - [09/Sep/2026:08:30:35 +0100] "GET /.well-known/acme-challenge/TGWfFc6Q5UXzFmJeOMpWpClBdXV6IFMXG4eR8Dzl9IE HTTP/1.1" 200 118 "-" "Mozilla/5.0 (compatible; Let's Encrypt validation server; +https://www.letsencrypt.org)"
35.91.241.161 - - [09/Sep/2026:08:30:35 +0100] "GET /.well-known/acme-challenge/VcIHcwsI5Qn7ZBEy0tTbJusmzVP6iZWnc_qAs_hLG2k HTTP/1.1" 200 118 "-" "Mozilla/5.0 (compatible; Let's Encrypt validation server; +https://www.letsencrypt.org)"
16.59.41.123 - - [09/Sep/2026:08:30:35 +0100] "GET /.well-known/acme-challenge/uYQBK-fZbCsGdRrQLJ0phulkqgyF5XsUg1cW-n_WTCk HTTP/1.1" 200 118 "-" "Mozilla/5.0 (compatible; Let's Encrypt validation server; +https://www.letsencrypt.org)"
47.128.152.95 - - [09/Sep/2026:08:30:35 +0100] "GET /.well-known/acme-challenge/VcIHcwsI5Qn7ZBEy0tTbJusmzVP6iZWnc_qAs_hLG2k HTTP/1.1" 200 118 "-" "Mozilla/5.0 (compatible; Let's Encrypt validation server; +https://www.letsencrypt.org)"
16.171.16.74 - - [09/Sep/2026:08:30:35 +0100] "GET /.well-known/acme-challenge/_Y9bTJR6Sw0ONc-wO-b3Vp9GPwuyWttGu86i8fkr7-4 HTTP/1.1" 200 118 "-" "Mozilla/5.0 (compatible; Let's Encrypt validation server; +https://www.letsencrypt.org)"
3.16.37.39 - - [09/Sep/2026:08:30:35 +0100] "GET /.well-known/acme-challenge/_Y9bTJR6Sw0ONc-wO-b3Vp9GPwuyWttGu86i8fkr7-4 HTTP/1.1" 200 118 "-" "Mozilla/5.0 (compatible; Let's Encrypt validation server; +https://www.letsencrypt.org)"
23.178.112.104 - - [09/Sep/2026:08:30:35 +0100] "GET /.well-known/acme-challenge/DhtQHwDhBhH2WLQQtZdFTnF0wp9qVha4sSXNH6RChqE HTTP/1.1" 200 118 "-" "Mozilla/5.0 (compatible; Let's Encrypt validation server; +https://www.letsencrypt.org)"
143.110.217.244 - - [09/Sep/2026:08:30:35 +0100] "GET /telescope/requests HTTP/1.1" 301 178 "-" "Mozilla/5.0 (l9scan/2.0.230313e2536313e2434323e2839313; +https://leakix.net)"
44.250.170.106 - - [09/Sep/2026:08:30:36 +0100] "GET /.well-known/acme-challenge/TGWfFc6Q5UXzFmJeOMpWpClBdXV6IFMXG4eR8Dzl9IE HTTP/1.1" 200 118 "-" "Mozilla/5.0 (compatible; Let's Encrypt validation server; +https://www.letsencrypt.org)"
47.128.152.95 - - [09/Sep/2026:08:30:36 +0100] "GET /.well-known/acme-challenge/TGWfFc6Q5UXzFmJeOMpWpClBdXV6IFMXG4eR8Dzl9IE HTTP/1.1" 200 118 "-" "Mozilla/5.0 (compatible; Let's Encrypt validation server; +https://www.letsencrypt.org)"
54.203.2.127 - - [09/Sep/2026:08:30:36 +0100] "GET /.well-known/acme-challenge/_Y9bTJR6Sw0ONc-wO-b3Vp9GPwuyWttGu86i8fkr7-4 HTTP/1.1" 200 118 "-" "Mozilla/5.0 (compatible; Let's Encrypt validation server; +https://www.letsencrypt.org)"
13.213.32.102 - - [09/Sep/2026:08:30:36 +0100] "GET /.well-known/acme-challenge/uYQBK-fZbCsGdRrQLJ0phulkqgyF5XsUg1cW-n_WTCk HTTP/1.1" 200 118 "-" "Mozilla/5.0 (compatible; Let's Encrypt validation server; +https://www.letsencrypt.org)"
13.50.249.160 - - [09/Sep/2026:08:30:36 +0100] "GET /.well-known/acme-challenge/H83JxPw8uIYwD-4iRSMSqHcnpL8e1pZF4GHN9tjNewQ HTTP/1.1" 200 118 "-" "Mozilla/5.0 (compatible; Let's Encrypt validation server; +https://www.letsencrypt.org)"
3.16.37.39 - - [09/Sep/2026:08:30:36 +0100] "GET /.well-known/acme-challenge/H83JxPw8uIYwD-4iRSMSqHcnpL8e1pZF4GHN9tjNewQ HTTP/1.1" 200 118 "-" "Mozilla/5.0 (compatible; Let's Encrypt validation server; +https://www.letsencrypt.org)"
23.178.112.104 - - [09/Sep/2026:08:30:36 +0100] "GET /.well-known/acme-challenge/MYebBPJWTodpWVlZ2dnAGQR_0DySa85lgSX5O-OYXZM HTTP/1.1" 200 118 "-" "Mozilla/5.0 (compatible; Let's Encrypt validation server; +https://www.letsencrypt.org)"
34.211.63.247 - - [09/Sep/2026:08:30:36 +0100] "GET /.well-known/acme-challenge/uYQBK-fZbCsGdRrQLJ0phulkqgyF5XsUg1cW-n_WTCk HTTP/1.1" 200 118 "-" "Mozilla/5.0 (compatible; Let's Encrypt validation server; +https://www.letsencrypt.org)"
143.110.217.244 - - [09/Sep/2026:08:30:36 +0100] "GET /info.php HTTP/1.1" 301 178 "-" "Mozilla/5.0 (l9scan/2.0.230313e2536313e2434323e2839313; +https://leakix.net)"
35.91.241.161 - - [09/Sep/2026:08:30:36 +0100] "GET /.well-known/acme-challenge/H83JxPw8uIYwD-4iRSMSqHcnpL8e1pZF4GHN9tjNewQ HTTP/1.1" 200 118 "-" "Mozilla/5.0 (compatible; Let's Encrypt validation server; +https://www.letsencrypt.org)"
13.50.248.119 - - [09/Sep/2026:08:30:36 +0100] "GET /.well-known/acme-challenge/DhtQHwDhBhH2WLQQtZdFTnF0wp9qVha4sSXNH6RChqE HTTP/1.1" 200 118 "-" "Mozilla/5.0 (compatible; Let's Encrypt validation server; +https://www.letsencrypt.org)"
54.255.240.66 - - [09/Sep/2026:08:30:36 +0100] "GET /.well-known/acme-challenge/_Y9bTJR6Sw0ONc-wO-b3Vp9GPwuyWttGu86i8fkr7-4 HTTP/1.1" 200 118 "-" "Mozilla/5.0 (compatible; Let's Encrypt validation server; +https://www.letsencrypt.org)"
23.178.112.108 - - [09/Sep/2026:08:30:36 +0100] "GET /.well-known/acme-challenge/XRmd2PoOEN5FVnk-hE5LdMX5JH19pG6UlRpeRFTgeok HTTP/1.1" 200 118 "-" "Mozilla/5.0 (compatible; Let's Encrypt validation server; +https://www.letsencrypt.org)"
139.59.132.8 - - [09/Sep/2026:08:30:36 +0100] "GET /about HTTP/1.1" 301 178 "-" "Mozilla/5.0 (l9scan/2.0.230313e2536313e2434323e2839313; +https://leakix.net)"
3.133.89.186 - - [09/Sep/2026:08:30:36 +0100] "GET /.well-known/acme-challenge/DhtQHwDhBhH2WLQQtZdFTnF0wp9qVha4sSXNH6RChqE HTTP/1.1" 200 118 "-" "Mozilla/5.0 (compatible; Let's Encrypt validation server; +https://www.letsencrypt.org)"
54.203.2.127 - - [09/Sep/2026:08:30:36 +0100] "GET /.well-known/acme-challenge/DhtQHwDhBhH2WLQQtZdFTnF0wp9qVha4sSXNH6RChqE HTTP/1.1" 200 118 "-" "Mozilla/5.0 (compatible; Let's Encrypt validation server; +https://www.letsencrypt.org)"
16.171.16.74 - - [09/Sep/2026:08:30:36 +0100] "GET /.well-known/acme-challenge/MYebBPJWTodpWVlZ2dnAGQR_0DySa85lgSX5O-OYXZM HTTP/1.1" 200 118 "-" "Mozilla/5.0 (compatible; Let's Encrypt validation server; +https://www.letsencrypt.org)"
54.255.222.89 - - [09/Sep/2026:08:30:36 +0100] "GET /.well-known/acme-challenge/DhtQHwDhBhH2WLQQtZdFTnF0wp9qVha4sSXNH6RChqE HTTP/1.1" 200 118 "-" "Mozilla/5.0 (compatible; Let's Encrypt validation server; +https://www.letsencrypt.org)"
18.140.243.215 - - [09/Sep/2026:08:30:36 +0100] "GET /.well-known/acme-challenge/H83JxPw8uIYwD-4iRSMSqHcnpL8e1pZF4GHN9tjNewQ HTTP/1.1" 200 118 "-" "Mozilla/5.0 (compatible; Let's Encrypt validation server; +https://www.letsencrypt.org)"
18.217.86.155 - - [09/Sep/2026:08:30:36 +0100] "GET /.well-known/acme-challenge/MYebBPJWTodpWVlZ2dnAGQR_0DySa85lgSX5O-OYXZM HTTP/1.1" 200 118 "-" "Mozilla/5.0 (compatible; Let's Encrypt validation server; +https://www.letsencrypt.org)"
164.90.228.79 - - [09/Sep/2026:08:30:36 +0100] "GET /telescope/requests HTTP/1.1" 301 178 "-" "Mozilla/5.0 (l9scan/2.0.230313e2536313e2434323e2839313; +https://leakix.net)"
35.91.241.161 - - [09/Sep/2026:08:30:36 +0100] "GET /.well-known/acme-challenge/MYebBPJWTodpWVlZ2dnAGQR_0DySa85lgSX5O-OYXZM HTTP/1.1" 200 118 "-" "Mozilla/5.0 (compatible; Let's Encrypt validation server; +https://www.letsencrypt.org)"
13.50.249.160 - - [09/Sep/2026:08:30:36 +0100] "GET /.well-known/acme-challenge/XRmd2PoOEN5FVnk-hE5LdMX5JH19pG6UlRpeRFTgeok HTTP/1.1" 200 118 "-" "Mozilla/5.0 (compatible; Let's Encrypt validation server; +https://www.letsencrypt.org)"
23.178.112.104 - - [09/Sep/2026:08:30:36 +0100] "GET /.well-known/acme-challenge/pNYF_sVJC2a3vQOAlBa9MjxL0Z3g4F1-hoJ75LS0Yt4 HTTP/1.1" 200 118 "-" "Mozilla/5.0 (compatible; Let's Encrypt validation server; +https://www.letsencrypt.org)"
164.90.228.79 - - [09/Sep/2026:08:30:36 +0100] "GET /telescope/requests HTTP/1.1" 301 178 "-" "Mozilla/5.0 (l9scan/2.0.230313e2536313e2434323e2839313; +https://leakix.net)"
134.209.25.199 - - [09/Sep/2026:08:30:36 +0100] "GET / HTTP/1.1" 301 178 "-" "Mozilla/5.0 (l9scan/2.0.230313e2536313e2434323e2839313; +https://leakix.net)"
164.90.228.79 - - [09/Sep/2026:08:30:36 +0100] "GET /info.php HTTP/1.1" 301 178 "-" "Mozilla/5.0 (l9scan/2.0.230313e2536313e2434323e2839313; +https://leakix.net)"
18.220.242.234 - - [09/Sep/2026:08:30:36 +0100] "GET /.well-known/acme-challenge/XRmd2PoOEN5FVnk-hE5LdMX5JH19pG6UlRpeRFTgeok HTTP/1.1" 200 118 "-" "Mozilla/5.0 (compatible; Let's Encrypt validation server; +https://www.letsencrypt.org)"
23.178.112.104 - - [09/Sep/2026:08:30:36 +0100] "GET /.well-known/acme-challenge/4KCLbfhQ7TvWB2XPyTZPMZIlmfw6IWDp6nq4l9o7jWg HTTP/1.1" 200 118 "-" "Mozilla/5.0 (compatible; Let's Encrypt validation server; +https://www.letsencrypt.org)"
35.91.241.161 - - [09/Sep/2026:08:30:36 +0100] "GET /.well-known/acme-challenge/XRmd2PoOEN5FVnk-hE5LdMX5JH19pG6UlRpeRFTgeok HTTP/1.1" 200 118 "-" "Mozilla/5.0 (compatible; Let's Encrypt validation server; +https://www.letsencrypt.org)"
47.129.169.117 - - [09/Sep/2026:08:30:36 +0100] "GET /.well-known/acme-challenge/XRmd2PoOEN5FVnk-hE5LdMX5JH19pG6UlRpeRFTgeok HTTP/1.1" 200 118 "-" "Mozilla/5.0 (compatible; Let's Encrypt validation server; +https://www.letsencrypt.org)"
47.129.169.117 - - [09/Sep/2026:08:30:36 +0100] "GET /.well-known/acme-challenge/MYebBPJWTodpWVlZ2dnAGQR_0DySa85lgSX5O-OYXZM HTTP/1.1" 200 118 "-" "Mozilla/5.0 (compatible; Let's Encrypt validation server; +https://www.letsencrypt.org)"
23.178.112.104 - - [09/Sep/2026:08:30:36 +0100] "GET /.well-known/acme-challenge/QEFOPB0Zh5oJFx8_owVpDIz1IKay2WSJwy-UjtMkO-s HTTP/1.1" 200 118 "-" "Mozilla/5.0 (compatible; Let's Encrypt validation server; +https://www.letsencrypt.org)"
13.60.90.98 - - [09/Sep/2026:08:30:36 +0100] "GET /.well-known/acme-challenge/pNYF_sVJC2a3vQOAlBa9MjxL0Z3g4F1-hoJ75LS0Yt4 HTTP/1.1" 200 118 "-" "Mozilla/5.0 (compatible; Let's Encrypt validation server; +https://www.letsencrypt.org)"
139.59.132.8 - - [09/Sep/2026:08:30:36 +0100] "GET /login.action HTTP/1.1" 301 178 "-" "Mozilla/5.0 (l9scan/2.0.230313e2536313e2434323e2839313; +https://leakix.net)"
13.50.248.119 - - [09/Sep/2026:08:30:36 +0100] "GET /.well-known/acme-challenge/4KCLbfhQ7TvWB2XPyTZPMZIlmfw6IWDp6nq4l9o7jWg HTTP/1.1" 200 118 "-" "Mozilla/5.0 (compatible; Let's Encrypt validation server; +https://www.letsencrypt.org)"
16.59.41.123 - - [09/Sep/2026:08:30:36 +0100] "GET /.well-known/acme-challenge/4KCLbfhQ7TvWB2XPyTZPMZIlmfw6IWDp6nq4l9o7jWg HTTP/1.1" 200 118 "-" "Mozilla/5.0 (compatible; Let's Encrypt validation server; +https://www.letsencrypt.org)"
23.178.112.104 - - [09/Sep/2026:08:30:36 +0100] "GET /.well-known/acme-challenge/MkN7hJxRmy5Jaew5uM-oeebFYEzqZ_QoALK90v0wpMk HTTP/1.1" 200 118 "-" "Mozilla/5.0 (compatible; Let's Encrypt validation server; +https://www.letsencrypt.org)"
139.59.132.8 - - [09/Sep/2026:08:30:36 +0100] "GET /login.action HTTP/1.1" 301 178 "-" "Mozilla/5.0 (l9scan/2.0.230313e2536313e2434323e2839313; +https://leakix.net)"
159.89.127.165 - - [09/Sep/2026:08:30:36 +0100] "GET /login.action HTTP/1.1" 301 178 "-" "Mozilla/5.0 (l9scan/2.0.230313e2536313e2434323e2839313; +https://leakix.net)"
3.16.37.39 - - [09/Sep/2026:08:30:36 +0100] "GET /.well-known/acme-challenge/pNYF_sVJC2a3vQOAlBa9MjxL0Z3g4F1-hoJ75LS0Yt4 HTTP/1.1" 200 118 "-" "Mozilla/5.0 (compatible; Let's Encrypt validation server; +https://www.letsencrypt.org)"
159.223.132.86 - - [09/Sep/2026:08:30:36 +0100] "GET /login.action HTTP/1.1" 301 178 "-" "Mozilla/5.0 (l9scan/2.0.230313e2536313e2434323e2839313; +https://leakix.net)"
13.50.249.160 - - [09/Sep/2026:08:30:37 +0100] "GET /.well-known/acme-challenge/QEFOPB0Zh5oJFx8_owVpDIz1IKay2WSJwy-UjtMkO-s HTTP/1.1" 200 118 "-" "Mozilla/5.0 (compatible; Let's Encrypt validation server; +https://www.letsencrypt.org)"
18.221.57.239 - - [09/Sep/2026:08:30:37 +0100] "GET /.well-known/acme-challenge/QEFOPB0Zh5oJFx8_owVpDIz1IKay2WSJwy-UjtMkO-s HTTP/1.1" 200 118 "-" "Mozilla/5.0 (compatible; Let's Encrypt validation server; +https://www.letsencrypt.org)"
147.182.149.75 - - [09/Sep/2026:08:30:37 +0100] "GET / HTTP/1.1" 301 178 "-" "Mozilla/5.0 (l9scan/2.0.230313e2536313e2434323e2839313; +https://leakix.net)"
54.203.2.127 - - [09/Sep/2026:08:30:37 +0100] "GET /.well-known/acme-challenge/4KCLbfhQ7TvWB2XPyTZPMZIlmfw6IWDp6nq4l9o7jWg HTTP/1.1" 200 118 "-" "Mozilla/5.0 (compatible; Let's Encrypt validation server; +https://www.letsencrypt.org)"
13.213.32.102 - - [09/Sep/2026:08:30:37 +0100] "GET /.well-known/acme-challenge/4KCLbfhQ7TvWB2XPyTZPMZIlmfw6IWDp6nq4l9o7jWg HTTP/1.1" 200 118 "-" "Mozilla/5.0 (compatible; Let's Encrypt validation server; +https://www.letsencrypt.org)"
35.91.241.161 - - [09/Sep/2026:08:30:37 +0100] "GET /.well-known/acme-challenge/pNYF_sVJC2a3vQOAlBa9MjxL0Z3g4F1-hoJ75LS0Yt4 HTTP/1.1" 200 118 "-" "Mozilla/5.0 (compatible; Let's Encrypt validation server; +https://www.letsencrypt.org)"
13.50.248.119 - - [09/Sep/2026:08:30:37 +0100] "GET /.well-known/acme-challenge/MkN7hJxRmy5Jaew5uM-oeebFYEzqZ_QoALK90v0wpMk HTTP/1.1" 200 118 "-" "Mozilla/5.0 (compatible; Let's Encrypt validation server; +https://www.letsencrypt.org)"
164.90.228.79 - - [09/Sep/2026:08:30:37 +0100] "GET /info.php HTTP/1.1" 301 178 "-" "Mozilla/5.0 (l9scan/2.0.230313e2536313e2434323e2839313; +https://leakix.net)"
3.133.89.186 - - [09/Sep/2026:08:30:37 +0100] "GET /.well-known/acme-challenge/MkN7hJxRmy5Jaew5uM-oeebFYEzqZ_QoALK90v0wpMk HTTP/1.1" 200 118 "-" "Mozilla/5.0 (compatible; Let's Encrypt validation server; +https://www.letsencrypt.org)"
47.128.152.95 - - [09/Sep/2026:08:30:37 +0100] "GET /.well-known/acme-challenge/pNYF_sVJC2a3vQOAlBa9MjxL0Z3g4F1-hoJ75LS0Yt4 HTTP/1.1" 200 118 "-" "Mozilla/5.0 (compatible; Let's Encrypt validation server; +https://www.letsencrypt.org)"
18.237.133.139 - - [09/Sep/2026:08:30:37 +0100] "GET /.well-known/acme-challenge/QEFOPB0Zh5oJFx8_owVpDIz1IKay2WSJwy-UjtMkO-s HTTP/1.1" 200 118 "-" "Mozilla/5.0 (compatible; Let's Encrypt validation server; +https://www.letsencrypt.org)"
167.99.210.137 - - [09/Sep/2026:08:30:37 +0100] "GET / HTTP/1.1" 301 178 "-" "Mozilla/5.0 (l9scan/2.0.230313e2536313e2434323e2839313; +https://leakix.net)"
47.129.169.117 - - [09/Sep/2026:08:30:37 +0100] "GET /.well-known/acme-challenge/QEFOPB0Zh5oJFx8_owVpDIz1IKay2WSJwy-UjtMkO-s HTTP/1.1" 200 118 "-" "Mozilla/5.0 (compatible; Let's Encrypt validation server; +https://www.letsencrypt.org)"
44.255.28.92 - - [09/Sep/2026:08:30:37 +0100] "GET /.well-known/acme-challenge/MkN7hJxRmy5Jaew5uM-oeebFYEzqZ_QoALK90v0wpMk HTTP/1.1" 200 118 "-" "Mozilla/5.0 (compatible; Let's Encrypt validation server; +https://www.letsencrypt.org)"
54.255.222.89 - - [09/Sep/2026:08:30:37 +0100] "GET /.well-known/acme-challenge/MkN7hJxRmy5Jaew5uM-oeebFYEzqZ_QoALK90v0wpMk HTTP/1.1" 200 118 "-" "Mozilla/5.0 (compatible; Let's Encrypt validation server; +https://www.letsencrypt.org)"
143.110.217.244 - - [09/Sep/2026:08:30:37 +0100] "GET /.well-known/security.txt HTTP/1.1" 301 178 "-" "Mozilla/5.0 (l9scan/2.0.230313e2536313e2434323e2839313; +https://leakix.net)"
164.90.228.79 - - [09/Sep/2026:08:30:37 +0100] "GET /.well-known/security.txt HTTP/1.1" 301 178 "-" "Mozilla/5.0 (l9scan/2.0.230313e2536313e2434323e2839313; +https://leakix.net)"
159.89.127.165 - - [09/Sep/2026:08:30:37 +0100] "GET / HTTP/1.1" 301 178 "-" "Mozilla/5.0 (l9scan/2.0.230313e2536313e2434323e2839313; +https://leakix.net)"
159.223.132.86 - - [09/Sep/2026:08:30:37 +0100] "GET / HTTP/1.1" 301 178 "-" "Mozilla/5.0 (l9scan/2.0.230313e2536313e2434323e2839313; +https://leakix.net)"
134.209.25.199 - - [09/Sep/2026:08:30:37 +0100] "GET /console/ HTTP/1.1" 301 178 "-" "Mozilla/5.0 (l9scan/2.0.230313e2536313e2434323e2839313; +https://leakix.net)"
139.59.132.8 - - [09/Sep/2026:08:30:37 +0100] "GET / HTTP/1.1" 301 178 "-" "Mozilla/5.0 (l9scan/2.0.230313e2536313e2434323e2839313; +https://leakix.net)"
164.90.228.79 - - [09/Sep/2026:08:30:37 +0100] "GET /.well-known/security.txt HTTP/1.1" 301 178 "-" "Mozilla/5.0 (l9scan/2.0.230313e2536313e2434323e2839313; +https://leakix.net)"
139.59.132.8 - - [09/Sep/2026:08:30:37 +0100] "GET / HTTP/1.1" 301 178 "-" "Mozilla/5.0 (l9scan/2.0.230313e2536313e2434323e2839313; +https://leakix.net)"
147.182.149.75 - - [09/Sep/2026:08:30:38 +0100] "GET /console/ HTTP/1.1" 301 178 "-" "Mozilla/5.0 (l9scan/2.0.230313e2536313e2434323e2839313; +https://leakix.net)"
159.223.132.86 - - [09/Sep/2026:08:30:38 +0100] "GET /___proxy_subdomain_whm/login HTTP/1.1" 301 178 "-" "Mozilla/5.0 (l9scan/2.0.230313e2536313e2434323e2839313; +https://leakix.net)"
159.89.127.165 - - [09/Sep/2026:08:30:38 +0100] "GET /___proxy_subdomain_whm/login HTTP/1.1" 301 178 "-" "Mozilla/5.0 (l9scan/2.0.230313e2536313e2434323e2839313; +https://leakix.net)"
139.59.132.8 - - [09/Sep/2026:08:30:38 +0100] "GET /___proxy_subdomain_whm/login HTTP/1.1" 301 178 "-" "Mozilla/5.0 (l9scan/2.0.230313e2536313e2434323e2839313; +https://leakix.net)"
143.110.217.244 - - [09/Sep/2026:08:30:38 +0100] "GET /actuator/env HTTP/1.1" 301 178 "-" "Mozilla/5.0 (l9scan/2.0.230313e2536313e2434323e2839313; +https://leakix.net)"
139.59.132.8 - - [09/Sep/2026:08:30:38 +0100] "GET /___proxy_subdomain_whm/login HTTP/1.1" 301 178 "-" "Mozilla/5.0 (l9scan/2.0.230313e2536313e2434323e2839313; +https://leakix.net)"
159.223.132.86 - - [09/Sep/2026:08:30:38 +0100] "GET /___proxy_subdomain_cpanel HTTP/1.1" 301 178 "-" "Mozilla/5.0 (l9scan/2.0.230313e2536313e2434323e2839313; +https://leakix.net)"
139.59.132.8 - - [09/Sep/2026:08:30:38 +0100] "GET /___proxy_subdomain_cpanel HTTP/1.1" 301 178 "-" "Mozilla/5.0 (l9scan/2.0.230313e2536313e2434323e2839313; +https://leakix.net)"
139.59.132.8 - - [09/Sep/2026:08:30:38 +0100] "GET /___proxy_subdomain_cpanel HTTP/1.1" 301 178 "-" "Mozilla/5.0 (l9scan/2.0.230313e2536313e2434323e2839313; +https://leakix.net)"
139.59.132.8 - - [09/Sep/2026:08:30:38 +0100] "GET /v2/_catalog HTTP/1.1" 301 178 "-" "Mozilla/5.0 (l9scan/2.0.230313e2536313e2434323e2839313; +https://leakix.net)"
139.59.132.8 - - [09/Sep/2026:08:30:38 +0100] "GET /v2/_catalog HTTP/1.1" 301 178 "-" "Mozilla/5.0 (l9scan/2.0.230313e2536313e2434323e2839313; +https://leakix.net)"
134.209.25.199 - - [09/Sep/2026:08:30:38 +0100] "GET /server HTTP/1.1" 301 178 "-" "Mozilla/5.0 (l9scan/2.0.230313e2536313e2434323e2839313; +https://leakix.net)"
159.223.132.86 - - [09/Sep/2026:08:30:38 +0100] "GET /v2/_catalog HTTP/1.1" 301 178 "-" "Mozilla/5.0 (l9scan/2.0.230313e2536313e2434323e2839313; +https://leakix.net)"
159.89.127.165 - - [09/Sep/2026:08:30:38 +0100] "GET /___proxy_subdomain_cpanel HTTP/1.1" 301 178 "-" "Mozilla/5.0 (l9scan/2.0.230313e2536313e2434323e2839313; +https://leakix.net)"
164.90.228.79 - - [09/Sep/2026:08:30:38 +0100] "GET /actuator/env HTTP/1.1" 301 178 "-" "Mozilla/5.0 (l9scan/2.0.230313e2536313e2434323e2839313; +https://leakix.net)"
159.89.127.165 - - [09/Sep/2026:08:30:38 +0100] "GET /v2/_catalog HTTP/1.1" 301 178 "-" "Mozilla/5.0 (l9scan/2.0.230313e2536313e2434323e2839313; +https://leakix.net)"
164.90.228.79 - - [09/Sep/2026:08:30:39 +0100] "GET /actuator/env HTTP/1.1" 301 178 "-" "Mozilla/5.0 (l9scan/2.0.230313e2536313e2434323e2839313; +https://leakix.net)"
147.182.149.75 - - [09/Sep/2026:08:30:39 +0100] "GET /server HTTP/1.1" 301 178 "-" "Mozilla/5.0 (l9scan/2.0.230313e2536313e2434323e2839313; +https://leakix.net)"
143.110.217.244 - - [09/Sep/2026:08:30:39 +0100] "GET /trace.axd HTTP/1.1" 301 178 "-" "Mozilla/5.0 (l9scan/2.0.230313e2536313e2434323e2839313; +https://leakix.net)"
164.90.228.79 - - [09/Sep/2026:08:30:39 +0100] "GET /trace.axd HTTP/1.1" 301 178 "-" "Mozilla/5.0 (l9scan/2.0.230313e2536313e2434323e2839313; +https://leakix.net)"
139.59.132.8 - - [09/Sep/2026:08:30:39 +0100] "GET /.DS_Store HTTP/1.1" 301 178 "-" "Mozilla/5.0 (l9scan/2.0.230313e2536313e2434323e2839313; +https://leakix.net)"
134.209.25.199 - - [09/Sep/2026:08:30:39 +0100] "GET /server-status HTTP/1.1" 301 178 "-" "Mozilla/5.0 (l9scan/2.0.230313e2536313e2434323e2839313; +https://leakix.net)"
159.223.132.86 - - [09/Sep/2026:08:30:39 +0100] "GET /.DS_Store HTTP/1.1" 301 178 "-" "Mozilla/5.0 (l9scan/2.0.230313e2536313e2434323e2839313; +https://leakix.net)"
139.59.132.8 - - [09/Sep/2026:08:30:39 +0100] "GET /.DS_Store HTTP/1.1" 301 178 "-" "Mozilla/5.0 (l9scan/2.0.230313e2536313e2434323e2839313; +https://leakix.net)"
45.196.97.59 - - [09/Sep/2026:08:30:39 +0100] "GET / HTTP/1.1" 301 178 "-" "nameserver-checker-http-validator/1.0"
130.12.180.117 - - [09/Sep/2026:08:30:39 +0100] "GET /.env HTTP/1.1" 301 178 "-" "Mozilla/5.0 (Macintosh; Intel Mac OS X 10_15_7) AppleWebKit/537.36 (KHTML, like Gecko, Yokohama Institute of Information Security https://www.iisec.ac.jp) Chrome/124.0.0.0 Safari/537.36"
159.89.127.165 - - [09/Sep/2026:08:30:39 +0100] "GET /.DS_Store HTTP/1.1" 301 178 "-" "Mozilla/5.0 (l9scan/2.0.230313e2536313e2434323e2839313; +https://leakix.net)"
130.12.180.117 - - [09/Sep/2026:08:30:39 +0100] "GET /.git/HEAD HTTP/1.1" 301 178 "-" "Mozilla/5.0 (Macintosh; Intel Mac OS X 10_15_7) AppleWebKit/537.36 (KHTML, like Gecko, Yokohama Institute of Information Security https://www.iisec.ac.jp) Chrome/124.0.0.0 Safari/537.36"
164.90.228.79 - - [09/Sep/2026:08:30:39 +0100] "GET /trace.axd HTTP/1.1" 301 178 "-" "Mozilla/5.0 (l9scan/2.0.230313e2536313e2434323e2839313; +https://leakix.net)"
130.12.180.117 - - [09/Sep/2026:08:30:39 +0100] "GET /.env.backup HTTP/1.1" 301 178 "-" "Mozilla/5.0 (Macintosh; Intel Mac OS X 10_15_7) AppleWebKit/537.36 (KHTML, like Gecko, Yokohama Institute of Information Security https://www.iisec.ac.jp) Chrome/124.0.0.0 Safari/537.36"
130.12.180.117 - - [09/Sep/2026:08:30:40 +0100] "GET /.env.old HTTP/1.1" 301 178 "-" "Mozilla/5.0 (Macintosh; Intel Mac OS X 10_15_7) AppleWebKit/537.36 (KHTML, like Gecko, Yokohama Institute of Information Security https://www.iisec.ac.jp) Chrome/124.0.0.0 Safari/537.36"
147.182.149.75 - - [09/Sep/2026:08:30:40 +0100] "GET /server-status HTTP/1.1" 301 178 "-" "Mozilla/5.0 (l9scan/2.0.230313e2536313e2434323e2839313; +https://leakix.net)"
130.12.180.117 - - [09/Sep/2026:08:30:40 +0100] "GET /.env.save HTTP/1.1" 301 178 "-" "Mozilla/5.0 (Macintosh; Intel Mac OS X 10_15_7) AppleWebKit/537.36 (KHTML, like Gecko, Yokohama Institute of Information Security https://www.iisec.ac.jp) Chrome/124.0.0.0 Safari/537.36"
167.99.210.137 - - [09/Sep/2026:08:30:40 +0100] "GET /console/ HTTP/1.1" 301 178 "-" "Mozilla/5.0 (l9scan/2.0.230313e2536313e2434323e2839313; +https://leakix.net)"
130.12.180.117 - - [09/Sep/2026:08:30:40 +0100] "GET /.env.bak HTTP/1.1" 301 178 "-" "Mozilla/5.0 (Macintosh; Intel Mac OS X 10_15_7) AppleWebKit/537.36 (KHTML, like Gecko, Yokohama Institute of Information Security https://www.iisec.ac.jp) Chrome/124.0.0.0 Safari/537.36"
130.12.180.117 - - [09/Sep/2026:08:30:40 +0100] "GET /.env.prod HTTP/1.1" 301 178 "-" "Mozilla/5.0 (Macintosh; Intel Mac OS X 10_15_7) AppleWebKit/537.36 (KHTML, like Gecko, Yokohama Institute of Information Security https://www.iisec.ac.jp) Chrome/124.0.0.0 Safari/537.36"
130.12.180.117 - - [09/Sep/2026:08:30:40 +0100] "GET /.env.production HTTP/1.1" 301 178 "-" "Mozilla/5.0 (Macintosh; Intel Mac OS X 10_15_7) AppleWebKit/537.36 (KHTML, like Gecko, Yokohama Institute of Information Security https://www.iisec.ac.jp) Chrome/124.0.0.0 Safari/537.36"
130.12.180.117 - - [09/Sep/2026:08:30:40 +0100] "GET /.env.staging HTTP/1.1" 301 178 "-" "Mozilla/5.0 (Macintosh; Intel Mac OS X 10_15_7) AppleWebKit/537.36 (KHTML, like Gecko, Yokohama Institute of Information Security https://www.iisec.ac.jp) Chrome/124.0.0.0 Safari/537.36"
130.12.180.117 - - [09/Sep/2026:08:30:40 +0100] "GET /.env.local HTTP/1.1" 301 178 "-" "Mozilla/5.0 (Macintosh; Intel Mac OS X 10_15_7) AppleWebKit/537.36 (KHTML, like Gecko, Yokohama Institute of Information Security https://www.iisec.ac.jp) Chrome/124.0.0.0 Safari/537.36"
130.12.180.117 - - [09/Sep/2026:08:30:40 +0100] "GET /.env.live HTTP/1.1" 301 178 "-" "Mozilla/5.0 (Macintosh; Intel Mac OS X 10_15_7) AppleWebKit/537.36 (KHTML, like Gecko, Yokohama Institute of Information Security https://www.iisec.ac.jp) Chrome/124.0.0.0 Safari/537.36"
139.59.132.8 - - [09/Sep/2026:08:30:40 +0100] "GET /.env HTTP/1.1" 301 178 "-" "Mozilla/5.0 (l9scan/2.0.230313e2536313e2434323e2839313; +https://leakix.net)"
139.59.132.8 - - [09/Sep/2026:08:30:40 +0100] "GET /.env HTTP/1.1" 301 178 "-" "Mozilla/5.0 (l9scan/2.0.230313e2536313e2434323e2839313; +https://leakix.net)"
130.12.180.117 - - [09/Sep/2026:08:30:40 +0100] "GET /.env.dev HTTP/1.1" 301 178 "-" "Mozilla/5.0 (Macintosh; Intel Mac OS X 10_15_7) AppleWebKit/537.36 (KHTML, like Gecko, Yokohama Institute of Information Security https://www.iisec.ac.jp) Chrome/124.0.0.0 Safari/537.36"
159.223.132.86 - - [09/Sep/2026:08:30:40 +0100] "GET /.env HTTP/1.1" 301 178 "-" "Mozilla/5.0 (l9scan/2.0.230313e2536313e2434323e2839313; +https://leakix.net)"
130.12.180.117 - - [09/Sep/2026:08:30:40 +0100] "GET /.env.stage HTTP/1.1" 301 178 "-" "Mozilla/5.0 (Macintosh; Intel Mac OS X 10_15_7) AppleWebKit/537.36 (KHTML, like Gecko, Yokohama Institute of Information Security https://www.iisec.ac.jp) Chrome/124.0.0.0 Safari/537.36"
143.110.217.244 - - [09/Sep/2026:08:30:40 +0100] "GET /@vite/env HTTP/1.1" 301 178 "-" "Mozilla/5.0 (l9scan/2.0.230313e2536313e2434323e2839313; +https://leakix.net)"
164.90.228.79 - - [09/Sep/2026:08:30:40 +0100] "GET /@vite/env HTTP/1.1" 301 178 "-" "Mozilla/5.0 (l9scan/2.0.230313e2536313e2434323e2839313; +https://leakix.net)"
159.89.127.165 - - [09/Sep/2026:08:30:40 +0100] "GET /.env HTTP/1.1" 301 178 "-" "Mozilla/5.0 (l9scan/2.0.230313e2536313e2434323e2839313; +https://leakix.net)"
130.12.180.117 - - [09/Sep/2026:08:30:40 +0100] "GET /config/.env HTTP/1.1" 301 178 "-" "Mozilla/5.0 (Macintosh; Intel Mac OS X 10_15_7) AppleWebKit/537.36 (KHTML, like Gecko, Yokohama Institute of Information Security https://www.iisec.ac.jp) Chrome/124.0.0.0 Safari/537.36"
164.90.228.79 - - [09/Sep/2026:08:30:40 +0100] "GET /@vite/env HTTP/1.1" 301 178 "-" "Mozilla/5.0 (l9scan/2.0.230313e2536313e2434323e2839313; +https://leakix.net)"
130.12.180.117 - - [09/Sep/2026:08:30:41 +0100] "GET /app/.env HTTP/1.1" 301 178 "-" "Mozilla/5.0 (Macintosh; Intel Mac OS X 10_15_7) AppleWebKit/537.36 (KHTML, like Gecko, Yokohama Institute of Information Security https://www.iisec.ac.jp) Chrome/124.0.0.0 Safari/537.36"
167.99.210.137 - - [09/Sep/2026:08:30:41 +0100] "GET /server HTTP/1.1" 301 178 "-" "Mozilla/5.0 (l9scan/2.0.230313e2536313e2434323e2839313; +https://leakix.net)"
130.12.180.117 - - [09/Sep/2026:08:30:41 +0100] "GET /api/.env HTTP/1.1" 301 178 "-" "Mozilla/5.0 (Macintosh; Intel Mac OS X 10_15_7) AppleWebKit/537.36 (KHTML, like Gecko, Yokohama Institute of Information Security https://www.iisec.ac.jp) Chrome/124.0.0.0 Safari/537.36"
130.12.180.117 - - [09/Sep/2026:08:30:41 +0100] "GET /application/.env HTTP/1.1" 301 178 "-" "Mozilla/5.0 (Macintosh; Intel Mac OS X 10_15_7) AppleWebKit/537.36 (KHTML, like Gecko, Yokohama Institute of Information Security https://www.iisec.ac.jp) Chrome/124.0.0.0 Safari/537.36"
130.12.180.117 - - [09/Sep/2026:08:30:41 +0100] "GET /functions/.env HTTP/1.1" 301 178 "-" "Mozilla/5.0 (Macintosh; Intel Mac OS X 10_15_7) AppleWebKit/537.36 (KHTML, like Gecko, Yokohama Institute of Information Security https://www.iisec.ac.jp) Chrome/124.0.0.0 Safari/537.36"
143.110.217.244 - - [09/Sep/2026:08:30:41 +0100] "GET /.vscode/sftp.json HTTP/1.1" 301 178 "-" "Mozilla/5.0 (l9scan/2.0.230313e2536313e2434323e2839313; +https://leakix.net)"
134.209.25.199 - - [09/Sep/2026:08:30:41 +0100] "GET /about HTTP/1.1" 301 178 "-" "Mozilla/5.0 (l9scan/2.0.230313e2536313e2434323e2839313; +https://leakix.net)"
164.90.228.79 - - [09/Sep/2026:08:30:41 +0100] "GET /.vscode/sftp.json HTTP/1.1" 301 178 "-" "Mozilla/5.0 (l9scan/2.0.230313e2536313e2434323e2839313; +https://leakix.net)"
147.182.149.75 - - [09/Sep/2026:08:30:42 +0100] "GET /about HTTP/1.1" 301 178 "-" "Mozilla/5.0 (l9scan/2.0.230313e2536313e2434323e2839313; +https://leakix.net)"
164.90.228.79 - - [09/Sep/2026:08:30:42 +0100] "GET /.vscode/sftp.json HTTP/1.1" 301 178 "-" "Mozilla/5.0 (l9scan/2.0.230313e2536313e2434323e2839313; +https://leakix.net)"
167.99.210.137 - - [09/Sep/2026:08:30:42 +0100] "GET /server-status HTTP/1.1" 301 178 "-" "Mozilla/5.0 (l9scan/2.0.230313e2536313e2434323e2839313; +https://leakix.net)"
143.110.217.244 - - [09/Sep/2026:08:30:42 +0100] "OPTIONS / HTTP/1.1" 301 178 "-" "Mozilla/5.0 (l9scan/2.0.230313e2536313e2434323e2839313; +https://leakix.net)"
164.90.228.79 - - [09/Sep/2026:08:30:42 +0100] "OPTIONS / HTTP/1.1" 301 178 "-" "Mozilla/5.0 (l9scan/2.0.230313e2536313e2434323e2839313; +https://leakix.net)"
134.209.25.199 - - [09/Sep/2026:08:30:42 +0100] "GET /login.action HTTP/1.1" 301 178 "-" "Mozilla/5.0 (l9scan/2.0.230313e2536313e2434323e2839313; +https://leakix.net)"
159.223.132.86 - - [09/Sep/2026:08:30:42 +0100] "GET /ecp/Current/exporttool/microsoft.exchange.ediscovery.exporttool.application HTTP/1.1" 301 178 "-" "Mozilla/5.0 (l9scan/2.0.230313e2536313e2434323e2839313; +https://leakix.net)"
139.59.132.8 - - [09/Sep/2026:08:30:42 +0100] "GET /ecp/Current/exporttool/microsoft.exchange.ediscovery.exporttool.application HTTP/1.1" 301 178 "-" "Mozilla/5.0 (l9scan/2.0.230313e2536313e2434323e2839313; +https://leakix.net)"
164.90.228.79 - - [09/Sep/2026:08:30:42 +0100] "OPTIONS / HTTP/1.1" 301 178 "-" "Mozilla/5.0 (l9scan/2.0.230313e2536313e2434323e2839313; +https://leakix.net)"
139.59.132.8 - - [09/Sep/2026:08:30:42 +0100] "GET /ecp/Current/exporttool/microsoft.exchange.ediscovery.exporttool.application HTTP/1.1" 301 178 "-" "Mozilla/5.0 (l9scan/2.0.230313e2536313e2434323e2839313; +https://leakix.net)"
159.89.127.165 - - [09/Sep/2026:08:30:42 +0100] "GET /ecp/Current/exporttool/microsoft.exchange.ediscovery.exporttool.application HTTP/1.1" 301 178 "-" "Mozilla/5.0 (l9scan/2.0.230313e2536313e2434323e2839313; +https://leakix.net)"
147.182.149.75 - - [09/Sep/2026:08:30:43 +0100] "GET /login.action HTTP/1.1" 301 178 "-" "Mozilla/5.0 (l9scan/2.0.230313e2536313e2434323e2839313; +https://leakix.net)"
143.110.217.244 - - [09/Sep/2026:08:30:43 +0100] "GET /?rest_route=/wp/v2/users/ HTTP/1.1" 301 178 "-" "Mozilla/5.0 (l9scan/2.0.230313e2536313e2434323e2839313; +https://leakix.net)"
134.209.25.199 - - [09/Sep/2026:08:30:43 +0100] "GET / HTTP/1.1" 301 178 "-" "Mozilla/5.0 (l9scan/2.0.230313e2536313e2434323e2839313; +https://leakix.net)"
134.209.25.199 - - [09/Sep/2026:08:30:43 +0100] "GET /___proxy_subdomain_whm/login HTTP/1.1" 301 178 "-" "Mozilla/5.0 (l9scan/2.0.230313e2536313e2434323e2839313; +https://leakix.net)"
164.90.228.79 - - [09/Sep/2026:08:30:43 +0100] "GET /?rest_route=/wp/v2/users/ HTTP/1.1" 301 178 "-" "Mozilla/5.0 (l9scan/2.0.230313e2536313e2434323e2839313; +https://leakix.net)"
134.209.25.199 - - [09/Sep/2026:08:30:43 +0100] "GET /___proxy_subdomain_cpanel HTTP/1.1" 301 178 "-" "Mozilla/5.0 (l9scan/2.0.230313e2536313e2434323e2839313; +https://leakix.net)"
134.209.25.199 - - [09/Sep/2026:08:30:43 +0100] "GET /v2/_catalog HTTP/1.1" 301 178 "-" "Mozilla/5.0 (l9scan/2.0.230313e2536313e2434323e2839313; +https://leakix.net)"
164.90.228.79 - - [09/Sep/2026:08:30:44 +0100] "GET /?rest_route=/wp/v2/users/ HTTP/1.1" 301 178 "-" "Mozilla/5.0 (l9scan/2.0.230313e2536313e2434323e2839313; +https://leakix.net)"
147.182.149.75 - - [09/Sep/2026:08:30:44 +0100] "GET / HTTP/1.1" 301 178 "-" "Mozilla/5.0 (l9scan/2.0.230313e2536313e2434323e2839313; +https://leakix.net)"
167.99.210.137 - - [09/Sep/2026:08:30:44 +0100] "GET /about HTTP/1.1" 301 178 "-" "Mozilla/5.0 (l9scan/2.0.230313e2536313e2434323e2839313; +https://leakix.net)"
147.182.149.75 - - [09/Sep/2026:08:30:44 +0100] "GET /___proxy_subdomain_whm/login HTTP/1.1" 301 178 "-" "Mozilla/5.0 (l9scan/2.0.230313e2536313e2434323e2839313; +https://leakix.net)"
143.110.217.244 - - [09/Sep/2026:08:30:44 +0100] "GET /debug/default/view?panel=config HTTP/1.1" 301 178 "-" "Mozilla/5.0 (l9scan/2.0.230313e2536313e2434323e2839313; +https://leakix.net)"
164.90.228.79 - - [09/Sep/2026:08:30:44 +0100] "GET /debug/default/view?panel=config HTTP/1.1" 301 178 "-" "Mozilla/5.0 (l9scan/2.0.230313e2536313e2434323e2839313; +https://leakix.net)"
192.241.134.160 - - [09/Sep/2026:08:30:44 +0100] "GET / HTTP/1.1" 301 178 "-" "Go-http-client/1.1"
159.223.132.86 - - [09/Sep/2026:08:30:44 +0100] "GET /.git/config HTTP/1.1" 301 178 "-" "Mozilla/5.0 (l9scan/2.0.230313e2536313e2434323e2839313; +https://leakix.net)"
147.182.149.75 - - [09/Sep/2026:08:30:44 +0100] "GET /___proxy_subdomain_cpanel HTTP/1.1" 301 178 "-" "Mozilla/5.0 (l9scan/2.0.230313e2536313e2434323e2839313; +https://leakix.net)"
139.59.132.8 - - [09/Sep/2026:08:30:44 +0100] "GET /.git/config HTTP/1.1" 301 178 "-" "Mozilla/5.0 (l9scan/2.0.230313e2536313e2434323e2839313; +https://leakix.net)"
139.59.132.8 - - [09/Sep/2026:08:30:44 +0100] "GET /.git/config HTTP/1.1" 301 178 "-" "Mozilla/5.0 (l9scan/2.0.230313e2536313e2434323e2839313; +https://leakix.net)"
134.209.25.199 - - [09/Sep/2026:08:30:44 +0100] "GET /.DS_Store HTTP/1.1" 301 178 "-" "Mozilla/5.0 (l9scan/2.0.230313e2536313e2434323e2839313; +https://leakix.net)"
164.90.228.79 - - [09/Sep/2026:08:30:44 +0100] "GET /debug/default/view?panel=config HTTP/1.1" 301 178 "-" "Mozilla/5.0 (l9scan/2.0.230313e2536313e2434323e2839313; +https://leakix.net)"
159.89.127.165 - - [09/Sep/2026:08:30:44 +0100] "GET /.git/config HTTP/1.1" 301 178 "-" "Mozilla/5.0 (l9scan/2.0.230313e2536313e2434323e2839313; +https://leakix.net)"
147.182.149.75 - - [09/Sep/2026:08:30:44 +0100] "GET /v2/_catalog HTTP/1.1" 301 178 "-" "Mozilla/5.0 (l9scan/2.0.230313e2536313e2434323e2839313; +https://leakix.net)"
167.99.210.137 - - [09/Sep/2026:08:30:45 +0100] "GET /login.action HTTP/1.1" 301 178 "-" "Mozilla/5.0 (l9scan/2.0.230313e2536313e2434323e2839313; +https://leakix.net)"
139.59.132.8 - - [09/Sep/2026:08:30:45 +0100] "POST /graphql HTTP/1.1" 301 178 "-" "Mozilla/5.0 (l9scan/2.0.230313e2536313e2434323e2839313; +https://leakix.net)"
139.59.132.8 - - [09/Sep/2026:08:30:45 +0100] "POST /api HTTP/1.1" 301 178 "-" "Mozilla/5.0 (l9scan/2.0.230313e2536313e2434323e2839313; +https://leakix.net)"
139.59.132.8 - - [09/Sep/2026:08:30:45 +0100] "POST /graphql HTTP/1.1" 301 178 "-" "Mozilla/5.0 (l9scan/2.0.230313e2536313e2434323e2839313; +https://leakix.net)"
139.59.132.8 - - [09/Sep/2026:08:30:45 +0100] "POST /api/graphql HTTP/1.1" 301 178 "-" "Mozilla/5.0 (l9scan/2.0.230313e2536313e2434323e2839313; +https://leakix.net)"
139.59.132.8 - - [09/Sep/2026:08:30:45 +0100] "POST /api HTTP/1.1" 301 178 "-" "Mozilla/5.0 (l9scan/2.0.230313e2536313e2434323e2839313; +https://leakix.net)"
139.59.132.8 - - [09/Sep/2026:08:30:45 +0100] "POST /graphql/api HTTP/1.1" 301 178 "-" "Mozilla/5.0 (l9scan/2.0.230313e2536313e2434323e2839313; +https://leakix.net)"
139.59.132.8 - - [09/Sep/2026:08:30:45 +0100] "POST /api/graphql HTTP/1.1" 301 178 "-" "Mozilla/5.0 (l9scan/2.0.230313e2536313e2434323e2839313; +https://leakix.net)"
139.59.132.8 - - [09/Sep/2026:08:30:45 +0100] "POST /api/gql HTTP/1.1" 301 178 "-" "Mozilla/5.0 (l9scan/2.0.230313e2536313e2434323e2839313; +https://leakix.net)"
139.59.132.8 - - [09/Sep/2026:08:30:45 +0100] "POST /graphql/api HTTP/1.1" 301 178 "-" "Mozilla/5.0 (l9scan/2.0.230313e2536313e2434323e2839313; +https://leakix.net)"
159.223.132.86 - - [09/Sep/2026:08:30:45 +0100] "POST /graphql HTTP/1.1" 301 178 "-" "Mozilla/5.0 (l9scan/2.0.230313e2536313e2434323e2839313; +https://leakix.net)"
134.209.25.199 - - [09/Sep/2026:08:30:45 +0100] "GET /.env HTTP/1.1" 301 178 "-" "Mozilla/5.0 (l9scan/2.0.230313e2536313e2434323e2839313; +https://leakix.net)"
139.59.132.8 - - [09/Sep/2026:08:30:45 +0100] "POST /api/gql HTTP/1.1" 301 178 "-" "Mozilla/5.0 (l9scan/2.0.230313e2536313e2434323e2839313; +https://leakix.net)"
154.28.229.102 - - [09/Sep/2026:08:30:45 +0100] "GET /?attachment_id=4 HTTP/1.1" 301 178 "-" "Mozilla/5.0 (Windows NT 10.0; Win64; x64) AppleWebKit/537.36 (KHTML, like Gecko) Chrome/130.0.0.0 Safari/537.36"
147.182.149.75 - - [09/Sep/2026:08:30:45 +0100] "GET /.DS_Store HTTP/1.1" 301 178 "-" "Mozilla/5.0 (l9scan/2.0.230313e2536313e2434323e2839313; +https://leakix.net)"
159.223.132.86 - - [09/Sep/2026:08:30:46 +0100] "POST /api HTTP/1.1" 301 178 "-" "Mozilla/5.0 (l9scan/2.0.230313e2536313e2434323e2839313; +https://leakix.net)"
159.89.127.165 - - [09/Sep/2026:08:30:46 +0100] "POST /graphql HTTP/1.1" 301 178 "-" "Mozilla/5.0 (l9scan/2.0.230313e2536313e2434323e2839313; +https://leakix.net)"
167.99.210.137 - - [09/Sep/2026:08:30:46 +0100] "GET / HTTP/1.1" 301 178 "-" "Mozilla/5.0 (l9scan/2.0.230313e2536313e2434323e2839313; +https://leakix.net)"
159.223.132.86 - - [09/Sep/2026:08:30:46 +0100] "POST /api/graphql HTTP/1.1" 301 178 "-" "Mozilla/5.0 (l9scan/2.0.230313e2536313e2434323e2839313; +https://leakix.net)"
159.89.127.165 - - [09/Sep/2026:08:30:46 +0100] "POST /api HTTP/1.1" 301 178 "-" "Mozilla/5.0 (l9scan/2.0.230313e2536313e2434323e2839313; +https://leakix.net)"
139.59.132.8 - - [09/Sep/2026:08:30:46 +0100] "GET /s/230313e2536313e2434323e2839313/_/;/META-INF/maven/com.atlassian.jira/jira-webapp-dist/pom.properties HTTP/1.1" 301 178 "-" "Mozilla/5.0 (l9scan/2.0.230313e2536313e2434323e2839313; +https://leakix.net)"
159.89.127.165 - - [09/Sep/2026:08:30:46 +0100] "POST /api/graphql HTTP/1.1" 301 178 "-" "Mozilla/5.0 (l9scan/2.0.230313e2536313e2434323e2839313; +https://leakix.net)"
139.59.132.8 - - [09/Sep/2026:08:30:46 +0100] "GET /s/230313e2536313e2434323e2839313/_/;/META-INF/maven/com.atlassian.jira/jira-webapp-dist/pom.properties HTTP/1.1" 301 178 "-" "Mozilla/5.0 (l9scan/2.0.230313e2536313e2434323e2839313; +https://leakix.net)"
159.223.132.86 - - [09/Sep/2026:08:30:46 +0100] "POST /graphql/api HTTP/1.1" 301 178 "-" "Mozilla/5.0 (l9scan/2.0.230313e2536313e2434323e2839313; +https://leakix.net)"
159.89.127.165 - - [09/Sep/2026:08:30:46 +0100] "POST /graphql/api HTTP/1.1" 301 178 "-" "Mozilla/5.0 (l9scan/2.0.230313e2536313e2434323e2839313; +https://leakix.net)"
147.182.149.75 - - [09/Sep/2026:08:30:46 +0100] "GET /.env HTTP/1.1" 301 178 "-" "Mozilla/5.0 (l9scan/2.0.230313e2536313e2434323e2839313; +https://leakix.net)"
159.223.132.86 - - [09/Sep/2026:08:30:47 +0100] "POST /api/gql HTTP/1.1" 301 178 "-" "Mozilla/5.0 (l9scan/2.0.230313e2536313e2434323e2839313; +https://leakix.net)"
159.89.127.165 - - [09/Sep/2026:08:30:47 +0100] "POST /api/gql HTTP/1.1" 301 178 "-" "Mozilla/5.0 (l9scan/2.0.230313e2536313e2434323e2839313; +https://leakix.net)"
167.99.210.137 - - [09/Sep/2026:08:30:47 +0100] "GET /___proxy_subdomain_whm/login HTTP/1.1" 301 178 "-" "Mozilla/5.0 (l9scan/2.0.230313e2536313e2434323e2839313; +https://leakix.net)"
159.89.127.165 - - [09/Sep/2026:08:30:47 +0100] "GET /s/230313e2536313e2434323e2839313/_/;/META-INF/maven/com.atlassian.jira/jira-webapp-dist/pom.properties HTTP/1.1" 301 178 "-" "Mozilla/5.0 (l9scan/2.0.230313e2536313e2434323e2839313; +https://leakix.net)"
159.223.132.86 - - [09/Sep/2026:08:30:47 +0100] "GET /s/230313e2536313e2434323e2839313/_/;/META-INF/maven/com.atlassian.jira/jira-webapp-dist/pom.properties HTTP/1.1" 301 178 "-" "Mozilla/5.0 (l9scan/2.0.230313e2536313e2434323e2839313; +https://leakix.net)"
139.59.132.8 - - [09/Sep/2026:08:30:47 +0100] "GET /config.json HTTP/1.1" 301 178 "-" "Mozilla/5.0 (l9scan/2.0.230313e2536313e2434323e2839313; +https://leakix.net)"
139.59.132.8 - - [09/Sep/2026:08:30:47 +0100] "GET /config.json HTTP/1.1" 301 178 "-" "Mozilla/5.0 (l9scan/2.0.230313e2536313e2434323e2839313; +https://leakix.net)"
134.209.25.199 - - [09/Sep/2026:08:30:47 +0100] "GET /ecp/Current/exporttool/microsoft.exchange.ediscovery.exporttool.application HTTP/1.1" 301 178 "-" "Mozilla/5.0 (l9scan/2.0.230313e2536313e2434323e2839313; +https://leakix.net)"
159.89.127.165 - - [09/Sep/2026:08:30:48 +0100] "GET /config.json HTTP/1.1" 301 178 "-" "Mozilla/5.0 (l9scan/2.0.230313e2536313e2434323e2839313; +https://leakix.net)"
167.99.210.137 - - [09/Sep/2026:08:30:48 +0100] "GET /___proxy_subdomain_cpanel HTTP/1.1" 301 178 "-" "Mozilla/5.0 (l9scan/2.0.230313e2536313e2434323e2839313; +https://leakix.net)"
159.223.132.86 - - [09/Sep/2026:08:30:48 +0100] "GET /config.json HTTP/1.1" 301 178 "-" "Mozilla/5.0 (l9scan/2.0.230313e2536313e2434323e2839313; +https://leakix.net)"
147.182.149.75 - - [09/Sep/2026:08:30:48 +0100] "GET /ecp/Current/exporttool/microsoft.exchange.ediscovery.exporttool.application HTTP/1.1" 301 178 "-" "Mozilla/5.0 (l9scan/2.0.230313e2536313e2434323e2839313; +https://leakix.net)"
167.99.210.137 - - [09/Sep/2026:08:30:49 +0100] "GET /v2/_catalog HTTP/1.1" 301 178 "-" "Mozilla/5.0 (l9scan/2.0.230313e2536313e2434323e2839313; +https://leakix.net)"
