23.178.112.103 - - [09/Sep/2026:08:27:44 +0100] "GET /.well-known/acme-challenge/iHukdoJ-M4yezSm4tIr36TQSu_5cxXABtfHm57VVyvE HTTP/1.1" 200 118 "-" "Mozilla/5.0 (compatible; Let's Encrypt validation server; +https://www.letsencrypt.org)"
130.12.180.117 - - [09/Sep/2026:08:27:44 +0100] "GET /.env.old HTTP/1.1" 301 178 "-" "Mozilla/5.0 (Macintosh; Intel Mac OS X 10_15_7) AppleWebKit/537.36 (KHTML, like Gecko, Yokohama Institute of Information Security https://www.iisec.ac.jp) Chrome/124.0.0.0 Safari/537.36"
16.171.16.74 - - [09/Sep/2026:08:27:44 +0100] "GET /.well-known/acme-challenge/snioKJ-uy-mOj0o8IvmPB78y2wIZE9bKUrAavQD4VQs HTTP/1.1" 200 118 "-" "Mozilla/5.0 (compatible; Let's Encrypt validation server; +https://www.letsencrypt.org)"
18.220.242.234 - - [09/Sep/2026:08:27:44 +0100] "GET /.well-known/acme-challenge/snioKJ-uy-mOj0o8IvmPB78y2wIZE9bKUrAavQD4VQs HTTP/1.1" 200 118 "-" "Mozilla/5.0 (compatible; Let's Encrypt validation server; +https://www.letsencrypt.org)"
130.12.180.117 - - [09/Sep/2026:08:27:44 +0100] "GET /.env.save HTTP/1.1" 301 178 "-" "Mozilla/5.0 (Macintosh; Intel Mac OS X 10_15_7) AppleWebKit/537.36 (KHTML, like Gecko, Yokohama Institute of Information Security https://www.iisec.ac.jp) Chrome/124.0.0.0 Safari/537.36"
13.50.249.160 - - [09/Sep/2026:08:27:44 +0100] "GET /.well-known/acme-challenge/iHukdoJ-M4yezSm4tIr36TQSu_5cxXABtfHm57VVyvE HTTP/1.1" 200 118 "-" "Mozilla/5.0 (compatible; Let's Encrypt validation server; +https://www.letsencrypt.org)"
3.16.37.39 - - [09/Sep/2026:08:27:44 +0100] "GET /.well-known/acme-challenge/iHukdoJ-M4yezSm4tIr36TQSu_5cxXABtfHm57VVyvE HTTP/1.1" 200 118 "-" "Mozilla/5.0 (compatible; Let's Encrypt validation server; +https://www.letsencrypt.org)"
54.255.240.66 - - [09/Sep/2026:08:27:44 +0100] "GET /.well-known/acme-challenge/snioKJ-uy-mOj0o8IvmPB78y2wIZE9bKUrAavQD4VQs HTTP/1.1" 200 118 "-" "Mozilla/5.0 (compatible; Let's Encrypt validation server; +https://www.letsencrypt.org)"
34.211.63.247 - - [09/Sep/2026:08:27:44 +0100] "GET /.well-known/acme-challenge/snioKJ-uy-mOj0o8IvmPB78y2wIZE9bKUrAavQD4VQs HTTP/1.1" 200 118 "-" "Mozilla/5.0 (compatible; Let's Encrypt validation server; +https://www.letsencrypt.org)"
130.12.180.117 - - [09/Sep/2026:08:27:44 +0100] "GET /.env.bak HTTP/1.1" 301 178 "-" "Mozilla/5.0 (Macintosh; Intel Mac OS X 10_15_7) AppleWebKit/537.36 (KHTML, like Gecko, Yokohama Institute of Information Security https://www.iisec.ac.jp) Chrome/124.0.0.0 Safari/537.36"
130.12.180.117 - - [09/Sep/2026:08:27:44 +0100] "GET /.env.prod HTTP/1.1" 301 178 "-" "Mozilla/5.0 (Macintosh; Intel Mac OS X 10_15_7) AppleWebKit/537.36 (KHTML, like Gecko, Yokohama Institute of Information Security https://www.iisec.ac.jp) Chrome/124.0.0.0 Safari/537.36"
18.237.133.139 - - [09/Sep/2026:08:27:44 +0100] "GET /.well-known/acme-challenge/iHukdoJ-M4yezSm4tIr36TQSu_5cxXABtfHm57VVyvE HTTP/1.1" 200 118 "-" "Mozilla/5.0 (compatible; Let's Encrypt validation server; +https://www.letsencrypt.org)"
47.129.169.117 - - [09/Sep/2026:08:27:44 +0100] "GET /.well-known/acme-challenge/iHukdoJ-M4yezSm4tIr36TQSu_5cxXABtfHm57VVyvE HTTP/1.1" 200 118 "-" "Mozilla/5.0 (compatible; Let's Encrypt validation server; +https://www.letsencrypt.org)"
130.12.180.117 - - [09/Sep/2026:08:27:44 +0100] "GET /.env.production HTTP/1.1" 301 178 "-" "Mozilla/5.0 (Macintosh; Intel Mac OS X 10_15_7) AppleWebKit/537.36 (KHTML, like Gecko, Yokohama Institute of Information Security https://www.iisec.ac.jp) Chrome/124.0.0.0 Safari/537.36"
130.12.180.117 - - [09/Sep/2026:08:27:44 +0100] "GET /.env.staging HTTP/1.1" 301 178 "-" "Mozilla/5.0 (Macintosh; Intel Mac OS X 10_15_7) AppleWebKit/537.36 (KHTML, like Gecko, Yokohama Institute of Information Security https://www.iisec.ac.jp) Chrome/124.0.0.0 Safari/537.36"
130.12.180.117 - - [09/Sep/2026:08:27:44 +0100] "GET /.env.local HTTP/1.1" 301 178 "-" "Mozilla/5.0 (Macintosh; Intel Mac OS X 10_15_7) AppleWebKit/537.36 (KHTML, like Gecko, Yokohama Institute of Information Security https://www.iisec.ac.jp) Chrome/124.0.0.0 Safari/537.36"
130.12.180.117 - - [09/Sep/2026:08:27:44 +0100] "GET /.env.live HTTP/1.1" 301 178 "-" "Mozilla/5.0 (Macintosh; Intel Mac OS X 10_15_7) AppleWebKit/537.36 (KHTML, like Gecko, Yokohama Institute of Information Security https://www.iisec.ac.jp) Chrome/124.0.0.0 Safari/537.36"
130.12.180.117 - - [09/Sep/2026:08:27:45 +0100] "GET /.env.dev HTTP/1.1" 301 178 "-" "Mozilla/5.0 (Macintosh; Intel Mac OS X 10_15_7) AppleWebKit/537.36 (KHTML, like Gecko, Yokohama Institute of Information Security https://www.iisec.ac.jp) Chrome/124.0.0.0 Safari/537.36"
130.12.180.117 - - [09/Sep/2026:08:27:45 +0100] "GET /.env.stage HTTP/1.1" 301 178 "-" "Mozilla/5.0 (Macintosh; Intel Mac OS X 10_15_7) AppleWebKit/537.36 (KHTML, like Gecko, Yokohama Institute of Information Security https://www.iisec.ac.jp) Chrome/124.0.0.0 Safari/537.36"
185.65.133.188 - - [09/Sep/2026:08:27:45 +0100] "GET /favicon.ico HTTP/1.1" 301 178 "-" "Mozilla/5.0 (Macintosh; Intel Mac OS X 10_15_7) AppleWebKit/537.36 (KHTML, like Gecko) Chrome/146.0.0.0 Safari/537.36"
138.197.34.161 - - [09/Sep/2026:08:27:46 +0100] "GET / HTTP/1.1" 301 178 "-" "Mozilla/5.0 (X11; Linux x86_64; rv:142.0) Gecko/20100101 Firefox/142.0"
138.197.34.161 - - [09/Sep/2026:08:27:46 +0100] "GET /favicon.ico HTTP/1.1" 301 178 "http://lynchauctioneersgalway.com/" "Mozilla/5.0 (X11; Linux x86_64; rv:142.0) Gecko/20100101 Firefox/142.0"
130.12.180.117 - - [09/Sep/2026:08:27:47 +0100] "GET /app/.env HTTP/1.1" 301 178 "-" "Mozilla/5.0 (Macintosh; Intel Mac OS X 10_15_7) AppleWebKit/537.36 (KHTML, like Gecko, Yokohama Institute of Information Security https://www.iisec.ac.jp) Chrome/124.0.0.0 Safari/537.36"
130.12.180.117 - - [09/Sep/2026:08:27:48 +0100] "GET /api/.env HTTP/1.1" 301 178 "-" "Mozilla/5.0 (Macintosh; Intel Mac OS X 10_15_7) AppleWebKit/537.36 (KHTML, like Gecko, Yokohama Institute of Information Security https://www.iisec.ac.jp) Chrome/124.0.0.0 Safari/537.36"
130.12.180.117 - - [09/Sep/2026:08:27:49 +0100] "GET /application/.env HTTP/1.1" 301 178 "-" "Mozilla/5.0 (Macintosh; Intel Mac OS X 10_15_7) AppleWebKit/537.36 (KHTML, like Gecko, Yokohama Institute of Information Security https://www.iisec.ac.jp) Chrome/124.0.0.0 Safari/537.36"
130.12.180.117 - - [09/Sep/2026:08:27:49 +0100] "GET /functions/.env HTTP/1.1" 301 178 "-" "Mozilla/5.0 (Macintosh; Intel Mac OS X 10_15_7) AppleWebKit/537.36 (KHTML, like Gecko, Yokohama Institute of Information Security https://www.iisec.ac.jp) Chrome/124.0.0.0 Safari/537.36"
159.89.127.165 - - [09/Sep/2026:08:27:50 +0100] "GET / HTTP/1.1" 301 178 "-" "Mozilla/5.0 (l9scan/2.0.230313e2536313e2434323e2839313; +https://leakix.net)"
206.189.95.232 - - [09/Sep/2026:08:27:50 +0100] "GET / HTTP/1.1" 301 178 "-" "Mozilla/5.0 (l9scan/2.0.230313e2536313e2434323e2839313; +https://leakix.net)"
159.89.127.165 - - [09/Sep/2026:08:27:51 +0100] "GET /console/ HTTP/1.1" 301 178 "-" "Mozilla/5.0 (l9scan/2.0.230313e2536313e2434323e2839313; +https://leakix.net)"
206.189.95.232 - - [09/Sep/2026:08:27:51 +0100] "GET /console/ HTTP/1.1" 301 178 "-" "Mozilla/5.0 (l9scan/2.0.230313e2536313e2434323e2839313; +https://leakix.net)"
159.89.127.165 - - [09/Sep/2026:08:27:52 +0100] "GET /server HTTP/1.1" 301 178 "-" "Mozilla/5.0 (l9scan/2.0.230313e2536313e2434323e2839313; +https://leakix.net)"
206.189.95.232 - - [09/Sep/2026:08:27:52 +0100] "GET /server HTTP/1.1" 301 178 "-" "Mozilla/5.0 (l9scan/2.0.230313e2536313e2434323e2839313; +https://leakix.net)"
206.189.95.232 - - [09/Sep/2026:08:27:53 +0100] "GET /server-status HTTP/1.1" 301 178 "-" "Mozilla/5.0 (l9scan/2.0.230313e2536313e2434323e2839313; +https://leakix.net)"
159.89.127.165 - - [09/Sep/2026:08:27:53 +0100] "GET /server-status HTTP/1.1" 301 178 "-" "Mozilla/5.0 (l9scan/2.0.230313e2536313e2434323e2839313; +https://leakix.net)"
159.89.127.165 - - [09/Sep/2026:08:27:55 +0100] "GET /about HTTP/1.1" 301 178 "-" "Mozilla/5.0 (l9scan/2.0.230313e2536313e2434323e2839313; +https://leakix.net)"
206.189.95.232 - - [09/Sep/2026:08:27:55 +0100] "GET /about HTTP/1.1" 301 178 "-" "Mozilla/5.0 (l9scan/2.0.230313e2536313e2434323e2839313; +https://leakix.net)"
159.89.127.165 - - [09/Sep/2026:08:27:56 +0100] "GET /login.action HTTP/1.1" 301 178 "-" "Mozilla/5.0 (l9scan/2.0.230313e2536313e2434323e2839313; +https://leakix.net)"
206.189.95.232 - - [09/Sep/2026:08:27:56 +0100] "GET /login.action HTTP/1.1" 301 178 "-" "Mozilla/5.0 (l9scan/2.0.230313e2536313e2434323e2839313; +https://leakix.net)"
159.89.127.165 - - [09/Sep/2026:08:27:57 +0100] "GET / HTTP/1.1" 301 178 "-" "Mozilla/5.0 (l9scan/2.0.230313e2536313e2434323e2839313; +https://leakix.net)"
206.189.95.232 - - [09/Sep/2026:08:27:57 +0100] "GET / HTTP/1.1" 301 178 "-" "Mozilla/5.0 (l9scan/2.0.230313e2536313e2434323e2839313; +https://leakix.net)"
130.12.180.117 - - [09/Sep/2026:08:27:57 +0100] "GET /.env HTTP/1.1" 301 178 "-" "Mozilla/5.0 (Macintosh; Intel Mac OS X 10_15_7) AppleWebKit/537.36 (KHTML, like Gecko, Yokohama Institute of Information Security https://www.iisec.ac.jp) Chrome/124.0.0.0 Safari/537.36"
159.89.127.165 - - [09/Sep/2026:08:27:57 +0100] "GET /___proxy_subdomain_whm/login HTTP/1.1" 301 178 "-" "Mozilla/5.0 (l9scan/2.0.230313e2536313e2434323e2839313; +https://leakix.net)"
130.12.180.117 - - [09/Sep/2026:08:27:57 +0100] "GET /.git/HEAD HTTP/1.1" 301 178 "-" "Mozilla/5.0 (Macintosh; Intel Mac OS X 10_15_7) AppleWebKit/537.36 (KHTML, like Gecko, Yokohama Institute of Information Security https://www.iisec.ac.jp) Chrome/124.0.0.0 Safari/537.36"
130.12.180.117 - - [09/Sep/2026:08:27:58 +0100] "GET /.env.backup HTTP/1.1" 301 178 "-" "Mozilla/5.0 (Macintosh; Intel Mac OS X 10_15_7) AppleWebKit/537.36 (KHTML, like Gecko, Yokohama Institute of Information Security https://www.iisec.ac.jp) Chrome/124.0.0.0 Safari/537.36"
130.12.180.117 - - [09/Sep/2026:08:27:58 +0100] "GET /.env.old HTTP/1.1" 301 178 "-" "Mozilla/5.0 (Macintosh; Intel Mac OS X 10_15_7) AppleWebKit/537.36 (KHTML, like Gecko, Yokohama Institute of Information Security https://www.iisec.ac.jp) Chrome/124.0.0.0 Safari/537.36"
130.12.180.117 - - [09/Sep/2026:08:27:58 +0100] "GET /.env.save HTTP/1.1" 301 178 "-" "Mozilla/5.0 (Macintosh; Intel Mac OS X 10_15_7) AppleWebKit/537.36 (KHTML, like Gecko, Yokohama Institute of Information Security https://www.iisec.ac.jp) Chrome/124.0.0.0 Safari/537.36"
130.12.180.117 - - [09/Sep/2026:08:27:58 +0100] "GET /.env.bak HTTP/1.1" 301 178 "-" "Mozilla/5.0 (Macintosh; Intel Mac OS X 10_15_7) AppleWebKit/537.36 (KHTML, like Gecko, Yokohama Institute of Information Security https://www.iisec.ac.jp) Chrome/124.0.0.0 Safari/537.36"
43.159.141.150 - - [09/Sep/2026:08:27:58 +0100] "GET / HTTP/1.1" 301 178 "-" "Mozilla/5.0 (iPhone; CPU iPhone OS 13_2_3 like Mac OS X) AppleWebKit/605.1.15 (KHTML, like Gecko) Version/13.0.3 Mobile/15E148 Safari/604.1"
206.189.95.232 - - [09/Sep/2026:08:27:58 +0100] "GET /___proxy_subdomain_whm/login HTTP/1.1" 301 178 "-" "Mozilla/5.0 (l9scan/2.0.230313e2536313e2434323e2839313; +https://leakix.net)"
159.89.127.165 - - [09/Sep/2026:08:27:58 +0100] "GET /___proxy_subdomain_cpanel HTTP/1.1" 301 178 "-" "Mozilla/5.0 (l9scan/2.0.230313e2536313e2434323e2839313; +https://leakix.net)"
130.12.180.117 - - [09/Sep/2026:08:27:58 +0100] "GET /.env.production HTTP/1.1" 301 178 "-" "Mozilla/5.0 (Macintosh; Intel Mac OS X 10_15_7) AppleWebKit/537.36 (KHTML, like Gecko, Yokohama Institute of Information Security https://www.iisec.ac.jp) Chrome/124.0.0.0 Safari/537.36"
130.12.180.117 - - [09/Sep/2026:08:27:58 +0100] "GET /.env.staging HTTP/1.1" 301 178 "-" "Mozilla/5.0 (Macintosh; Intel Mac OS X 10_15_7) AppleWebKit/537.36 (KHTML, like Gecko, Yokohama Institute of Information Security https://www.iisec.ac.jp) Chrome/124.0.0.0 Safari/537.36"
206.189.95.232 - - [09/Sep/2026:08:27:59 +0100] "GET /___proxy_subdomain_cpanel HTTP/1.1" 301 178 "-" "Mozilla/5.0 (l9scan/2.0.230313e2536313e2434323e2839313; +https://leakix.net)"
130.12.180.117 - - [09/Sep/2026:08:27:59 +0100] "GET /.env.local HTTP/1.1" 301 178 "-" "Mozilla/5.0 (Macintosh; Intel Mac OS X 10_15_7) AppleWebKit/537.36 (KHTML, like Gecko, Yokohama Institute of Information Security https://www.iisec.ac.jp) Chrome/124.0.0.0 Safari/537.36"
130.12.180.117 - - [09/Sep/2026:08:27:59 +0100] "GET /.env.live HTTP/1.1" 301 178 "-" "Mozilla/5.0 (Macintosh; Intel Mac OS X 10_15_7) AppleWebKit/537.36 (KHTML, like Gecko, Yokohama Institute of Information Security https://www.iisec.ac.jp) Chrome/124.0.0.0 Safari/537.36"
130.12.180.117 - - [09/Sep/2026:08:27:59 +0100] "GET /.env.dev HTTP/1.1" 301 178 "-" "Mozilla/5.0 (Macintosh; Intel Mac OS X 10_15_7) AppleWebKit/537.36 (KHTML, like Gecko, Yokohama Institute of Information Security https://www.iisec.ac.jp) Chrome/124.0.0.0 Safari/537.36"
159.89.127.165 - - [09/Sep/2026:08:27:59 +0100] "GET /v2/_catalog HTTP/1.1" 301 178 "-" "Mozilla/5.0 (l9scan/2.0.230313e2536313e2434323e2839313; +https://leakix.net)"
130.12.180.117 - - [09/Sep/2026:08:27:59 +0100] "GET /.env.stage HTTP/1.1" 301 178 "-" "Mozilla/5.0 (Macintosh; Intel Mac OS X 10_15_7) AppleWebKit/537.36 (KHTML, like Gecko, Yokohama Institute of Information Security https://www.iisec.ac.jp) Chrome/124.0.0.0 Safari/537.36"
130.12.180.117 - - [09/Sep/2026:08:27:59 +0100] "GET /config/.env HTTP/1.1" 301 178 "-" "Mozilla/5.0 (Macintosh; Intel Mac OS X 10_15_7) AppleWebKit/537.36 (KHTML, like Gecko, Yokohama Institute of Information Security https://www.iisec.ac.jp) Chrome/124.0.0.0 Safari/537.36"
130.12.180.117 - - [09/Sep/2026:08:27:59 +0100] "GET /app/.env HTTP/1.1" 301 178 "-" "Mozilla/5.0 (Macintosh; Intel Mac OS X 10_15_7) AppleWebKit/537.36 (KHTML, like Gecko, Yokohama Institute of Information Security https://www.iisec.ac.jp) Chrome/124.0.0.0 Safari/537.36"
130.12.180.117 - - [09/Sep/2026:08:27:59 +0100] "GET /api/.env HTTP/1.1" 301 178 "-" "Mozilla/5.0 (Macintosh; Intel Mac OS X 10_15_7) AppleWebKit/537.36 (KHTML, like Gecko, Yokohama Institute of Information Security https://www.iisec.ac.jp) Chrome/124.0.0.0 Safari/537.36"
206.189.95.232 - - [09/Sep/2026:08:27:59 +0100] "GET /v2/_catalog HTTP/1.1" 301 178 "-" "Mozilla/5.0 (l9scan/2.0.230313e2536313e2434323e2839313; +https://leakix.net)"
130.12.180.117 - - [09/Sep/2026:08:27:59 +0100] "GET /application/.env HTTP/1.1" 301 178 "-" "Mozilla/5.0 (Macintosh; Intel Mac OS X 10_15_7) AppleWebKit/537.36 (KHTML, like Gecko, Yokohama Institute of Information Security https://www.iisec.ac.jp) Chrome/124.0.0.0 Safari/537.36"
130.12.180.117 - - [09/Sep/2026:08:27:59 +0100] "GET /functions/.env HTTP/1.1" 301 178 "-" "Mozilla/5.0 (Macintosh; Intel Mac OS X 10_15_7) AppleWebKit/537.36 (KHTML, like Gecko, Yokohama Institute of Information Security https://www.iisec.ac.jp) Chrome/124.0.0.0 Safari/537.36"
23.178.112.104 - - [09/Sep/2026:08:27:59 +0100] "GET /.well-known/acme-challenge/lV65Tqs_KQeeIuLNOMIxdDTnZNdGMKM-iqUjU0LKnjY HTTP/1.1" 200 118 "-" "Mozilla/5.0 (compatible; Let's Encrypt validation server; +https://www.letsencrypt.org)"
23.178.112.104 - - [09/Sep/2026:08:28:00 +0100] "GET /.well-known/acme-challenge/BUkE6dDQcbG1w93N81zOUx6IOsrY0Av3m3bal_DPs7o HTTP/1.1" 200 118 "-" "Mozilla/5.0 (compatible; Let's Encrypt validation server; +https://www.letsencrypt.org)"
13.60.90.98 - - [09/Sep/2026:08:28:00 +0100] "GET /.well-known/acme-challenge/lV65Tqs_KQeeIuLNOMIxdDTnZNdGMKM-iqUjU0LKnjY HTTP/1.1" 200 118 "-" "Mozilla/5.0 (compatible; Let's Encrypt validation server; +https://www.letsencrypt.org)"
159.89.127.165 - - [09/Sep/2026:08:28:00 +0100] "GET /.DS_Store HTTP/1.1" 301 178 "-" "Mozilla/5.0 (l9scan/2.0.230313e2536313e2434323e2839313; +https://leakix.net)"
18.221.57.239 - - [09/Sep/2026:08:28:00 +0100] "GET /.well-known/acme-challenge/lV65Tqs_KQeeIuLNOMIxdDTnZNdGMKM-iqUjU0LKnjY HTTP/1.1" 200 118 "-" "Mozilla/5.0 (compatible; Let's Encrypt validation server; +https://www.letsencrypt.org)"
18.237.133.139 - - [09/Sep/2026:08:28:00 +0100] "GET /.well-known/acme-challenge/lV65Tqs_KQeeIuLNOMIxdDTnZNdGMKM-iqUjU0LKnjY HTTP/1.1" 200 118 "-" "Mozilla/5.0 (compatible; Let's Encrypt validation server; +https://www.letsencrypt.org)"
13.50.248.119 - - [09/Sep/2026:08:28:00 +0100] "GET /.well-known/acme-challenge/BUkE6dDQcbG1w93N81zOUx6IOsrY0Av3m3bal_DPs7o HTTP/1.1" 200 118 "-" "Mozilla/5.0 (compatible; Let's Encrypt validation server; +https://www.letsencrypt.org)"
159.223.132.86 - - [09/Sep/2026:08:28:00 +0100] "GET / HTTP/1.1" 301 178 "-" "Mozilla/5.0 (l9scan/2.0.230313e2536313e2434323e2839313; +https://leakix.net)"
18.221.57.239 - - [09/Sep/2026:08:28:00 +0100] "GET /.well-known/acme-challenge/BUkE6dDQcbG1w93N81zOUx6IOsrY0Av3m3bal_DPs7o HTTP/1.1" 200 118 "-" "Mozilla/5.0 (compatible; Let's Encrypt validation server; +https://www.letsencrypt.org)"
54.203.2.127 - - [09/Sep/2026:08:28:00 +0100] "GET /.well-known/acme-challenge/BUkE6dDQcbG1w93N81zOUx6IOsrY0Av3m3bal_DPs7o HTTP/1.1" 200 118 "-" "Mozilla/5.0 (compatible; Let's Encrypt validation server; +https://www.letsencrypt.org)"
13.213.32.102 - - [09/Sep/2026:08:28:00 +0100] "GET /.well-known/acme-challenge/lV65Tqs_KQeeIuLNOMIxdDTnZNdGMKM-iqUjU0LKnjY HTTP/1.1" 200 118 "-" "Mozilla/5.0 (compatible; Let's Encrypt validation server; +https://www.letsencrypt.org)"
206.81.24.74 - - [09/Sep/2026:08:28:00 +0100] "GET / HTTP/1.1" 301 178 "-" "Mozilla/5.0 (l9scan/2.0.230313e2536313e2434323e2839313; +https://leakix.net)"
47.128.152.95 - - [09/Sep/2026:08:28:00 +0100] "GET /.well-known/acme-challenge/BUkE6dDQcbG1w93N81zOUx6IOsrY0Av3m3bal_DPs7o HTTP/1.1" 200 118 "-" "Mozilla/5.0 (compatible; Let's Encrypt validation server; +https://www.letsencrypt.org)"
217.154.253.108 - - [09/Sep/2026:08:28:00 +0100] "GET / HTTP/1.1" 301 178 "-" "Python/3.14 aiohttp/3.14.0"
206.189.95.232 - - [09/Sep/2026:08:28:00 +0100] "GET /.DS_Store HTTP/1.1" 301 178 "-" "Mozilla/5.0 (l9scan/2.0.230313e2536313e2434323e2839313; +https://leakix.net)"
159.223.132.86 - - [09/Sep/2026:08:28:01 +0100] "GET /console/ HTTP/1.1" 301 178 "-" "Mozilla/5.0 (l9scan/2.0.230313e2536313e2434323e2839313; +https://leakix.net)"
206.81.24.74 - - [09/Sep/2026:08:28:01 +0100] "GET /console/ HTTP/1.1" 301 178 "-" "Mozilla/5.0 (l9scan/2.0.230313e2536313e2434323e2839313; +https://leakix.net)"
159.89.127.165 - - [09/Sep/2026:08:28:01 +0100] "GET /.env HTTP/1.1" 301 178 "-" "Mozilla/5.0 (l9scan/2.0.230313e2536313e2434323e2839313; +https://leakix.net)"
206.189.95.232 - - [09/Sep/2026:08:28:01 +0100] "GET /.env HTTP/1.1" 301 178 "-" "Mozilla/5.0 (l9scan/2.0.230313e2536313e2434323e2839313; +https://leakix.net)"
159.223.132.86 - - [09/Sep/2026:08:28:02 +0100] "GET /server HTTP/1.1" 301 178 "-" "Mozilla/5.0 (l9scan/2.0.230313e2536313e2434323e2839313; +https://leakix.net)"
206.81.24.74 - - [09/Sep/2026:08:28:02 +0100] "GET /server HTTP/1.1" 301 178 "-" "Mozilla/5.0 (l9scan/2.0.230313e2536313e2434323e2839313; +https://leakix.net)"
159.223.132.86 - - [09/Sep/2026:08:28:03 +0100] "GET /server-status HTTP/1.1" 301 178 "-" "Mozilla/5.0 (l9scan/2.0.230313e2536313e2434323e2839313; +https://leakix.net)"
159.89.127.165 - - [09/Sep/2026:08:28:03 +0100] "GET /ecp/Current/exporttool/microsoft.exchange.ediscovery.exporttool.application HTTP/1.1" 301 178 "-" "Mozilla/5.0 (l9scan/2.0.230313e2536313e2434323e2839313; +https://leakix.net)"
206.81.24.74 - - [09/Sep/2026:08:28:03 +0100] "GET /server-status HTTP/1.1" 301 178 "-" "Mozilla/5.0 (l9scan/2.0.230313e2536313e2434323e2839313; +https://leakix.net)"
206.189.95.232 - - [09/Sep/2026:08:28:03 +0100] "GET /ecp/Current/exporttool/microsoft.exchange.ediscovery.exporttool.application HTTP/1.1" 301 178 "-" "Mozilla/5.0 (l9scan/2.0.230313e2536313e2434323e2839313; +https://leakix.net)"
159.223.132.86 - - [09/Sep/2026:08:28:05 +0100] "GET /about HTTP/1.1" 301 178 "-" "Mozilla/5.0 (l9scan/2.0.230313e2536313e2434323e2839313; +https://leakix.net)"
159.89.127.165 - - [09/Sep/2026:08:28:05 +0100] "GET /.git/config HTTP/1.1" 301 178 "-" "Mozilla/5.0 (l9scan/2.0.230313e2536313e2434323e2839313; +https://leakix.net)"
206.81.24.74 - - [09/Sep/2026:08:28:05 +0100] "GET /about HTTP/1.1" 301 178 "-" "Mozilla/5.0 (l9scan/2.0.230313e2536313e2434323e2839313; +https://leakix.net)"
206.189.95.232 - - [09/Sep/2026:08:28:05 +0100] "GET /.git/config HTTP/1.1" 301 178 "-" "Mozilla/5.0 (l9scan/2.0.230313e2536313e2434323e2839313; +https://leakix.net)"
159.223.132.86 - - [09/Sep/2026:08:28:06 +0100] "GET /login.action HTTP/1.1" 301 178 "-" "Mozilla/5.0 (l9scan/2.0.230313e2536313e2434323e2839313; +https://leakix.net)"
159.89.127.165 - - [09/Sep/2026:08:28:06 +0100] "POST /graphql HTTP/1.1" 301 178 "-" "Mozilla/5.0 (l9scan/2.0.230313e2536313e2434323e2839313; +https://leakix.net)"
206.81.24.74 - - [09/Sep/2026:08:28:06 +0100] "GET /login.action HTTP/1.1" 301 178 "-" "Mozilla/5.0 (l9scan/2.0.230313e2536313e2434323e2839313; +https://leakix.net)"
206.189.95.232 - - [09/Sep/2026:08:28:07 +0100] "POST /graphql HTTP/1.1" 301 178 "-" "Mozilla/5.0 (l9scan/2.0.230313e2536313e2434323e2839313; +https://leakix.net)"
159.89.127.165 - - [09/Sep/2026:08:28:07 +0100] "POST /api HTTP/1.1" 301 178 "-" "Mozilla/5.0 (l9scan/2.0.230313e2536313e2434323e2839313; +https://leakix.net)"
159.223.132.86 - - [09/Sep/2026:08:28:07 +0100] "GET / HTTP/1.1" 301 178 "-" "Mozilla/5.0 (l9scan/2.0.230313e2536313e2434323e2839313; +https://leakix.net)"
159.223.132.86 - - [09/Sep/2026:08:28:07 +0100] "GET /___proxy_subdomain_whm/login HTTP/1.1" 301 178 "-" "Mozilla/5.0 (l9scan/2.0.230313e2536313e2434323e2839313; +https://leakix.net)"
206.81.24.74 - - [09/Sep/2026:08:28:07 +0100] "GET / HTTP/1.1" 301 178 "-" "Mozilla/5.0 (l9scan/2.0.230313e2536313e2434323e2839313; +https://leakix.net)"
206.189.95.232 - - [09/Sep/2026:08:28:07 +0100] "POST /api HTTP/1.1" 301 178 "-" "Mozilla/5.0 (l9scan/2.0.230313e2536313e2434323e2839313; +https://leakix.net)"
159.223.132.86 - - [09/Sep/2026:08:28:07 +0100] "GET /___proxy_subdomain_cpanel HTTP/1.1" 301 178 "-" "Mozilla/5.0 (l9scan/2.0.230313e2536313e2434323e2839313; +https://leakix.net)"
159.89.127.165 - - [09/Sep/2026:08:28:07 +0100] "POST /api/graphql HTTP/1.1" 301 178 "-" "Mozilla/5.0 (l9scan/2.0.230313e2536313e2434323e2839313; +https://leakix.net)"
206.81.24.74 - - [09/Sep/2026:08:28:07 +0100] "GET /___proxy_subdomain_whm/login HTTP/1.1" 301 178 "-" "Mozilla/5.0 (l9scan/2.0.230313e2536313e2434323e2839313; +https://leakix.net)"
159.223.132.86 - - [09/Sep/2026:08:28:07 +0100] "GET /v2/_catalog HTTP/1.1" 301 178 "-" "Mozilla/5.0 (l9scan/2.0.230313e2536313e2434323e2839313; +https://leakix.net)"
206.81.24.74 - - [09/Sep/2026:08:28:07 +0100] "GET /___proxy_subdomain_cpanel HTTP/1.1" 301 178 "-" "Mozilla/5.0 (l9scan/2.0.230313e2536313e2434323e2839313; +https://leakix.net)"
206.189.95.232 - - [09/Sep/2026:08:28:07 +0100] "POST /api/graphql HTTP/1.1" 301 178 "-" "Mozilla/5.0 (l9scan/2.0.230313e2536313e2434323e2839313; +https://leakix.net)"
206.189.95.232 - - [09/Sep/2026:08:28:08 +0100] "POST /graphql/api HTTP/1.1" 301 178 "-" "Mozilla/5.0 (l9scan/2.0.230313e2536313e2434323e2839313; +https://leakix.net)"
206.81.24.74 - - [09/Sep/2026:08:28:08 +0100] "GET /v2/_catalog HTTP/1.1" 301 178 "-" "Mozilla/5.0 (l9scan/2.0.230313e2536313e2434323e2839313; +https://leakix.net)"
159.89.127.165 - - [09/Sep/2026:08:28:08 +0100] "POST /graphql/api HTTP/1.1" 301 178 "-" "Mozilla/5.0 (l9scan/2.0.230313e2536313e2434323e2839313; +https://leakix.net)"
159.223.132.86 - - [09/Sep/2026:08:28:08 +0100] "GET /.DS_Store HTTP/1.1" 301 178 "-" "Mozilla/5.0 (l9scan/2.0.230313e2536313e2434323e2839313; +https://leakix.net)"
206.189.95.232 - - [09/Sep/2026:08:28:08 +0100] "POST /api/gql HTTP/1.1" 301 178 "-" "Mozilla/5.0 (l9scan/2.0.230313e2536313e2434323e2839313; +https://leakix.net)"
206.189.95.232 - - [09/Sep/2026:08:28:09 +0100] "GET /s/230313e2536313e2434323e2839313/_/;/META-INF/maven/com.atlassian.jira/jira-webapp-dist/pom.properties HTTP/1.1" 301 178 "-" "Mozilla/5.0 (l9scan/2.0.230313e2536313e2434323e2839313; +https://leakix.net)"
130.12.180.117 - - [09/Sep/2026:08:28:09 +0100] "GET /.env HTTP/1.1" 301 178 "-" "Mozilla/5.0 (Macintosh; Intel Mac OS X 10_15_7) AppleWebKit/537.36 (KHTML, like Gecko, Yokohama Institute of Information Security https://www.iisec.ac.jp) Chrome/124.0.0.0 Safari/537.36"
159.89.127.165 - - [09/Sep/2026:08:28:09 +0100] "POST /api/gql HTTP/1.1" 301 178 "-" "Mozilla/5.0 (l9scan/2.0.230313e2536313e2434323e2839313; +https://leakix.net)"
206.81.24.74 - - [09/Sep/2026:08:28:09 +0100] "GET /.DS_Store HTTP/1.1" 301 178 "-" "Mozilla/5.0 (l9scan/2.0.230313e2536313e2434323e2839313; +https://leakix.net)"
130.12.180.117 - - [09/Sep/2026:08:28:09 +0100] "GET /.git/HEAD HTTP/1.1" 301 178 "-" "Mozilla/5.0 (Macintosh; Intel Mac OS X 10_15_7) AppleWebKit/537.36 (KHTML, like Gecko, Yokohama Institute of Information Security https://www.iisec.ac.jp) Chrome/124.0.0.0 Safari/537.36"
130.12.180.117 - - [09/Sep/2026:08:28:09 +0100] "GET /.env.backup HTTP/1.1" 301 178 "-" "Mozilla/5.0 (Macintosh; Intel Mac OS X 10_15_7) AppleWebKit/537.36 (KHTML, like Gecko, Yokohama Institute of Information Security https://www.iisec.ac.jp) Chrome/124.0.0.0 Safari/537.36"
130.12.180.117 - - [09/Sep/2026:08:28:09 +0100] "GET /.env.old HTTP/1.1" 301 178 "-" "Mozilla/5.0 (Macintosh; Intel Mac OS X 10_15_7) AppleWebKit/537.36 (KHTML, like Gecko, Yokohama Institute of Information Security https://www.iisec.ac.jp) Chrome/124.0.0.0 Safari/537.36"
130.12.180.117 - - [09/Sep/2026:08:28:09 +0100] "GET /.env.save HTTP/1.1" 301 178 "-" "Mozilla/5.0 (Macintosh; Intel Mac OS X 10_15_7) AppleWebKit/537.36 (KHTML, like Gecko, Yokohama Institute of Information Security https://www.iisec.ac.jp) Chrome/124.0.0.0 Safari/537.36"
159.89.127.165 - - [09/Sep/2026:08:28:09 +0100] "GET /s/230313e2536313e2434323e2839313/_/;/META-INF/maven/com.atlassian.jira/jira-webapp-dist/pom.properties HTTP/1.1" 301 178 "-" "Mozilla/5.0 (l9scan/2.0.230313e2536313e2434323e2839313; +https://leakix.net)"
130.12.180.117 - - [09/Sep/2026:08:28:09 +0100] "GET /.env.bak HTTP/1.1" 301 178 "-" "Mozilla/5.0 (Macintosh; Intel Mac OS X 10_15_7) AppleWebKit/537.36 (KHTML, like Gecko, Yokohama Institute of Information Security https://www.iisec.ac.jp) Chrome/124.0.0.0 Safari/537.36"
130.12.180.117 - - [09/Sep/2026:08:28:09 +0100] "GET /.env.prod HTTP/1.1" 301 178 "-" "Mozilla/5.0 (Macintosh; Intel Mac OS X 10_15_7) AppleWebKit/537.36 (KHTML, like Gecko, Yokohama Institute of Information Security https://www.iisec.ac.jp) Chrome/124.0.0.0 Safari/537.36"
130.12.180.117 - - [09/Sep/2026:08:28:09 +0100] "GET /.env.production HTTP/1.1" 301 178 "-" "Mozilla/5.0 (Macintosh; Intel Mac OS X 10_15_7) AppleWebKit/537.36 (KHTML, like Gecko, Yokohama Institute of Information Security https://www.iisec.ac.jp) Chrome/124.0.0.0 Safari/537.36"
159.223.132.86 - - [09/Sep/2026:08:28:09 +0100] "GET /.env HTTP/1.1" 301 178 "-" "Mozilla/5.0 (l9scan/2.0.230313e2536313e2434323e2839313; +https://leakix.net)"
130.12.180.117 - - [09/Sep/2026:08:28:09 +0100] "GET /.env.staging HTTP/1.1" 301 178 "-" "Mozilla/5.0 (Macintosh; Intel Mac OS X 10_15_7) AppleWebKit/537.36 (KHTML, like Gecko, Yokohama Institute of Information Security https://www.iisec.ac.jp) Chrome/124.0.0.0 Safari/537.36"
130.12.180.117 - - [09/Sep/2026:08:28:09 +0100] "GET /.env.local HTTP/1.1" 301 178 "-" "Mozilla/5.0 (Macintosh; Intel Mac OS X 10_15_7) AppleWebKit/537.36 (KHTML, like Gecko, Yokohama Institute of Information Security https://www.iisec.ac.jp) Chrome/124.0.0.0 Safari/537.36"
130.12.180.117 - - [09/Sep/2026:08:28:09 +0100] "GET /.env.live HTTP/1.1" 301 178 "-" "Mozilla/5.0 (Macintosh; Intel Mac OS X 10_15_7) AppleWebKit/537.36 (KHTML, like Gecko, Yokohama Institute of Information Security https://www.iisec.ac.jp) Chrome/124.0.0.0 Safari/537.36"
130.12.180.117 - - [09/Sep/2026:08:28:10 +0100] "GET /.env.dev HTTP/1.1" 301 178 "-" "Mozilla/5.0 (Macintosh; Intel Mac OS X 10_15_7) AppleWebKit/537.36 (KHTML, like Gecko, Yokohama Institute of Information Security https://www.iisec.ac.jp) Chrome/124.0.0.0 Safari/537.36"
130.12.180.117 - - [09/Sep/2026:08:28:10 +0100] "GET /.env.stage HTTP/1.1" 301 178 "-" "Mozilla/5.0 (Macintosh; Intel Mac OS X 10_15_7) AppleWebKit/537.36 (KHTML, like Gecko, Yokohama Institute of Information Security https://www.iisec.ac.jp) Chrome/124.0.0.0 Safari/537.36"
206.189.95.232 - - [09/Sep/2026:08:28:10 +0100] "GET /config.json HTTP/1.1" 301 178 "-" "Mozilla/5.0 (l9scan/2.0.230313e2536313e2434323e2839313; +https://leakix.net)"
130.12.180.117 - - [09/Sep/2026:08:28:10 +0100] "GET /config/.env HTTP/1.1" 301 178 "-" "Mozilla/5.0 (Macintosh; Intel Mac OS X 10_15_7) AppleWebKit/537.36 (KHTML, like Gecko, Yokohama Institute of Information Security https://www.iisec.ac.jp) Chrome/124.0.0.0 Safari/537.36"
130.12.180.117 - - [09/Sep/2026:08:28:10 +0100] "GET /app/.env HTTP/1.1" 301 178 "-" "Mozilla/5.0 (Macintosh; Intel Mac OS X 10_15_7) AppleWebKit/537.36 (KHTML, like Gecko, Yokohama Institute of Information Security https://www.iisec.ac.jp) Chrome/124.0.0.0 Safari/537.36"
206.81.24.74 - - [09/Sep/2026:08:28:10 +0100] "GET /.env HTTP/1.1" 301 178 "-" "Mozilla/5.0 (l9scan/2.0.230313e2536313e2434323e2839313; +https://leakix.net)"
130.12.180.117 - - [09/Sep/2026:08:28:10 +0100] "GET /api/.env HTTP/1.1" 301 178 "-" "Mozilla/5.0 (Macintosh; Intel Mac OS X 10_15_7) AppleWebKit/537.36 (KHTML, like Gecko, Yokohama Institute of Information Security https://www.iisec.ac.jp) Chrome/124.0.0.0 Safari/537.36"
130.12.180.117 - - [09/Sep/2026:08:28:10 +0100] "GET /application/.env HTTP/1.1" 301 178 "-" "Mozilla/5.0 (Macintosh; Intel Mac OS X 10_15_7) AppleWebKit/537.36 (KHTML, like Gecko, Yokohama Institute of Information Security https://www.iisec.ac.jp) Chrome/124.0.0.0 Safari/537.36"
159.89.127.165 - - [09/Sep/2026:08:28:10 +0100] "GET /config.json HTTP/1.1" 301 178 "-" "Mozilla/5.0 (l9scan/2.0.230313e2536313e2434323e2839313; +https://leakix.net)"
130.12.180.117 - - [09/Sep/2026:08:28:10 +0100] "GET /functions/.env HTTP/1.1" 301 178 "-" "Mozilla/5.0 (Macintosh; Intel Mac OS X 10_15_7) AppleWebKit/537.36 (KHTML, like Gecko, Yokohama Institute of Information Security https://www.iisec.ac.jp) Chrome/124.0.0.0 Safari/537.36"
159.223.132.86 - - [09/Sep/2026:08:28:11 +0100] "GET /ecp/Current/exporttool/microsoft.exchange.ediscovery.exporttool.application HTTP/1.1" 301 178 "-" "Mozilla/5.0 (l9scan/2.0.230313e2536313e2434323e2839313; +https://leakix.net)"
171.22.217.92 - - [09/Sep/2026:08:28:12 +0100] "GET /home/ HTTP/1.1" 301 178 "-" "Mozilla/5.0 (Windows NT 10.0; Win64; x64) AppleWebKit/537.36 (KHTML, like Gecko) Chrome/130.0.0.0 Safari/537.36"
171.22.217.92 - - [09/Sep/2026:08:28:12 +0100] "GET / HTTP/1.1" 301 178 "-" "Mozilla/5.0 (Windows NT 10.0; Win64; x64) AppleWebKit/537.36 (KHTML, like Gecko) Chrome/130.0.0.0 Safari/537.36"
171.22.217.92 - - [09/Sep/2026:08:28:12 +0100] "GET /about/ HTTP/1.1" 301 178 "-" "Mozilla/5.0 (Windows NT 10.0; Win64; x64) AppleWebKit/537.36 (KHTML, like Gecko) Chrome/130.0.0.0 Safari/537.36"
171.22.217.92 - - [09/Sep/2026:08:28:12 +0100] "GET /blog/ HTTP/1.1" 301 178 "-" "Mozilla/5.0 (Windows NT 10.0; Win64; x64) AppleWebKit/537.36 (KHTML, like Gecko) Chrome/130.0.0.0 Safari/537.36"
171.22.217.92 - - [09/Sep/2026:08:28:12 +0100] "GET /clients/ HTTP/1.1" 301 178 "-" "Mozilla/5.0 (Windows NT 10.0; Win64; x64) AppleWebKit/537.36 (KHTML, like Gecko) Chrome/130.0.0.0 Safari/537.36"
171.22.217.92 - - [09/Sep/2026:08:28:12 +0100] "GET /contact/ HTTP/1.1" 301 178 "-" "Mozilla/5.0 (Windows NT 10.0; Win64; x64) AppleWebKit/537.36 (KHTML, like Gecko) Chrome/130.0.0.0 Safari/537.36"
206.81.24.74 - - [09/Sep/2026:08:28:12 +0100] "GET /ecp/Current/exporttool/microsoft.exchange.ediscovery.exporttool.application HTTP/1.1" 301 178 "-" "Mozilla/5.0 (l9scan/2.0.230313e2536313e2434323e2839313; +https://leakix.net)"
206.189.95.232 - - [09/Sep/2026:08:28:12 +0100] "GET /telescope/requests HTTP/1.1" 301 178 "-" "Mozilla/5.0 (l9scan/2.0.230313e2536313e2434323e2839313; +https://leakix.net)"
159.89.127.165 - - [09/Sep/2026:08:28:12 +0100] "GET /telescope/requests HTTP/1.1" 301 178 "-" "Mozilla/5.0 (l9scan/2.0.230313e2536313e2434323e2839313; +https://leakix.net)"
206.189.95.232 - - [09/Sep/2026:08:28:12 +0100] "GET /info.php HTTP/1.1" 301 178 "-" "Mozilla/5.0 (l9scan/2.0.230313e2536313e2434323e2839313; +https://leakix.net)"
159.89.127.165 - - [09/Sep/2026:08:28:13 +0100] "GET /info.php HTTP/1.1" 301 178 "-" "Mozilla/5.0 (l9scan/2.0.230313e2536313e2434323e2839313; +https://leakix.net)"
159.223.132.86 - - [09/Sep/2026:08:28:13 +0100] "GET /.git/config HTTP/1.1" 301 178 "-" "Mozilla/5.0 (l9scan/2.0.230313e2536313e2434323e2839313; +https://leakix.net)"
206.189.95.232 - - [09/Sep/2026:08:28:14 +0100] "GET /.well-known/security.txt HTTP/1.1" 301 178 "-" "Mozilla/5.0 (l9scan/2.0.230313e2536313e2434323e2839313; +https://leakix.net)"
159.89.127.165 - - [09/Sep/2026:08:28:14 +0100] "GET /.well-known/security.txt HTTP/1.1" 301 178 "-" "Mozilla/5.0 (l9scan/2.0.230313e2536313e2434323e2839313; +https://leakix.net)"
206.81.24.74 - - [09/Sep/2026:08:28:14 +0100] "GET /.git/config HTTP/1.1" 301 178 "-" "Mozilla/5.0 (l9scan/2.0.230313e2536313e2434323e2839313; +https://leakix.net)"
23.178.112.103 - - [09/Sep/2026:08:28:14 +0100] "GET /.well-known/acme-challenge/KKbLbuymFdh5PeGoc7IDrCkzEoYST3ksU8iNDqfjfuQ HTTP/1.1" 200 118 "-" "Mozilla/5.0 (compatible; Let's Encrypt validation server; +https://www.letsencrypt.org)"
23.178.112.104 - - [09/Sep/2026:08:28:14 +0100] "GET /.well-known/acme-challenge/l5GooQUW2Ugh-5tYFyi89cK67g1ctohiDZCEq2aQzi4 HTTP/1.1" 200 118 "-" "Mozilla/5.0 (compatible; Let's Encrypt validation server; +https://www.letsencrypt.org)"
13.60.231.33 - - [09/Sep/2026:08:28:14 +0100] "GET /.well-known/acme-challenge/KKbLbuymFdh5PeGoc7IDrCkzEoYST3ksU8iNDqfjfuQ HTTP/1.1" 200 118 "-" "Mozilla/5.0 (compatible; Let's Encrypt validation server; +https://www.letsencrypt.org)"
206.189.95.232 - - [09/Sep/2026:08:28:14 +0100] "GET /actuator/env HTTP/1.1" 301 178 "-" "Mozilla/5.0 (l9scan/2.0.230313e2536313e2434323e2839313; +https://leakix.net)"
159.223.132.86 - - [09/Sep/2026:08:28:14 +0100] "POST /graphql HTTP/1.1" 301 178 "-" "Mozilla/5.0 (l9scan/2.0.230313e2536313e2434323e2839313; +https://leakix.net)"
16.171.16.74 - - [09/Sep/2026:08:28:14 +0100] "GET /.well-known/acme-challenge/l5GooQUW2Ugh-5tYFyi89cK67g1ctohiDZCEq2aQzi4 HTTP/1.1" 200 118 "-" "Mozilla/5.0 (compatible; Let's Encrypt validation server; +https://www.letsencrypt.org)"
18.220.242.234 - - [09/Sep/2026:08:28:14 +0100] "GET /.well-known/acme-challenge/l5GooQUW2Ugh-5tYFyi89cK67g1ctohiDZCEq2aQzi4 HTTP/1.1" 200 118 "-" "Mozilla/5.0 (compatible; Let's Encrypt validation server; +https://www.letsencrypt.org)"
18.220.242.234 - - [09/Sep/2026:08:28:14 +0100] "GET /.well-known/acme-challenge/KKbLbuymFdh5PeGoc7IDrCkzEoYST3ksU8iNDqfjfuQ HTTP/1.1" 200 118 "-" "Mozilla/5.0 (compatible; Let's Encrypt validation server; +https://www.letsencrypt.org)"
159.223.132.86 - - [09/Sep/2026:08:28:15 +0100] "POST /api HTTP/1.1" 301 178 "-" "Mozilla/5.0 (l9scan/2.0.230313e2536313e2434323e2839313; +https://leakix.net)"
44.250.170.106 - - [09/Sep/2026:08:28:15 +0100] "GET /.well-known/acme-challenge/KKbLbuymFdh5PeGoc7IDrCkzEoYST3ksU8iNDqfjfuQ HTTP/1.1" 200 118 "-" "Mozilla/5.0 (compatible; Let's Encrypt validation server; +https://www.letsencrypt.org)"
54.203.2.127 - - [09/Sep/2026:08:28:15 +0100] "GET /.well-known/acme-challenge/l5GooQUW2Ugh-5tYFyi89cK67g1ctohiDZCEq2aQzi4 HTTP/1.1" 200 118 "-" "Mozilla/5.0 (compatible; Let's Encrypt validation server; +https://www.letsencrypt.org)"
54.255.222.89 - - [09/Sep/2026:08:28:15 +0100] "GET /.well-known/acme-challenge/KKbLbuymFdh5PeGoc7IDrCkzEoYST3ksU8iNDqfjfuQ HTTP/1.1" 200 118 "-" "Mozilla/5.0 (compatible; Let's Encrypt validation server; +https://www.letsencrypt.org)"
159.89.127.165 - - [09/Sep/2026:08:28:15 +0100] "GET /actuator/env HTTP/1.1" 301 178 "-" "Mozilla/5.0 (l9scan/2.0.230313e2536313e2434323e2839313; +https://leakix.net)"
159.223.132.86 - - [09/Sep/2026:08:28:15 +0100] "POST /api/graphql HTTP/1.1" 301 178 "-" "Mozilla/5.0 (l9scan/2.0.230313e2536313e2434323e2839313; +https://leakix.net)"
13.213.32.102 - - [09/Sep/2026:08:28:15 +0100] "GET /.well-known/acme-challenge/l5GooQUW2Ugh-5tYFyi89cK67g1ctohiDZCEq2aQzi4 HTTP/1.1" 200 118 "-" "Mozilla/5.0 (compatible; Let's Encrypt validation server; +https://www.letsencrypt.org)"
159.223.132.86 - - [09/Sep/2026:08:28:15 +0100] "POST /graphql/api HTTP/1.1" 301 178 "-" "Mozilla/5.0 (l9scan/2.0.230313e2536313e2434323e2839313; +https://leakix.net)"
206.81.24.74 - - [09/Sep/2026:08:28:15 +0100] "POST /graphql HTTP/1.1" 301 178 "-" "Mozilla/5.0 (l9scan/2.0.230313e2536313e2434323e2839313; +https://leakix.net)"
159.223.132.86 - - [09/Sep/2026:08:28:15 +0100] "POST /api/gql HTTP/1.1" 301 178 "-" "Mozilla/5.0 (l9scan/2.0.230313e2536313e2434323e2839313; +https://leakix.net)"
206.81.24.74 - - [09/Sep/2026:08:28:15 +0100] "POST /api HTTP/1.1" 301 178 "-" "Mozilla/5.0 (l9scan/2.0.230313e2536313e2434323e2839313; +https://leakix.net)"
159.223.132.86 - - [09/Sep/2026:08:28:15 +0100] "GET /s/230313e2536313e2434323e2839313/_/;/META-INF/maven/com.atlassian.jira/jira-webapp-dist/pom.properties HTTP/1.1" 301 178 "-" "Mozilla/5.0 (l9scan/2.0.230313e2536313e2434323e2839313; +https://leakix.net)"
206.81.24.74 - - [09/Sep/2026:08:28:15 +0100] "POST /api/graphql HTTP/1.1" 301 178 "-" "Mozilla/5.0 (l9scan/2.0.230313e2536313e2434323e2839313; +https://leakix.net)"
206.189.95.232 - - [09/Sep/2026:08:28:15 +0100] "GET /trace.axd HTTP/1.1" 301 178 "-" "Mozilla/5.0 (l9scan/2.0.230313e2536313e2434323e2839313; +https://leakix.net)"
206.81.24.74 - - [09/Sep/2026:08:28:16 +0100] "POST /graphql/api HTTP/1.1" 301 178 "-" "Mozilla/5.0 (l9scan/2.0.230313e2536313e2434323e2839313; +https://leakix.net)"
159.89.127.165 - - [09/Sep/2026:08:28:16 +0100] "GET /trace.axd HTTP/1.1" 301 178 "-" "Mozilla/5.0 (l9scan/2.0.230313e2536313e2434323e2839313; +https://leakix.net)"
206.81.24.74 - - [09/Sep/2026:08:28:16 +0100] "POST /api/gql HTTP/1.1" 301 178 "-" "Mozilla/5.0 (l9scan/2.0.230313e2536313e2434323e2839313; +https://leakix.net)"
206.81.24.74 - - [09/Sep/2026:08:28:16 +0100] "GET /s/230313e2536313e2434323e2839313/_/;/META-INF/maven/com.atlassian.jira/jira-webapp-dist/pom.properties HTTP/1.1" 301 178 "-" "Mozilla/5.0 (l9scan/2.0.230313e2536313e2434323e2839313; +https://leakix.net)"
159.223.132.86 - - [09/Sep/2026:08:28:16 +0100] "GET /config.json HTTP/1.1" 301 178 "-" "Mozilla/5.0 (l9scan/2.0.230313e2536313e2434323e2839313; +https://leakix.net)"
206.189.95.232 - - [09/Sep/2026:08:28:16 +0100] "GET /@vite/env HTTP/1.1" 301 178 "-" "Mozilla/5.0 (l9scan/2.0.230313e2536313e2434323e2839313; +https://leakix.net)"
159.89.127.165 - - [09/Sep/2026:08:28:17 +0100] "GET /@vite/env HTTP/1.1" 301 178 "-" "Mozilla/5.0 (l9scan/2.0.230313e2536313e2434323e2839313; +https://leakix.net)"
206.189.95.232 - - [09/Sep/2026:08:28:17 +0100] "GET /.vscode/sftp.json HTTP/1.1" 301 178 "-" "Mozilla/5.0 (l9scan/2.0.230313e2536313e2434323e2839313; +https://leakix.net)"
206.81.24.74 - - [09/Sep/2026:08:28:17 +0100] "GET /config.json HTTP/1.1" 301 178 "-" "Mozilla/5.0 (l9scan/2.0.230313e2536313e2434323e2839313; +https://leakix.net)"
159.89.127.165 - - [09/Sep/2026:08:28:18 +0100] "GET /.vscode/sftp.json HTTP/1.1" 301 178 "-" "Mozilla/5.0 (l9scan/2.0.230313e2536313e2434323e2839313; +https://leakix.net)"
159.223.132.86 - - [09/Sep/2026:08:28:18 +0100] "GET /telescope/requests HTTP/1.1" 301 178 "-" "Mozilla/5.0 (l9scan/2.0.230313e2536313e2434323e2839313; +https://leakix.net)"
159.223.132.86 - - [09/Sep/2026:08:28:18 +0100] "GET /info.php HTTP/1.1" 301 178 "-" "Mozilla/5.0 (l9scan/2.0.230313e2536313e2434323e2839313; +https://leakix.net)"
206.189.95.232 - - [09/Sep/2026:08:28:18 +0100] "OPTIONS / HTTP/1.1" 301 178 "-" "Mozilla/5.0 (l9scan/2.0.230313e2536313e2434323e2839313; +https://leakix.net)"
159.89.127.165 - - [09/Sep/2026:08:28:19 +0100] "OPTIONS / HTTP/1.1" 301 178 "-" "Mozilla/5.0 (l9scan/2.0.230313e2536313e2434323e2839313; +https://leakix.net)"
206.81.24.74 - - [09/Sep/2026:08:28:19 +0100] "GET /telescope/requests HTTP/1.1" 301 178 "-" "Mozilla/5.0 (l9scan/2.0.230313e2536313e2434323e2839313; +https://leakix.net)"
206.189.95.232 - - [09/Sep/2026:08:28:19 +0100] "GET /?rest_route=/wp/v2/users/ HTTP/1.1" 301 178 "-" "Mozilla/5.0 (l9scan/2.0.230313e2536313e2434323e2839313; +https://leakix.net)"
159.223.132.86 - - [09/Sep/2026:08:28:19 +0100] "GET /.well-known/security.txt HTTP/1.1" 301 178 "-" "Mozilla/5.0 (l9scan/2.0.230313e2536313e2434323e2839313; +https://leakix.net)"
206.81.24.74 - - [09/Sep/2026:08:28:20 +0100] "GET /info.php HTTP/1.1" 301 178 "-" "Mozilla/5.0 (l9scan/2.0.230313e2536313e2434323e2839313; +https://leakix.net)"
159.89.127.165 - - [09/Sep/2026:08:28:20 +0100] "GET /?rest_route=/wp/v2/users/ HTTP/1.1" 301 178 "-" "Mozilla/5.0 (l9scan/2.0.230313e2536313e2434323e2839313; +https://leakix.net)"
159.223.132.86 - - [09/Sep/2026:08:28:20 +0100] "GET /actuator/env HTTP/1.1" 301 178 "-" "Mozilla/5.0 (l9scan/2.0.230313e2536313e2434323e2839313; +https://leakix.net)"
206.189.95.232 - - [09/Sep/2026:08:28:20 +0100] "GET /debug/default/view?panel=config HTTP/1.1" 301 178 "-" "Mozilla/5.0 (l9scan/2.0.230313e2536313e2434323e2839313; +https://leakix.net)"
206.81.24.74 - - [09/Sep/2026:08:28:21 +0100] "GET /.well-known/security.txt HTTP/1.1" 301 178 "-" "Mozilla/5.0 (l9scan/2.0.230313e2536313e2434323e2839313; +https://leakix.net)"
159.89.127.165 - - [09/Sep/2026:08:28:21 +0100] "GET /debug/default/view?panel=config HTTP/1.1" 301 178 "-" "Mozilla/5.0 (l9scan/2.0.230313e2536313e2434323e2839313; +https://leakix.net)"
159.223.132.86 - - [09/Sep/2026:08:28:21 +0100] "GET /trace.axd HTTP/1.1" 301 178 "-" "Mozilla/5.0 (l9scan/2.0.230313e2536313e2434323e2839313; +https://leakix.net)"
206.81.24.74 - - [09/Sep/2026:08:28:22 +0100] "GET /actuator/env HTTP/1.1" 301 178 "-" "Mozilla/5.0 (l9scan/2.0.230313e2536313e2434323e2839313; +https://leakix.net)"
159.223.132.86 - - [09/Sep/2026:08:28:22 +0100] "GET /@vite/env HTTP/1.1" 301 178 "-" "Mozilla/5.0 (l9scan/2.0.230313e2536313e2434323e2839313; +https://leakix.net)"
206.81.24.74 - - [09/Sep/2026:08:28:23 +0100] "GET /trace.axd HTTP/1.1" 301 178 "-" "Mozilla/5.0 (l9scan/2.0.230313e2536313e2434323e2839313; +https://leakix.net)"
159.223.132.86 - - [09/Sep/2026:08:28:23 +0100] "GET /.vscode/sftp.json HTTP/1.1" 301 178 "-" "Mozilla/5.0 (l9scan/2.0.230313e2536313e2434323e2839313; +https://leakix.net)"
206.81.24.74 - - [09/Sep/2026:08:28:24 +0100] "GET /@vite/env HTTP/1.1" 301 178 "-" "Mozilla/5.0 (l9scan/2.0.230313e2536313e2434323e2839313; +https://leakix.net)"
159.223.132.86 - - [09/Sep/2026:08:28:24 +0100] "OPTIONS / HTTP/1.1" 301 178 "-" "Mozilla/5.0 (l9scan/2.0.230313e2536313e2434323e2839313; +https://leakix.net)"
206.81.24.74 - - [09/Sep/2026:08:28:25 +0100] "GET /.vscode/sftp.json HTTP/1.1" 301 178 "-" "Mozilla/5.0 (l9scan/2.0.230313e2536313e2434323e2839313; +https://leakix.net)"
159.223.132.86 - - [09/Sep/2026:08:28:25 +0100] "GET /?rest_route=/wp/v2/users/ HTTP/1.1" 301 178 "-" "Mozilla/5.0 (l9scan/2.0.230313e2536313e2434323e2839313; +https://leakix.net)"
130.12.180.117 - - [09/Sep/2026:08:28:26 +0100] "GET /.env HTTP/1.1" 301 178 "-" "Mozilla/5.0 (Macintosh; Intel Mac OS X 10_15_7) AppleWebKit/537.36 (KHTML, like Gecko, Yokohama Institute of Information Security https://www.iisec.ac.jp) Chrome/124.0.0.0 Safari/537.36"
206.81.24.74 - - [09/Sep/2026:08:28:26 +0100] "OPTIONS / HTTP/1.1" 301 178 "-" "Mozilla/5.0 (l9scan/2.0.230313e2536313e2434323e2839313; +https://leakix.net)"
130.12.180.117 - - [09/Sep/2026:08:28:26 +0100] "GET /.git/HEAD HTTP/1.1" 301 178 "-" "Mozilla/5.0 (Macintosh; Intel Mac OS X 10_15_7) AppleWebKit/537.36 (KHTML, like Gecko, Yokohama Institute of Information Security https://www.iisec.ac.jp) Chrome/124.0.0.0 Safari/537.36"
159.223.132.86 - - [09/Sep/2026:08:28:26 +0100] "GET /debug/default/view?panel=config HTTP/1.1" 301 178 "-" "Mozilla/5.0 (l9scan/2.0.230313e2536313e2434323e2839313; +https://leakix.net)"
206.81.24.74 - - [09/Sep/2026:08:28:27 +0100] "GET /?rest_route=/wp/v2/users/ HTTP/1.1" 301 178 "-" "Mozilla/5.0 (l9scan/2.0.230313e2536313e2434323e2839313; +https://leakix.net)"
130.12.180.117 - - [09/Sep/2026:08:28:27 +0100] "GET /.env.backup HTTP/1.1" 301 178 "-" "Mozilla/5.0 (Macintosh; Intel Mac OS X 10_15_7) AppleWebKit/537.36 (KHTML, like Gecko, Yokohama Institute of Information Security https://www.iisec.ac.jp) Chrome/124.0.0.0 Safari/537.36"
130.12.180.117 - - [09/Sep/2026:08:28:28 +0100] "GET /.env.old HTTP/1.1" 301 178 "-" "Mozilla/5.0 (Macintosh; Intel Mac OS X 10_15_7) AppleWebKit/537.36 (KHTML, like Gecko, Yokohama Institute of Information Security https://www.iisec.ac.jp) Chrome/124.0.0.0 Safari/537.36"
206.81.24.74 - - [09/Sep/2026:08:28:28 +0100] "GET /debug/default/view?panel=config HTTP/1.1" 301 178 "-" "Mozilla/5.0 (l9scan/2.0.230313e2536313e2434323e2839313; +https://leakix.net)"
104.164.173.15 - - [09/Sep/2026:08:28:28 +0100] "GET / HTTP/1.1" 301 178 "-" "Mozilla/5.0 (X11; Linux x86_64) AppleWebKit/537.36 (KHTML, like Gecko) Chrome/131.0.0.0 Safari/537.36"
130.12.180.117 - - [09/Sep/2026:08:28:28 +0100] "GET /.env.save HTTP/1.1" 301 178 "-" "Mozilla/5.0 (Macintosh; Intel Mac OS X 10_15_7) AppleWebKit/537.36 (KHTML, like Gecko, Yokohama Institute of Information Security https://www.iisec.ac.jp) Chrome/124.0.0.0 Safari/537.36"
130.12.180.117 - - [09/Sep/2026:08:28:29 +0100] "GET /.env.prod HTTP/1.1" 301 178 "-" "Mozilla/5.0 (Macintosh; Intel Mac OS X 10_15_7) AppleWebKit/537.36 (KHTML, like Gecko, Yokohama Institute of Information Security https://www.iisec.ac.jp) Chrome/124.0.0.0 Safari/537.36"
130.12.180.117 - - [09/Sep/2026:08:28:29 +0100] "GET /.env.production HTTP/1.1" 301 178 "-" "Mozilla/5.0 (Macintosh; Intel Mac OS X 10_15_7) AppleWebKit/537.36 (KHTML, like Gecko, Yokohama Institute of Information Security https://www.iisec.ac.jp) Chrome/124.0.0.0 Safari/537.36"
138.197.191.87 - - [09/Sep/2026:08:28:29 +0100] "GET / HTTP/1.1" 301 178 "-" "Mozilla/5.0 (l9scan/2.0.230313e2536313e2434323e2839313; +https://leakix.net)"
130.12.180.117 - - [09/Sep/2026:08:28:30 +0100] "GET /.env.staging HTTP/1.1" 301 178 "-" "Mozilla/5.0 (Macintosh; Intel Mac OS X 10_15_7) AppleWebKit/537.36 (KHTML, like Gecko, Yokohama Institute of Information Security https://www.iisec.ac.jp) Chrome/124.0.0.0 Safari/537.36"
147.182.149.75 - - [09/Sep/2026:08:28:30 +0100] "GET / HTTP/1.1" 301 178 "-" "Mozilla/5.0 (l9scan/2.0.230313e2536313e2434323e2839313; +https://leakix.net)"
130.12.180.117 - - [09/Sep/2026:08:28:30 +0100] "GET /.env.local HTTP/1.1" 301 178 "-" "Mozilla/5.0 (Macintosh; Intel Mac OS X 10_15_7) AppleWebKit/537.36 (KHTML, like Gecko, Yokohama Institute of Information Security https://www.iisec.ac.jp) Chrome/124.0.0.0 Safari/537.36"
138.197.191.87 - - [09/Sep/2026:08:28:30 +0100] "GET /console/ HTTP/1.1" 301 178 "-" "Mozilla/5.0 (l9scan/2.0.230313e2536313e2434323e2839313; +https://leakix.net)"
82.156.116.86 - - [09/Sep/2026:08:28:31 +0100] "GET / HTTP/1.1" 301 178 "-" "Mozilla/5.0 (iPhone; CPU iPhone OS 13_2_3 like Mac OS X) AppleWebKit/605.1.15 (KHTML, like Gecko) Version/13.0.3 Mobile/15E148 Safari/604.1"
130.12.180.117 - - [09/Sep/2026:08:28:31 +0100] "GET /.env.live HTTP/1.1" 301 178 "-" "Mozilla/5.0 (Macintosh; Intel Mac OS X 10_15_7) AppleWebKit/537.36 (KHTML, like Gecko, Yokohama Institute of Information Security https://www.iisec.ac.jp) Chrome/124.0.0.0 Safari/537.36"
147.182.149.75 - - [09/Sep/2026:08:28:31 +0100] "GET /console/ HTTP/1.1" 301 178 "-" "Mozilla/5.0 (l9scan/2.0.230313e2536313e2434323e2839313; +https://leakix.net)"
130.12.180.117 - - [09/Sep/2026:08:28:31 +0100] "GET /.env.dev HTTP/1.1" 301 178 "-" "Mozilla/5.0 (Macintosh; Intel Mac OS X 10_15_7) AppleWebKit/537.36 (KHTML, like Gecko, Yokohama Institute of Information Security https://www.iisec.ac.jp) Chrome/124.0.0.0 Safari/537.36"
138.197.191.87 - - [09/Sep/2026:08:28:31 +0100] "GET /server HTTP/1.1" 301 178 "-" "Mozilla/5.0 (l9scan/2.0.230313e2536313e2434323e2839313; +https://leakix.net)"
130.12.180.117 - - [09/Sep/2026:08:28:32 +0100] "GET /.env.stage HTTP/1.1" 301 178 "-" "Mozilla/5.0 (Macintosh; Intel Mac OS X 10_15_7) AppleWebKit/537.36 (KHTML, like Gecko, Yokohama Institute of Information Security https://www.iisec.ac.jp) Chrome/124.0.0.0 Safari/537.36"
147.182.149.75 - - [09/Sep/2026:08:28:32 +0100] "GET /server HTTP/1.1" 301 178 "-" "Mozilla/5.0 (l9scan/2.0.230313e2536313e2434323e2839313; +https://leakix.net)"
138.197.191.87 - - [09/Sep/2026:08:28:32 +0100] "GET /server-status HTTP/1.1" 301 178 "-" "Mozilla/5.0 (l9scan/2.0.230313e2536313e2434323e2839313; +https://leakix.net)"
130.12.180.117 - - [09/Sep/2026:08:28:32 +0100] "GET /env HTTP/1.1" 301 178 "-" "Mozilla/5.0 (Macintosh; Intel Mac OS X 10_15_7) AppleWebKit/537.36 (KHTML, like Gecko, Yokohama Institute of Information Security https://www.iisec.ac.jp) Chrome/124.0.0.0 Safari/537.36"
130.12.180.117 - - [09/Sep/2026:08:28:33 +0100] "GET /config/.env HTTP/1.1" 301 178 "-" "Mozilla/5.0 (Macintosh; Intel Mac OS X 10_15_7) AppleWebKit/537.36 (KHTML, like Gecko, Yokohama Institute of Information Security https://www.iisec.ac.jp) Chrome/124.0.0.0 Safari/537.36"
147.182.149.75 - - [09/Sep/2026:08:28:33 +0100] "GET /server-status HTTP/1.1" 301 178 "-" "Mozilla/5.0 (l9scan/2.0.230313e2536313e2434323e2839313; +https://leakix.net)"
130.12.180.117 - - [09/Sep/2026:08:28:33 +0100] "GET /app/.env HTTP/1.1" 301 178 "-" "Mozilla/5.0 (Macintosh; Intel Mac OS X 10_15_7) AppleWebKit/537.36 (KHTML, like Gecko, Yokohama Institute of Information Security https://www.iisec.ac.jp) Chrome/124.0.0.0 Safari/537.36"
130.12.180.117 - - [09/Sep/2026:08:28:34 +0100] "GET /api/.env HTTP/1.1" 301 178 "-" "Mozilla/5.0 (Macintosh; Intel Mac OS X 10_15_7) AppleWebKit/537.36 (KHTML, like Gecko, Yokohama Institute of Information Security https://www.iisec.ac.jp) Chrome/124.0.0.0 Safari/537.36"
138.197.191.87 - - [09/Sep/2026:08:28:34 +0100] "GET /about HTTP/1.1" 301 178 "-" "Mozilla/5.0 (l9scan/2.0.230313e2536313e2434323e2839313; +https://leakix.net)"
