130.12.180.117 - - [09/Sep/2026:08:28:35 +0100] "GET /application/.env HTTP/1.1" 301 178 "-" "Mozilla/5.0 (Macintosh; Intel Mac OS X 10_15_7) AppleWebKit/537.36 (KHTML, like Gecko, Yokohama Institute of Information Security https://www.iisec.ac.jp) Chrome/124.0.0.0 Safari/537.36"
147.182.149.75 - - [09/Sep/2026:08:28:35 +0100] "GET /about HTTP/1.1" 301 178 "-" "Mozilla/5.0 (l9scan/2.0.230313e2536313e2434323e2839313; +https://leakix.net)"
130.12.180.117 - - [09/Sep/2026:08:28:35 +0100] "GET /functions/.env HTTP/1.1" 301 178 "-" "Mozilla/5.0 (Macintosh; Intel Mac OS X 10_15_7) AppleWebKit/537.36 (KHTML, like Gecko, Yokohama Institute of Information Security https://www.iisec.ac.jp) Chrome/124.0.0.0 Safari/537.36"
138.197.191.87 - - [09/Sep/2026:08:28:35 +0100] "GET /login.action HTTP/1.1" 301 178 "-" "Mozilla/5.0 (l9scan/2.0.230313e2536313e2434323e2839313; +https://leakix.net)"
147.182.149.75 - - [09/Sep/2026:08:28:36 +0100] "GET /login.action HTTP/1.1" 301 178 "-" "Mozilla/5.0 (l9scan/2.0.230313e2536313e2434323e2839313; +https://leakix.net)"
138.197.191.87 - - [09/Sep/2026:08:28:36 +0100] "GET / HTTP/1.1" 301 178 "-" "Mozilla/5.0 (l9scan/2.0.230313e2536313e2434323e2839313; +https://leakix.net)"
138.197.191.87 - - [09/Sep/2026:08:28:36 +0100] "GET /___proxy_subdomain_whm/login HTTP/1.1" 301 178 "-" "Mozilla/5.0 (l9scan/2.0.230313e2536313e2434323e2839313; +https://leakix.net)"
138.197.191.87 - - [09/Sep/2026:08:28:37 +0100] "GET /___proxy_subdomain_cpanel HTTP/1.1" 301 178 "-" "Mozilla/5.0 (l9scan/2.0.230313e2536313e2434323e2839313; +https://leakix.net)"
138.197.191.87 - - [09/Sep/2026:08:28:37 +0100] "GET /v2/_catalog HTTP/1.1" 301 178 "-" "Mozilla/5.0 (l9scan/2.0.230313e2536313e2434323e2839313; +https://leakix.net)"
147.182.149.75 - - [09/Sep/2026:08:28:37 +0100] "GET / HTTP/1.1" 301 178 "-" "Mozilla/5.0 (l9scan/2.0.230313e2536313e2434323e2839313; +https://leakix.net)"
147.182.149.75 - - [09/Sep/2026:08:28:37 +0100] "GET /___proxy_subdomain_whm/login HTTP/1.1" 301 178 "-" "Mozilla/5.0 (l9scan/2.0.230313e2536313e2434323e2839313; +https://leakix.net)"
147.182.149.75 - - [09/Sep/2026:08:28:37 +0100] "GET /___proxy_subdomain_cpanel HTTP/1.1" 301 178 "-" "Mozilla/5.0 (l9scan/2.0.230313e2536313e2434323e2839313; +https://leakix.net)"
138.197.191.87 - - [09/Sep/2026:08:28:38 +0100] "GET /.DS_Store HTTP/1.1" 301 178 "-" "Mozilla/5.0 (l9scan/2.0.230313e2536313e2434323e2839313; +https://leakix.net)"
147.182.149.75 - - [09/Sep/2026:08:28:38 +0100] "GET /v2/_catalog HTTP/1.1" 301 178 "-" "Mozilla/5.0 (l9scan/2.0.230313e2536313e2434323e2839313; +https://leakix.net)"
147.182.149.75 - - [09/Sep/2026:08:28:39 +0100] "GET /.DS_Store HTTP/1.1" 301 178 "-" "Mozilla/5.0 (l9scan/2.0.230313e2536313e2434323e2839313; +https://leakix.net)"
138.197.191.87 - - [09/Sep/2026:08:28:39 +0100] "GET /.env HTTP/1.1" 301 178 "-" "Mozilla/5.0 (l9scan/2.0.230313e2536313e2434323e2839313; +https://leakix.net)"
147.182.149.75 - - [09/Sep/2026:08:28:40 +0100] "GET /.env HTTP/1.1" 301 178 "-" "Mozilla/5.0 (l9scan/2.0.230313e2536313e2434323e2839313; +https://leakix.net)"
130.12.180.117 - - [09/Sep/2026:08:28:40 +0100] "GET /.env HTTP/1.1" 301 178 "-" "Mozilla/5.0 (Macintosh; Intel Mac OS X 10_15_7) AppleWebKit/537.36 (KHTML, like Gecko, Yokohama Institute of Information Security https://www.iisec.ac.jp) Chrome/124.0.0.0 Safari/537.36"
130.12.180.117 - - [09/Sep/2026:08:28:40 +0100] "GET /.git/HEAD HTTP/1.1" 301 178 "-" "Mozilla/5.0 (Macintosh; Intel Mac OS X 10_15_7) AppleWebKit/537.36 (KHTML, like Gecko, Yokohama Institute of Information Security https://www.iisec.ac.jp) Chrome/124.0.0.0 Safari/537.36"
130.12.180.117 - - [09/Sep/2026:08:28:40 +0100] "GET /.env.backup HTTP/1.1" 301 178 "-" "Mozilla/5.0 (Macintosh; Intel Mac OS X 10_15_7) AppleWebKit/537.36 (KHTML, like Gecko, Yokohama Institute of Information Security https://www.iisec.ac.jp) Chrome/124.0.0.0 Safari/537.36"
130.12.180.117 - - [09/Sep/2026:08:28:40 +0100] "GET /.env.old HTTP/1.1" 301 178 "-" "Mozilla/5.0 (Macintosh; Intel Mac OS X 10_15_7) AppleWebKit/537.36 (KHTML, like Gecko, Yokohama Institute of Information Security https://www.iisec.ac.jp) Chrome/124.0.0.0 Safari/537.36"
130.12.180.117 - - [09/Sep/2026:08:28:40 +0100] "GET /.env.save HTTP/1.1" 301 178 "-" "Mozilla/5.0 (Macintosh; Intel Mac OS X 10_15_7) AppleWebKit/537.36 (KHTML, like Gecko, Yokohama Institute of Information Security https://www.iisec.ac.jp) Chrome/124.0.0.0 Safari/537.36"
130.12.180.117 - - [09/Sep/2026:08:28:41 +0100] "GET /.env.bak HTTP/1.1" 301 178 "-" "Mozilla/5.0 (Macintosh; Intel Mac OS X 10_15_7) AppleWebKit/537.36 (KHTML, like Gecko, Yokohama Institute of Information Security https://www.iisec.ac.jp) Chrome/124.0.0.0 Safari/537.36"
130.12.180.117 - - [09/Sep/2026:08:28:41 +0100] "GET /.env.prod HTTP/1.1" 301 178 "-" "Mozilla/5.0 (Macintosh; Intel Mac OS X 10_15_7) AppleWebKit/537.36 (KHTML, like Gecko, Yokohama Institute of Information Security https://www.iisec.ac.jp) Chrome/124.0.0.0 Safari/537.36"
130.12.180.117 - - [09/Sep/2026:08:28:41 +0100] "GET /.env.production HTTP/1.1" 301 178 "-" "Mozilla/5.0 (Macintosh; Intel Mac OS X 10_15_7) AppleWebKit/537.36 (KHTML, like Gecko, Yokohama Institute of Information Security https://www.iisec.ac.jp) Chrome/124.0.0.0 Safari/537.36"
130.12.180.117 - - [09/Sep/2026:08:28:41 +0100] "GET /.env.staging HTTP/1.1" 301 178 "-" "Mozilla/5.0 (Macintosh; Intel Mac OS X 10_15_7) AppleWebKit/537.36 (KHTML, like Gecko, Yokohama Institute of Information Security https://www.iisec.ac.jp) Chrome/124.0.0.0 Safari/537.36"
138.197.191.87 - - [09/Sep/2026:08:28:41 +0100] "GET /ecp/Current/exporttool/microsoft.exchange.ediscovery.exporttool.application HTTP/1.1" 301 178 "-" "Mozilla/5.0 (l9scan/2.0.230313e2536313e2434323e2839313; +https://leakix.net)"
130.12.180.117 - - [09/Sep/2026:08:28:41 +0100] "GET /.env.local HTTP/1.1" 301 178 "-" "Mozilla/5.0 (Macintosh; Intel Mac OS X 10_15_7) AppleWebKit/537.36 (KHTML, like Gecko, Yokohama Institute of Information Security https://www.iisec.ac.jp) Chrome/124.0.0.0 Safari/537.36"
130.12.180.117 - - [09/Sep/2026:08:28:41 +0100] "GET /.env.live HTTP/1.1" 301 178 "-" "Mozilla/5.0 (Macintosh; Intel Mac OS X 10_15_7) AppleWebKit/537.36 (KHTML, like Gecko, Yokohama Institute of Information Security https://www.iisec.ac.jp) Chrome/124.0.0.0 Safari/537.36"
130.12.180.117 - - [09/Sep/2026:08:28:41 +0100] "GET /.env.dev HTTP/1.1" 301 178 "-" "Mozilla/5.0 (Macintosh; Intel Mac OS X 10_15_7) AppleWebKit/537.36 (KHTML, like Gecko, Yokohama Institute of Information Security https://www.iisec.ac.jp) Chrome/124.0.0.0 Safari/537.36"
130.12.180.117 - - [09/Sep/2026:08:28:41 +0100] "GET /.env.stage HTTP/1.1" 301 178 "-" "Mozilla/5.0 (Macintosh; Intel Mac OS X 10_15_7) AppleWebKit/537.36 (KHTML, like Gecko, Yokohama Institute of Information Security https://www.iisec.ac.jp) Chrome/124.0.0.0 Safari/537.36"
146.190.242.161 - - [09/Sep/2026:08:28:41 +0100] "\x16\x03\x01\x05\xE3\x01\x00\x05\xDF\x03\x03\xDB\xFB3\x01\x9F\xDE\xD3\x0F\xE2\x18d\x19\xBC(\xE0\x81\x12F\xC2iS\xBE_\x9C\xFF=)T\x0F\xDD\xB3q F\x02\x8B\x9E\x15\x00\x15mN\xBDO\xE8\xDE\x09Z\x13\xFD\xFE\x9E1.\xA91\xEFj0\xA1\xD3Uj\xBF\x18\x00\x1A\xC0+\xC0/\xC0,\xC00\xCC\xA9\xCC\xA8\xC0\x09\xC0\x13\xC0" 400 166 "-" "-"
130.12.180.117 - - [09/Sep/2026:08:28:41 +0100] "GET /%2e%2e%2f%2eenv HTTP/1.1" 400 166 "-" "-"
130.12.180.117 - - [09/Sep/2026:08:28:41 +0100] "GET /config/.env HTTP/1.1" 301 178 "-" "Mozilla/5.0 (Macintosh; Intel Mac OS X 10_15_7) AppleWebKit/537.36 (KHTML, like Gecko, Yokohama Institute of Information Security https://www.iisec.ac.jp) Chrome/124.0.0.0 Safari/537.36"
146.190.242.161 - - [09/Sep/2026:08:28:41 +0100] "LEAKIX" 400 166 "-" "-"
130.12.180.117 - - [09/Sep/2026:08:28:42 +0100] "GET /app/.env HTTP/1.1" 301 178 "-" "Mozilla/5.0 (Macintosh; Intel Mac OS X 10_15_7) AppleWebKit/537.36 (KHTML, like Gecko, Yokohama Institute of Information Security https://www.iisec.ac.jp) Chrome/124.0.0.0 Safari/537.36"
130.12.180.117 - - [09/Sep/2026:08:28:42 +0100] "GET /../.env HTTP/1.1" 400 166 "-" "-"
130.12.180.117 - - [09/Sep/2026:08:28:42 +0100] "GET /api/.env HTTP/1.1" 301 178 "-" "Mozilla/5.0 (Macintosh; Intel Mac OS X 10_15_7) AppleWebKit/537.36 (KHTML, like Gecko, Yokohama Institute of Information Security https://www.iisec.ac.jp) Chrome/124.0.0.0 Safari/537.36"
147.182.149.75 - - [09/Sep/2026:08:28:42 +0100] "GET /ecp/Current/exporttool/microsoft.exchange.ediscovery.exporttool.application HTTP/1.1" 301 178 "-" "Mozilla/5.0 (l9scan/2.0.230313e2536313e2434323e2839313; +https://leakix.net)"
130.12.180.117 - - [09/Sep/2026:08:28:42 +0100] "GET /application/.env HTTP/1.1" 301 178 "-" "Mozilla/5.0 (Macintosh; Intel Mac OS X 10_15_7) AppleWebKit/537.36 (KHTML, like Gecko, Yokohama Institute of Information Security https://www.iisec.ac.jp) Chrome/124.0.0.0 Safari/537.36"
130.12.180.117 - - [09/Sep/2026:08:28:42 +0100] "GET /functions/.env HTTP/1.1" 301 178 "-" "Mozilla/5.0 (Macintosh; Intel Mac OS X 10_15_7) AppleWebKit/537.36 (KHTML, like Gecko, Yokohama Institute of Information Security https://www.iisec.ac.jp) Chrome/124.0.0.0 Safari/537.36"
146.190.242.161 - - [09/Sep/2026:08:28:42 +0100] "GET / HTTP/1.1" 301 178 "-" "Mozilla/5.0 (l9scan/2.0.230313e2536313e2434323e2839313; +https://leakix.net)"
146.190.242.161 - - [09/Sep/2026:08:28:43 +0100] "GET /console/ HTTP/1.1" 301 178 "-" "Mozilla/5.0 (l9scan/2.0.230313e2536313e2434323e2839313; +https://leakix.net)"
138.197.191.87 - - [09/Sep/2026:08:28:43 +0100] "GET /.git/config HTTP/1.1" 301 178 "-" "Mozilla/5.0 (l9scan/2.0.230313e2536313e2434323e2839313; +https://leakix.net)"
217.154.253.108 - - [09/Sep/2026:08:28:43 +0100] "GET / HTTP/1.1" 301 178 "-" "Python/3.14 aiohttp/3.14.0"
147.182.149.75 - - [09/Sep/2026:08:28:44 +0100] "GET /.git/config HTTP/1.1" 301 178 "-" "Mozilla/5.0 (l9scan/2.0.230313e2536313e2434323e2839313; +https://leakix.net)"
146.190.242.161 - - [09/Sep/2026:08:28:44 +0100] "GET /server HTTP/1.1" 301 178 "-" "Mozilla/5.0 (l9scan/2.0.230313e2536313e2434323e2839313; +https://leakix.net)"
138.197.191.87 - - [09/Sep/2026:08:28:44 +0100] "POST /graphql HTTP/1.1" 301 178 "-" "Mozilla/5.0 (l9scan/2.0.230313e2536313e2434323e2839313; +https://leakix.net)"
138.197.191.87 - - [09/Sep/2026:08:28:44 +0100] "POST /api HTTP/1.1" 301 178 "-" "Mozilla/5.0 (l9scan/2.0.230313e2536313e2434323e2839313; +https://leakix.net)"
138.197.191.87 - - [09/Sep/2026:08:28:44 +0100] "POST /api/graphql HTTP/1.1" 301 178 "-" "Mozilla/5.0 (l9scan/2.0.230313e2536313e2434323e2839313; +https://leakix.net)"
138.197.191.87 - - [09/Sep/2026:08:28:45 +0100] "POST /graphql/api HTTP/1.1" 301 178 "-" "Mozilla/5.0 (l9scan/2.0.230313e2536313e2434323e2839313; +https://leakix.net)"
138.197.191.87 - - [09/Sep/2026:08:28:45 +0100] "POST /api/gql HTTP/1.1" 301 178 "-" "Mozilla/5.0 (l9scan/2.0.230313e2536313e2434323e2839313; +https://leakix.net)"
138.197.191.87 - - [09/Sep/2026:08:28:45 +0100] "GET /s/230313e2536313e2434323e2839313/_/;/META-INF/maven/com.atlassian.jira/jira-webapp-dist/pom.properties HTTP/1.1" 301 178 "-" "Mozilla/5.0 (l9scan/2.0.230313e2536313e2434323e2839313; +https://leakix.net)"
146.190.242.161 - - [09/Sep/2026:08:28:45 +0100] "GET /server-status HTTP/1.1" 301 178 "-" "Mozilla/5.0 (l9scan/2.0.230313e2536313e2434323e2839313; +https://leakix.net)"
147.182.149.75 - - [09/Sep/2026:08:28:45 +0100] "POST /graphql HTTP/1.1" 301 178 "-" "Mozilla/5.0 (l9scan/2.0.230313e2536313e2434323e2839313; +https://leakix.net)"
147.182.149.75 - - [09/Sep/2026:08:28:45 +0100] "POST /api HTTP/1.1" 301 178 "-" "Mozilla/5.0 (l9scan/2.0.230313e2536313e2434323e2839313; +https://leakix.net)"
147.182.149.75 - - [09/Sep/2026:08:28:45 +0100] "POST /api/graphql HTTP/1.1" 301 178 "-" "Mozilla/5.0 (l9scan/2.0.230313e2536313e2434323e2839313; +https://leakix.net)"
147.182.149.75 - - [09/Sep/2026:08:28:45 +0100] "POST /graphql/api HTTP/1.1" 301 178 "-" "Mozilla/5.0 (l9scan/2.0.230313e2536313e2434323e2839313; +https://leakix.net)"
147.182.149.75 - - [09/Sep/2026:08:28:46 +0100] "POST /api/gql HTTP/1.1" 301 178 "-" "Mozilla/5.0 (l9scan/2.0.230313e2536313e2434323e2839313; +https://leakix.net)"
147.182.149.75 - - [09/Sep/2026:08:28:46 +0100] "GET /s/230313e2536313e2434323e2839313/_/;/META-INF/maven/com.atlassian.jira/jira-webapp-dist/pom.properties HTTP/1.1" 301 178 "-" "Mozilla/5.0 (l9scan/2.0.230313e2536313e2434323e2839313; +https://leakix.net)"
138.197.191.87 - - [09/Sep/2026:08:28:46 +0100] "GET /config.json HTTP/1.1" 301 178 "-" "Mozilla/5.0 (l9scan/2.0.230313e2536313e2434323e2839313; +https://leakix.net)"
147.182.149.75 - - [09/Sep/2026:08:28:47 +0100] "GET /config.json HTTP/1.1" 301 178 "-" "Mozilla/5.0 (l9scan/2.0.230313e2536313e2434323e2839313; +https://leakix.net)"
146.190.242.161 - - [09/Sep/2026:08:28:47 +0100] "GET /about HTTP/1.1" 301 178 "-" "Mozilla/5.0 (l9scan/2.0.230313e2536313e2434323e2839313; +https://leakix.net)"
138.197.191.87 - - [09/Sep/2026:08:28:48 +0100] "GET /telescope/requests HTTP/1.1" 301 178 "-" "Mozilla/5.0 (l9scan/2.0.230313e2536313e2434323e2839313; +https://leakix.net)"
138.197.191.87 - - [09/Sep/2026:08:28:48 +0100] "GET /info.php HTTP/1.1" 301 178 "-" "Mozilla/5.0 (l9scan/2.0.230313e2536313e2434323e2839313; +https://leakix.net)"
146.190.242.161 - - [09/Sep/2026:08:28:48 +0100] "GET /login.action HTTP/1.1" 301 178 "-" "Mozilla/5.0 (l9scan/2.0.230313e2536313e2434323e2839313; +https://leakix.net)"
147.182.149.75 - - [09/Sep/2026:08:28:49 +0100] "GET /telescope/requests HTTP/1.1" 301 178 "-" "Mozilla/5.0 (l9scan/2.0.230313e2536313e2434323e2839313; +https://leakix.net)"
138.197.191.87 - - [09/Sep/2026:08:28:49 +0100] "GET /.well-known/security.txt HTTP/1.1" 301 178 "-" "Mozilla/5.0 (l9scan/2.0.230313e2536313e2434323e2839313; +https://leakix.net)"
146.190.242.161 - - [09/Sep/2026:08:28:49 +0100] "GET / HTTP/1.1" 301 178 "-" "Mozilla/5.0 (l9scan/2.0.230313e2536313e2434323e2839313; +https://leakix.net)"
147.182.149.75 - - [09/Sep/2026:08:28:49 +0100] "GET /info.php HTTP/1.1" 301 178 "-" "Mozilla/5.0 (l9scan/2.0.230313e2536313e2434323e2839313; +https://leakix.net)"
146.190.242.161 - - [09/Sep/2026:08:28:49 +0100] "GET /___proxy_subdomain_whm/login HTTP/1.1" 301 178 "-" "Mozilla/5.0 (l9scan/2.0.230313e2536313e2434323e2839313; +https://leakix.net)"
138.197.191.87 - - [09/Sep/2026:08:28:50 +0100] "GET /actuator/env HTTP/1.1" 301 178 "-" "Mozilla/5.0 (l9scan/2.0.230313e2536313e2434323e2839313; +https://leakix.net)"
146.190.242.161 - - [09/Sep/2026:08:28:50 +0100] "GET /___proxy_subdomain_cpanel HTTP/1.1" 301 178 "-" "Mozilla/5.0 (l9scan/2.0.230313e2536313e2434323e2839313; +https://leakix.net)"
147.182.149.75 - - [09/Sep/2026:08:28:50 +0100] "GET /.well-known/security.txt HTTP/1.1" 301 178 "-" "Mozilla/5.0 (l9scan/2.0.230313e2536313e2434323e2839313; +https://leakix.net)"
146.190.242.161 - - [09/Sep/2026:08:28:50 +0100] "GET /v2/_catalog HTTP/1.1" 301 178 "-" "Mozilla/5.0 (l9scan/2.0.230313e2536313e2434323e2839313; +https://leakix.net)"
138.197.191.87 - - [09/Sep/2026:08:28:51 +0100] "GET /trace.axd HTTP/1.1" 301 178 "-" "Mozilla/5.0 (l9scan/2.0.230313e2536313e2434323e2839313; +https://leakix.net)"
147.182.149.75 - - [09/Sep/2026:08:28:51 +0100] "GET /actuator/env HTTP/1.1" 301 178 "-" "Mozilla/5.0 (l9scan/2.0.230313e2536313e2434323e2839313; +https://leakix.net)"
146.190.242.161 - - [09/Sep/2026:08:28:51 +0100] "GET /.DS_Store HTTP/1.1" 301 178 "-" "Mozilla/5.0 (l9scan/2.0.230313e2536313e2434323e2839313; +https://leakix.net)"
91.224.92.19 - - [09/Sep/2026:08:28:52 +0100] "GET /filefuns.php HTTP/1.1" 301 178 "-" "Mozlila/5.0 (Linux; Android 7.0; SM-G892A Bulid/NRD90M; wv) AppleWebKit/537.36 (KHTML, like Gecko) Version/4.0 Chrome/60.0.3112.107 Moblie Safari/537.36"
138.197.191.87 - - [09/Sep/2026:08:28:52 +0100] "GET /@vite/env HTTP/1.1" 301 178 "-" "Mozilla/5.0 (l9scan/2.0.230313e2536313e2434323e2839313; +https://leakix.net)"
147.182.149.75 - - [09/Sep/2026:08:28:52 +0100] "GET /trace.axd HTTP/1.1" 301 178 "-" "Mozilla/5.0 (l9scan/2.0.230313e2536313e2434323e2839313; +https://leakix.net)"
146.190.242.161 - - [09/Sep/2026:08:28:52 +0100] "GET /.env HTTP/1.1" 301 178 "-" "Mozilla/5.0 (l9scan/2.0.230313e2536313e2434323e2839313; +https://leakix.net)"
138.197.191.87 - - [09/Sep/2026:08:28:53 +0100] "GET /.vscode/sftp.json HTTP/1.1" 301 178 "-" "Mozilla/5.0 (l9scan/2.0.230313e2536313e2434323e2839313; +https://leakix.net)"
147.182.149.75 - - [09/Sep/2026:08:28:53 +0100] "GET /@vite/env HTTP/1.1" 301 178 "-" "Mozilla/5.0 (l9scan/2.0.230313e2536313e2434323e2839313; +https://leakix.net)"
138.197.191.87 - - [09/Sep/2026:08:28:54 +0100] "OPTIONS / HTTP/1.1" 301 178 "-" "Mozilla/5.0 (l9scan/2.0.230313e2536313e2434323e2839313; +https://leakix.net)"
147.182.149.75 - - [09/Sep/2026:08:28:54 +0100] "GET /.vscode/sftp.json HTTP/1.1" 301 178 "-" "Mozilla/5.0 (l9scan/2.0.230313e2536313e2434323e2839313; +https://leakix.net)"
138.197.191.87 - - [09/Sep/2026:08:28:55 +0100] "GET /?rest_route=/wp/v2/users/ HTTP/1.1" 301 178 "-" "Mozilla/5.0 (l9scan/2.0.230313e2536313e2434323e2839313; +https://leakix.net)"
146.190.242.161 - - [09/Sep/2026:08:28:55 +0100] "GET /ecp/Current/exporttool/microsoft.exchange.ediscovery.exporttool.application HTTP/1.1" 301 178 "-" "Mozilla/5.0 (l9scan/2.0.230313e2536313e2434323e2839313; +https://leakix.net)"
147.182.149.75 - - [09/Sep/2026:08:28:55 +0100] "OPTIONS / HTTP/1.1" 301 178 "-" "Mozilla/5.0 (l9scan/2.0.230313e2536313e2434323e2839313; +https://leakix.net)"
147.182.149.75 - - [09/Sep/2026:08:28:56 +0100] "GET /?rest_route=/wp/v2/users/ HTTP/1.1" 301 178 "-" "Mozilla/5.0 (l9scan/2.0.230313e2536313e2434323e2839313; +https://leakix.net)"
138.197.191.87 - - [09/Sep/2026:08:28:56 +0100] "GET /debug/default/view?panel=config HTTP/1.1" 301 178 "-" "Mozilla/5.0 (l9scan/2.0.230313e2536313e2434323e2839313; +https://leakix.net)"
146.190.242.161 - - [09/Sep/2026:08:28:57 +0100] "GET /.git/config HTTP/1.1" 301 178 "-" "Mozilla/5.0 (l9scan/2.0.230313e2536313e2434323e2839313; +https://leakix.net)"
147.182.149.75 - - [09/Sep/2026:08:28:57 +0100] "GET /debug/default/view?panel=config HTTP/1.1" 301 178 "-" "Mozilla/5.0 (l9scan/2.0.230313e2536313e2434323e2839313; +https://leakix.net)"
146.190.242.161 - - [09/Sep/2026:08:28:58 +0100] "POST /graphql HTTP/1.1" 301 178 "-" "Mozilla/5.0 (l9scan/2.0.230313e2536313e2434323e2839313; +https://leakix.net)"
23.178.112.211 - - [09/Sep/2026:08:28:58 +0100] "GET /.well-known/acme-challenge/iJLy_qrvoDXk7faqOnFQUOYkmXvJx3IpUvA7UtqNeAU HTTP/1.1" 200 118 "-" "Mozilla/5.0 (compatible; Let's Encrypt validation server; +https://www.letsencrypt.org)"
13.50.249.160 - - [09/Sep/2026:08:28:58 +0100] "GET /.well-known/acme-challenge/iJLy_qrvoDXk7faqOnFQUOYkmXvJx3IpUvA7UtqNeAU HTTP/1.1" 200 118 "-" "Mozilla/5.0 (compatible; Let's Encrypt validation server; +https://www.letsencrypt.org)"
3.16.37.39 - - [09/Sep/2026:08:28:58 +0100] "GET /.well-known/acme-challenge/iJLy_qrvoDXk7faqOnFQUOYkmXvJx3IpUvA7UtqNeAU HTTP/1.1" 200 118 "-" "Mozilla/5.0 (compatible; Let's Encrypt validation server; +https://www.letsencrypt.org)"
35.91.241.161 - - [09/Sep/2026:08:28:58 +0100] "GET /.well-known/acme-challenge/iJLy_qrvoDXk7faqOnFQUOYkmXvJx3IpUvA7UtqNeAU HTTP/1.1" 200 118 "-" "Mozilla/5.0 (compatible; Let's Encrypt validation server; +https://www.letsencrypt.org)"
13.213.32.102 - - [09/Sep/2026:08:28:59 +0100] "GET /.well-known/acme-challenge/iJLy_qrvoDXk7faqOnFQUOYkmXvJx3IpUvA7UtqNeAU HTTP/1.1" 200 118 "-" "Mozilla/5.0 (compatible; Let's Encrypt validation server; +https://www.letsencrypt.org)"
146.190.242.161 - - [09/Sep/2026:08:28:59 +0100] "POST /api HTTP/1.1" 301 178 "-" "Mozilla/5.0 (l9scan/2.0.230313e2536313e2434323e2839313; +https://leakix.net)"
146.190.242.161 - - [09/Sep/2026:08:29:00 +0100] "POST /api/graphql HTTP/1.1" 301 178 "-" "Mozilla/5.0 (l9scan/2.0.230313e2536313e2434323e2839313; +https://leakix.net)"
144.91.75.21 - - [09/Sep/2026:08:29:01 +0100] "GET / HTTP/1.1" 301 178 "-" "nameserver-checker-http-validator/1.0"
146.190.242.161 - - [09/Sep/2026:08:29:01 +0100] "POST /graphql/api HTTP/1.1" 301 178 "-" "Mozilla/5.0 (l9scan/2.0.230313e2536313e2434323e2839313; +https://leakix.net)"
146.190.242.161 - - [09/Sep/2026:08:29:02 +0100] "POST /api/gql HTTP/1.1" 301 178 "-" "Mozilla/5.0 (l9scan/2.0.230313e2536313e2434323e2839313; +https://leakix.net)"
146.190.242.161 - - [09/Sep/2026:08:29:03 +0100] "GET /s/230313e2536313e2434323e2839313/_/;/META-INF/maven/com.atlassian.jira/jira-webapp-dist/pom.properties HTTP/1.1" 301 178 "-" "Mozilla/5.0 (l9scan/2.0.230313e2536313e2434323e2839313; +https://leakix.net)"
146.190.242.161 - - [09/Sep/2026:08:29:04 +0100] "GET /config.json HTTP/1.1" 301 178 "-" "Mozilla/5.0 (l9scan/2.0.230313e2536313e2434323e2839313; +https://leakix.net)"
146.190.242.161 - - [09/Sep/2026:08:29:06 +0100] "GET /telescope/requests HTTP/1.1" 301 178 "-" "Mozilla/5.0 (l9scan/2.0.230313e2536313e2434323e2839313; +https://leakix.net)"
146.190.242.161 - - [09/Sep/2026:08:29:07 +0100] "GET /info.php HTTP/1.1" 301 178 "-" "Mozilla/5.0 (l9scan/2.0.230313e2536313e2434323e2839313; +https://leakix.net)"
146.190.242.161 - - [09/Sep/2026:08:29:08 +0100] "GET /.well-known/security.txt HTTP/1.1" 301 178 "-" "Mozilla/5.0 (l9scan/2.0.230313e2536313e2434323e2839313; +https://leakix.net)"
167.99.210.137 - - [09/Sep/2026:08:29:09 +0100] "GET / HTTP/1.1" 301 178 "-" "Mozilla/5.0 (l9scan/2.0.230313e2536313e2434323e2839313; +https://leakix.net)"
146.190.242.161 - - [09/Sep/2026:08:29:09 +0100] "GET /actuator/env HTTP/1.1" 301 178 "-" "Mozilla/5.0 (l9scan/2.0.230313e2536313e2434323e2839313; +https://leakix.net)"
167.99.210.137 - - [09/Sep/2026:08:29:10 +0100] "GET /console/ HTTP/1.1" 301 178 "-" "Mozilla/5.0 (l9scan/2.0.230313e2536313e2434323e2839313; +https://leakix.net)"
146.190.242.161 - - [09/Sep/2026:08:29:10 +0100] "GET /trace.axd HTTP/1.1" 301 178 "-" "Mozilla/5.0 (l9scan/2.0.230313e2536313e2434323e2839313; +https://leakix.net)"
146.190.242.161 - - [09/Sep/2026:08:29:11 +0100] "GET /@vite/env HTTP/1.1" 301 178 "-" "Mozilla/5.0 (l9scan/2.0.230313e2536313e2434323e2839313; +https://leakix.net)"
167.99.210.137 - - [09/Sep/2026:08:29:11 +0100] "GET /server HTTP/1.1" 301 178 "-" "Mozilla/5.0 (l9scan/2.0.230313e2536313e2434323e2839313; +https://leakix.net)"
146.190.242.161 - - [09/Sep/2026:08:29:12 +0100] "GET /.vscode/sftp.json HTTP/1.1" 301 178 "-" "Mozilla/5.0 (l9scan/2.0.230313e2536313e2434323e2839313; +https://leakix.net)"
167.99.210.137 - - [09/Sep/2026:08:29:13 +0100] "GET /server-status HTTP/1.1" 301 178 "-" "Mozilla/5.0 (l9scan/2.0.230313e2536313e2434323e2839313; +https://leakix.net)"
146.190.242.161 - - [09/Sep/2026:08:29:13 +0100] "OPTIONS / HTTP/1.1" 301 178 "-" "Mozilla/5.0 (l9scan/2.0.230313e2536313e2434323e2839313; +https://leakix.net)"
23.178.112.213 - - [09/Sep/2026:08:29:13 +0100] "GET /.well-known/acme-challenge/1GTCAS0wz6YKm9okXFLAbhkNhA12g9uDserOtQKdAXo HTTP/1.1" 200 118 "-" "Mozilla/5.0 (compatible; Let's Encrypt validation server; +https://www.letsencrypt.org)"
23.178.112.210 - - [09/Sep/2026:08:29:13 +0100] "GET /.well-known/acme-challenge/PRRABK6s_tniEEK9cuyV6KLB1Mz7xnq3AabQh4YeOEg HTTP/1.1" 200 118 "-" "Mozilla/5.0 (compatible; Let's Encrypt validation server; +https://www.letsencrypt.org)"
13.60.231.33 - - [09/Sep/2026:08:29:13 +0100] "GET /.well-known/acme-challenge/1GTCAS0wz6YKm9okXFLAbhkNhA12g9uDserOtQKdAXo HTTP/1.1" 200 118 "-" "Mozilla/5.0 (compatible; Let's Encrypt validation server; +https://www.letsencrypt.org)"
3.133.89.186 - - [09/Sep/2026:08:29:13 +0100] "GET /.well-known/acme-challenge/1GTCAS0wz6YKm9okXFLAbhkNhA12g9uDserOtQKdAXo HTTP/1.1" 200 118 "-" "Mozilla/5.0 (compatible; Let's Encrypt validation server; +https://www.letsencrypt.org)"
13.60.231.33 - - [09/Sep/2026:08:29:13 +0100] "GET /.well-known/acme-challenge/PRRABK6s_tniEEK9cuyV6KLB1Mz7xnq3AabQh4YeOEg HTTP/1.1" 200 118 "-" "Mozilla/5.0 (compatible; Let's Encrypt validation server; +https://www.letsencrypt.org)"
54.203.2.127 - - [09/Sep/2026:08:29:13 +0100] "GET /.well-known/acme-challenge/1GTCAS0wz6YKm9okXFLAbhkNhA12g9uDserOtQKdAXo HTTP/1.1" 200 118 "-" "Mozilla/5.0 (compatible; Let's Encrypt validation server; +https://www.letsencrypt.org)"
18.221.57.239 - - [09/Sep/2026:08:29:13 +0100] "GET /.well-known/acme-challenge/PRRABK6s_tniEEK9cuyV6KLB1Mz7xnq3AabQh4YeOEg HTTP/1.1" 200 118 "-" "Mozilla/5.0 (compatible; Let's Encrypt validation server; +https://www.letsencrypt.org)"
18.237.133.139 - - [09/Sep/2026:08:29:13 +0100] "GET /.well-known/acme-challenge/PRRABK6s_tniEEK9cuyV6KLB1Mz7xnq3AabQh4YeOEg HTTP/1.1" 200 118 "-" "Mozilla/5.0 (compatible; Let's Encrypt validation server; +https://www.letsencrypt.org)"
47.129.169.117 - - [09/Sep/2026:08:29:13 +0100] "GET /.well-known/acme-challenge/1GTCAS0wz6YKm9okXFLAbhkNhA12g9uDserOtQKdAXo HTTP/1.1" 200 118 "-" "Mozilla/5.0 (compatible; Let's Encrypt validation server; +https://www.letsencrypt.org)"
54.255.222.89 - - [09/Sep/2026:08:29:14 +0100] "GET /.well-known/acme-challenge/PRRABK6s_tniEEK9cuyV6KLB1Mz7xnq3AabQh4YeOEg HTTP/1.1" 200 118 "-" "Mozilla/5.0 (compatible; Let's Encrypt validation server; +https://www.letsencrypt.org)"
146.190.242.161 - - [09/Sep/2026:08:29:14 +0100] "GET /?rest_route=/wp/v2/users/ HTTP/1.1" 301 178 "-" "Mozilla/5.0 (l9scan/2.0.230313e2536313e2434323e2839313; +https://leakix.net)"
144.91.75.21 - - [09/Sep/2026:08:29:14 +0100] "GET / HTTP/1.1" 301 178 "-" "nameserver-checker-http-validator/1.0"
146.190.242.161 - - [09/Sep/2026:08:29:15 +0100] "GET /debug/default/view?panel=config HTTP/1.1" 301 178 "-" "Mozilla/5.0 (l9scan/2.0.230313e2536313e2434323e2839313; +https://leakix.net)"
167.99.210.137 - - [09/Sep/2026:08:29:15 +0100] "GET /about HTTP/1.1" 301 178 "-" "Mozilla/5.0 (l9scan/2.0.230313e2536313e2434323e2839313; +https://leakix.net)"
167.99.210.137 - - [09/Sep/2026:08:29:17 +0100] "GET /login.action HTTP/1.1" 301 178 "-" "Mozilla/5.0 (l9scan/2.0.230313e2536313e2434323e2839313; +https://leakix.net)"
167.99.210.137 - - [09/Sep/2026:08:29:18 +0100] "GET / HTTP/1.1" 301 178 "-" "Mozilla/5.0 (l9scan/2.0.230313e2536313e2434323e2839313; +https://leakix.net)"
167.99.210.137 - - [09/Sep/2026:08:29:19 +0100] "GET /___proxy_subdomain_whm/login HTTP/1.1" 301 178 "-" "Mozilla/5.0 (l9scan/2.0.230313e2536313e2434323e2839313; +https://leakix.net)"
167.99.210.137 - - [09/Sep/2026:08:29:20 +0100] "GET /___proxy_subdomain_cpanel HTTP/1.1" 301 178 "-" "Mozilla/5.0 (l9scan/2.0.230313e2536313e2434323e2839313; +https://leakix.net)"
167.99.210.137 - - [09/Sep/2026:08:29:21 +0100] "GET /v2/_catalog HTTP/1.1" 301 178 "-" "Mozilla/5.0 (l9scan/2.0.230313e2536313e2434323e2839313; +https://leakix.net)"
45.196.97.59 - - [09/Sep/2026:08:29:21 +0100] "GET /favicon.ico HTTP/1.1" 301 178 "-" "nameserver-checker-http-validator/1.0"
45.196.97.59 - - [09/Sep/2026:08:29:21 +0100] "GET /home/ HTTP/1.1" 301 178 "-" "nameserver-checker-http-validator/1.0"
45.196.97.59 - - [09/Sep/2026:08:29:21 +0100] "GET /styles/twitter-bootstrap/docs/assets/css/bootstrap.css HTTP/1.1" 301 178 "-" "nameserver-checker-http-validator/1.0"
167.99.210.137 - - [09/Sep/2026:08:29:22 +0100] "GET /.DS_Store HTTP/1.1" 301 178 "-" "Mozilla/5.0 (l9scan/2.0.230313e2536313e2434323e2839313; +https://leakix.net)"
167.99.210.137 - - [09/Sep/2026:08:29:23 +0100] "GET /.env HTTP/1.1" 301 178 "-" "Mozilla/5.0 (l9scan/2.0.230313e2536313e2434323e2839313; +https://leakix.net)"
167.99.210.137 - - [09/Sep/2026:08:29:25 +0100] "GET /ecp/Current/exporttool/microsoft.exchange.ediscovery.exporttool.application HTTP/1.1" 301 178 "-" "Mozilla/5.0 (l9scan/2.0.230313e2536313e2434323e2839313; +https://leakix.net)"
167.99.210.137 - - [09/Sep/2026:08:29:27 +0100] "GET /.git/config HTTP/1.1" 301 178 "-" "Mozilla/5.0 (l9scan/2.0.230313e2536313e2434323e2839313; +https://leakix.net)"
23.178.112.219 - - [09/Sep/2026:08:29:28 +0100] "GET /.well-known/acme-challenge/Rxna-CdK2qtOu6KzPeRNhHwwsiURqjFnM50YaAim_Ks HTTP/1.1" 200 118 "-" "Mozilla/5.0 (compatible; Let's Encrypt validation server; +https://www.letsencrypt.org)"
217.154.253.108 - - [09/Sep/2026:08:29:28 +0100] "GET / HTTP/1.1" 301 178 "-" "Python/3.14 aiohttp/3.14.0"
23.178.112.219 - - [09/Sep/2026:08:29:28 +0100] "GET /.well-known/acme-challenge/aQ4mviAJs1UW73RRvEODanX1-SdRGMBdg3V3gbgwcQk HTTP/1.1" 200 118 "-" "Mozilla/5.0 (compatible; Let's Encrypt validation server; +https://www.letsencrypt.org)"
3.133.89.186 - - [09/Sep/2026:08:29:28 +0100] "GET /.well-known/acme-challenge/Rxna-CdK2qtOu6KzPeRNhHwwsiURqjFnM50YaAim_Ks HTTP/1.1" 200 118 "-" "Mozilla/5.0 (compatible; Let's Encrypt validation server; +https://www.letsencrypt.org)"
13.50.248.119 - - [09/Sep/2026:08:29:28 +0100] "GET /.well-known/acme-challenge/Rxna-CdK2qtOu6KzPeRNhHwwsiURqjFnM50YaAim_Ks HTTP/1.1" 200 118 "-" "Mozilla/5.0 (compatible; Let's Encrypt validation server; +https://www.letsencrypt.org)"
34.211.63.247 - - [09/Sep/2026:08:29:28 +0100] "GET /.well-known/acme-challenge/Rxna-CdK2qtOu6KzPeRNhHwwsiURqjFnM50YaAim_Ks HTTP/1.1" 200 118 "-" "Mozilla/5.0 (compatible; Let's Encrypt validation server; +https://www.letsencrypt.org)"
13.60.90.98 - - [09/Sep/2026:08:29:28 +0100] "GET /.well-known/acme-challenge/aQ4mviAJs1UW73RRvEODanX1-SdRGMBdg3V3gbgwcQk HTTP/1.1" 200 118 "-" "Mozilla/5.0 (compatible; Let's Encrypt validation server; +https://www.letsencrypt.org)"
18.220.242.234 - - [09/Sep/2026:08:29:28 +0100] "GET /.well-known/acme-challenge/aQ4mviAJs1UW73RRvEODanX1-SdRGMBdg3V3gbgwcQk HTTP/1.1" 200 118 "-" "Mozilla/5.0 (compatible; Let's Encrypt validation server; +https://www.letsencrypt.org)"
35.91.241.161 - - [09/Sep/2026:08:29:28 +0100] "GET /.well-known/acme-challenge/aQ4mviAJs1UW73RRvEODanX1-SdRGMBdg3V3gbgwcQk HTTP/1.1" 200 118 "-" "Mozilla/5.0 (compatible; Let's Encrypt validation server; +https://www.letsencrypt.org)"
13.213.32.102 - - [09/Sep/2026:08:29:28 +0100] "GET /.well-known/acme-challenge/Rxna-CdK2qtOu6KzPeRNhHwwsiURqjFnM50YaAim_Ks HTTP/1.1" 200 118 "-" "Mozilla/5.0 (compatible; Let's Encrypt validation server; +https://www.letsencrypt.org)"
167.99.210.137 - - [09/Sep/2026:08:29:28 +0100] "POST /graphql HTTP/1.1" 301 178 "-" "Mozilla/5.0 (l9scan/2.0.230313e2536313e2434323e2839313; +https://leakix.net)"
47.129.169.117 - - [09/Sep/2026:08:29:28 +0100] "GET /.well-known/acme-challenge/aQ4mviAJs1UW73RRvEODanX1-SdRGMBdg3V3gbgwcQk HTTP/1.1" 200 118 "-" "Mozilla/5.0 (compatible; Let's Encrypt validation server; +https://www.letsencrypt.org)"
167.99.210.137 - - [09/Sep/2026:08:29:30 +0100] "POST /api HTTP/1.1" 301 178 "-" "Mozilla/5.0 (l9scan/2.0.230313e2536313e2434323e2839313; +https://leakix.net)"
167.99.210.137 - - [09/Sep/2026:08:29:30 +0100] "POST /api/graphql HTTP/1.1" 301 178 "-" "Mozilla/5.0 (l9scan/2.0.230313e2536313e2434323e2839313; +https://leakix.net)"
167.99.210.137 - - [09/Sep/2026:08:29:32 +0100] "POST /graphql/api HTTP/1.1" 301 178 "-" "Mozilla/5.0 (l9scan/2.0.230313e2536313e2434323e2839313; +https://leakix.net)"
167.99.210.137 - - [09/Sep/2026:08:29:33 +0100] "POST /api/gql HTTP/1.1" 301 178 "-" "Mozilla/5.0 (l9scan/2.0.230313e2536313e2434323e2839313; +https://leakix.net)"
167.99.210.137 - - [09/Sep/2026:08:29:33 +0100] "GET /s/230313e2536313e2434323e2839313/_/;/META-INF/maven/com.atlassian.jira/jira-webapp-dist/pom.properties HTTP/1.1" 301 178 "-" "Mozilla/5.0 (l9scan/2.0.230313e2536313e2434323e2839313; +https://leakix.net)"
167.99.210.137 - - [09/Sep/2026:08:29:34 +0100] "GET /config.json HTTP/1.1" 301 178 "-" "Mozilla/5.0 (l9scan/2.0.230313e2536313e2434323e2839313; +https://leakix.net)"
139.59.132.8 - - [09/Sep/2026:08:29:36 +0100] "GET / HTTP/1.1" 301 178 "-" "Mozilla/5.0 (l9scan/2.0.230313e2536313e2434323e2839313; +https://leakix.net)"
167.99.210.137 - - [09/Sep/2026:08:29:36 +0100] "GET /telescope/requests HTTP/1.1" 301 178 "-" "Mozilla/5.0 (l9scan/2.0.230313e2536313e2434323e2839313; +https://leakix.net)"
207.154.212.47 - - [09/Sep/2026:08:29:37 +0100] "GET / HTTP/1.1" 301 178 "-" "Mozilla/5.0 (l9scan/2.0.230313e2536313e2434323e2839313; +https://leakix.net)"
139.59.132.8 - - [09/Sep/2026:08:29:37 +0100] "GET /console/ HTTP/1.1" 301 178 "-" "Mozilla/5.0 (l9scan/2.0.230313e2536313e2434323e2839313; +https://leakix.net)"
167.99.210.137 - - [09/Sep/2026:08:29:37 +0100] "GET /info.php HTTP/1.1" 301 178 "-" "Mozilla/5.0 (l9scan/2.0.230313e2536313e2434323e2839313; +https://leakix.net)"
139.59.132.8 - - [09/Sep/2026:08:29:38 +0100] "GET /server HTTP/1.1" 301 178 "-" "Mozilla/5.0 (l9scan/2.0.230313e2536313e2434323e2839313; +https://leakix.net)"
207.154.212.47 - - [09/Sep/2026:08:29:38 +0100] "GET /console/ HTTP/1.1" 301 178 "-" "Mozilla/5.0 (l9scan/2.0.230313e2536313e2434323e2839313; +https://leakix.net)"
167.99.210.137 - - [09/Sep/2026:08:29:38 +0100] "GET /.well-known/security.txt HTTP/1.1" 301 178 "-" "Mozilla/5.0 (l9scan/2.0.230313e2536313e2434323e2839313; +https://leakix.net)"
207.154.212.47 - - [09/Sep/2026:08:29:39 +0100] "GET /server HTTP/1.1" 301 178 "-" "Mozilla/5.0 (l9scan/2.0.230313e2536313e2434323e2839313; +https://leakix.net)"
139.59.132.8 - - [09/Sep/2026:08:29:39 +0100] "GET /server-status HTTP/1.1" 301 178 "-" "Mozilla/5.0 (l9scan/2.0.230313e2536313e2434323e2839313; +https://leakix.net)"
46.101.111.185 - - [09/Sep/2026:08:29:40 +0100] "GET / HTTP/1.1" 301 178 "-" "Mozilla/5.0 (l9scan/2.0.230313e2536313e2434323e2839313; +https://leakix.net)"
167.99.210.137 - - [09/Sep/2026:08:29:40 +0100] "GET /actuator/env HTTP/1.1" 301 178 "-" "Mozilla/5.0 (l9scan/2.0.230313e2536313e2434323e2839313; +https://leakix.net)"
207.154.212.47 - - [09/Sep/2026:08:29:40 +0100] "GET /server-status HTTP/1.1" 301 178 "-" "Mozilla/5.0 (l9scan/2.0.230313e2536313e2434323e2839313; +https://leakix.net)"
167.99.210.137 - - [09/Sep/2026:08:29:41 +0100] "GET /trace.axd HTTP/1.1" 301 178 "-" "Mozilla/5.0 (l9scan/2.0.230313e2536313e2434323e2839313; +https://leakix.net)"
164.92.244.132 - - [09/Sep/2026:08:29:41 +0100] "GET / HTTP/1.1" 301 178 "-" "Mozilla/5.0 (l9scan/2.0.230313e2536313e2434323e2839313; +https://leakix.net)"
46.101.111.185 - - [09/Sep/2026:08:29:41 +0100] "GET /console/ HTTP/1.1" 301 178 "-" "Mozilla/5.0 (l9scan/2.0.230313e2536313e2434323e2839313; +https://leakix.net)"
139.59.132.8 - - [09/Sep/2026:08:29:41 +0100] "GET /about HTTP/1.1" 301 178 "-" "Mozilla/5.0 (l9scan/2.0.230313e2536313e2434323e2839313; +https://leakix.net)"
46.101.111.185 - - [09/Sep/2026:08:29:42 +0100] "GET /server HTTP/1.1" 301 178 "-" "Mozilla/5.0 (l9scan/2.0.230313e2536313e2434323e2839313; +https://leakix.net)"
167.99.210.137 - - [09/Sep/2026:08:29:42 +0100] "GET /@vite/env HTTP/1.1" 301 178 "-" "Mozilla/5.0 (l9scan/2.0.230313e2536313e2434323e2839313; +https://leakix.net)"
207.154.212.47 - - [09/Sep/2026:08:29:42 +0100] "GET /about HTTP/1.1" 301 178 "-" "Mozilla/5.0 (l9scan/2.0.230313e2536313e2434323e2839313; +https://leakix.net)"
164.92.244.132 - - [09/Sep/2026:08:29:42 +0100] "GET /console/ HTTP/1.1" 301 178 "-" "Mozilla/5.0 (l9scan/2.0.230313e2536313e2434323e2839313; +https://leakix.net)"
139.59.132.8 - - [09/Sep/2026:08:29:42 +0100] "GET /login.action HTTP/1.1" 301 178 "-" "Mozilla/5.0 (l9scan/2.0.230313e2536313e2434323e2839313; +https://leakix.net)"
130.12.180.117 - - [09/Sep/2026:08:29:43 +0100] "GET /.env HTTP/1.1" 301 178 "-" "Mozilla/5.0 (Macintosh; Intel Mac OS X 10_15_7) AppleWebKit/537.36 (KHTML, like Gecko, Yokohama Institute of Information Security https://www.iisec.ac.jp) Chrome/124.0.0.0 Safari/537.36"
23.178.112.108 - - [09/Sep/2026:08:29:43 +0100] "GET /.well-known/acme-challenge/tQSW9Z_gtPX-Lo3G8oF_gSRiexKwWT2uE4T6_YZ9fAo HTTP/1.1" 200 118 "-" "Mozilla/5.0 (compatible; Let's Encrypt validation server; +https://www.letsencrypt.org)"
23.178.112.108 - - [09/Sep/2026:08:29:43 +0100] "GET /.well-known/acme-challenge/KfaHjfGCZQazmzUfHS_34irtmzUDj_eFROtX_wnuRmo HTTP/1.1" 200 116 "-" "Mozilla/5.0 (compatible; Let's Encrypt validation server; +https://www.letsencrypt.org)"
167.99.210.137 - - [09/Sep/2026:08:29:43 +0100] "GET /.vscode/sftp.json HTTP/1.1" 301 178 "-" "Mozilla/5.0 (l9scan/2.0.230313e2536313e2434323e2839313; +https://leakix.net)"
46.101.111.185 - - [09/Sep/2026:08:29:43 +0100] "GET /server-status HTTP/1.1" 301 178 "-" "Mozilla/5.0 (l9scan/2.0.230313e2536313e2434323e2839313; +https://leakix.net)"
16.171.16.74 - - [09/Sep/2026:08:29:43 +0100] "GET /.well-known/acme-challenge/KfaHjfGCZQazmzUfHS_34irtmzUDj_eFROtX_wnuRmo HTTP/1.1" 200 116 "-" "Mozilla/5.0 (compatible; Let's Encrypt validation server; +https://www.letsencrypt.org)"
13.60.231.33 - - [09/Sep/2026:08:29:43 +0100] "GET /.well-known/acme-challenge/tQSW9Z_gtPX-Lo3G8oF_gSRiexKwWT2uE4T6_YZ9fAo HTTP/1.1" 200 118 "-" "Mozilla/5.0 (compatible; Let's Encrypt validation server; +https://www.letsencrypt.org)"
207.154.212.47 - - [09/Sep/2026:08:29:43 +0100] "GET /login.action HTTP/1.1" 301 178 "-" "Mozilla/5.0 (l9scan/2.0.230313e2536313e2434323e2839313; +https://leakix.net)"
18.220.242.234 - - [09/Sep/2026:08:29:43 +0100] "GET /.well-known/acme-challenge/KfaHjfGCZQazmzUfHS_34irtmzUDj_eFROtX_wnuRmo HTTP/1.1" 200 116 "-" "Mozilla/5.0 (compatible; Let's Encrypt validation server; +https://www.letsencrypt.org)"
13.213.32.102 - - [09/Sep/2026:08:29:43 +0100] "GET /.well-known/acme-challenge/tQSW9Z_gtPX-Lo3G8oF_gSRiexKwWT2uE4T6_YZ9fAo HTTP/1.1" 200 118 "-" "Mozilla/5.0 (compatible; Let's Encrypt validation server; +https://www.letsencrypt.org)"
130.12.180.117 - - [09/Sep/2026:08:29:43 +0100] "GET /.git/HEAD HTTP/1.1" 301 178 "-" "Mozilla/5.0 (Macintosh; Intel Mac OS X 10_15_7) AppleWebKit/537.36 (KHTML, like Gecko, Yokohama Institute of Information Security https://www.iisec.ac.jp) Chrome/124.0.0.0 Safari/537.36"
164.92.244.132 - - [09/Sep/2026:08:29:43 +0100] "GET /server HTTP/1.1" 301 178 "-" "Mozilla/5.0 (l9scan/2.0.230313e2536313e2434323e2839313; +https://leakix.net)"
139.59.132.8 - - [09/Sep/2026:08:29:43 +0100] "GET / HTTP/1.1" 301 178 "-" "Mozilla/5.0 (l9scan/2.0.230313e2536313e2434323e2839313; +https://leakix.net)"
130.12.180.117 - - [09/Sep/2026:08:29:43 +0100] "GET /.env.backup HTTP/1.1" 301 178 "-" "Mozilla/5.0 (Macintosh; Intel Mac OS X 10_15_7) AppleWebKit/537.36 (KHTML, like Gecko, Yokohama Institute of Information Security https://www.iisec.ac.jp) Chrome/124.0.0.0 Safari/537.36"
18.217.86.155 - - [09/Sep/2026:08:29:43 +0100] "GET /.well-known/acme-challenge/tQSW9Z_gtPX-Lo3G8oF_gSRiexKwWT2uE4T6_YZ9fAo HTTP/1.1" 200 118 "-" "Mozilla/5.0 (compatible; Let's Encrypt validation server; +https://www.letsencrypt.org)"
18.140.243.215 - - [09/Sep/2026:08:29:43 +0100] "GET /.well-known/acme-challenge/KfaHjfGCZQazmzUfHS_34irtmzUDj_eFROtX_wnuRmo HTTP/1.1" 200 116 "-" "Mozilla/5.0 (compatible; Let's Encrypt validation server; +https://www.letsencrypt.org)"
130.12.180.117 - - [09/Sep/2026:08:29:43 +0100] "GET /.env.old HTTP/1.1" 301 178 "-" "Mozilla/5.0 (Macintosh; Intel Mac OS X 10_15_7) AppleWebKit/537.36 (KHTML, like Gecko, Yokohama Institute of Information Security https://www.iisec.ac.jp) Chrome/124.0.0.0 Safari/537.36"
34.211.63.247 - - [09/Sep/2026:08:29:43 +0100] "GET /.well-known/acme-challenge/tQSW9Z_gtPX-Lo3G8oF_gSRiexKwWT2uE4T6_YZ9fAo HTTP/1.1" 200 118 "-" "Mozilla/5.0 (compatible; Let's Encrypt validation server; +https://www.letsencrypt.org)"
130.12.180.117 - - [09/Sep/2026:08:29:43 +0100] "GET /.env.save HTTP/1.1" 301 178 "-" "Mozilla/5.0 (Macintosh; Intel Mac OS X 10_15_7) AppleWebKit/537.36 (KHTML, like Gecko, Yokohama Institute of Information Security https://www.iisec.ac.jp) Chrome/124.0.0.0 Safari/537.36"
54.203.2.127 - - [09/Sep/2026:08:29:43 +0100] "GET /.well-known/acme-challenge/KfaHjfGCZQazmzUfHS_34irtmzUDj_eFROtX_wnuRmo HTTP/1.1" 200 116 "-" "Mozilla/5.0 (compatible; Let's Encrypt validation server; +https://www.letsencrypt.org)"
139.59.132.8 - - [09/Sep/2026:08:29:43 +0100] "GET /___proxy_subdomain_whm/login HTTP/1.1" 301 178 "-" "Mozilla/5.0 (l9scan/2.0.230313e2536313e2434323e2839313; +https://leakix.net)"
130.12.180.117 - - [09/Sep/2026:08:29:43 +0100] "GET /.env.bak HTTP/1.1" 301 178 "-" "Mozilla/5.0 (Macintosh; Intel Mac OS X 10_15_7) AppleWebKit/537.36 (KHTML, like Gecko, Yokohama Institute of Information Security https://www.iisec.ac.jp) Chrome/124.0.0.0 Safari/537.36"
130.12.180.117 - - [09/Sep/2026:08:29:44 +0100] "GET /.env.prod HTTP/1.1" 301 178 "-" "Mozilla/5.0 (Macintosh; Intel Mac OS X 10_15_7) AppleWebKit/537.36 (KHTML, like Gecko, Yokohama Institute of Information Security https://www.iisec.ac.jp) Chrome/124.0.0.0 Safari/537.36"
139.59.132.8 - - [09/Sep/2026:08:29:44 +0100] "GET /___proxy_subdomain_cpanel HTTP/1.1" 301 178 "-" "Mozilla/5.0 (l9scan/2.0.230313e2536313e2434323e2839313; +https://leakix.net)"
130.12.180.117 - - [09/Sep/2026:08:29:44 +0100] "GET /.env.production HTTP/1.1" 301 178 "-" "Mozilla/5.0 (Macintosh; Intel Mac OS X 10_15_7) AppleWebKit/537.36 (KHTML, like Gecko, Yokohama Institute of Information Security https://www.iisec.ac.jp) Chrome/124.0.0.0 Safari/537.36"
139.59.132.8 - - [09/Sep/2026:08:29:44 +0100] "GET /v2/_catalog HTTP/1.1" 301 178 "-" "Mozilla/5.0 (l9scan/2.0.230313e2536313e2434323e2839313; +https://leakix.net)"
130.12.180.117 - - [09/Sep/2026:08:29:44 +0100] "GET /.env.staging HTTP/1.1" 301 178 "-" "Mozilla/5.0 (Macintosh; Intel Mac OS X 10_15_7) AppleWebKit/537.36 (KHTML, like Gecko, Yokohama Institute of Information Security https://www.iisec.ac.jp) Chrome/124.0.0.0 Safari/537.36"
167.99.210.137 - - [09/Sep/2026:08:29:44 +0100] "OPTIONS / HTTP/1.1" 301 178 "-" "Mozilla/5.0 (l9scan/2.0.230313e2536313e2434323e2839313; +https://leakix.net)"
207.154.212.47 - - [09/Sep/2026:08:29:44 +0100] "GET / HTTP/1.1" 301 178 "-" "Mozilla/5.0 (l9scan/2.0.230313e2536313e2434323e2839313; +https://leakix.net)"
207.154.212.47 - - [09/Sep/2026:08:29:44 +0100] "GET /___proxy_subdomain_whm/login HTTP/1.1" 301 178 "-" "Mozilla/5.0 (l9scan/2.0.230313e2536313e2434323e2839313; +https://leakix.net)"
164.92.244.132 - - [09/Sep/2026:08:29:44 +0100] "GET /server-status HTTP/1.1" 301 178 "-" "Mozilla/5.0 (l9scan/2.0.230313e2536313e2434323e2839313; +https://leakix.net)"
130.12.180.117 - - [09/Sep/2026:08:29:44 +0100] "GET /.env.local HTTP/1.1" 301 178 "-" "Mozilla/5.0 (Macintosh; Intel Mac OS X 10_15_7) AppleWebKit/537.36 (KHTML, like Gecko, Yokohama Institute of Information Security https://www.iisec.ac.jp) Chrome/124.0.0.0 Safari/537.36"
207.154.212.47 - - [09/Sep/2026:08:29:44 +0100] "GET /___proxy_subdomain_cpanel HTTP/1.1" 301 178 "-" "Mozilla/5.0 (l9scan/2.0.230313e2536313e2434323e2839313; +https://leakix.net)"
130.12.180.117 - - [09/Sep/2026:08:29:44 +0100] "GET /.env.live HTTP/1.1" 301 178 "-" "Mozilla/5.0 (Macintosh; Intel Mac OS X 10_15_7) AppleWebKit/537.36 (KHTML, like Gecko, Yokohama Institute of Information Security https://www.iisec.ac.jp) Chrome/124.0.0.0 Safari/537.36"
130.12.180.117 - - [09/Sep/2026:08:29:44 +0100] "GET /.env.dev HTTP/1.1" 301 178 "-" "Mozilla/5.0 (Macintosh; Intel Mac OS X 10_15_7) AppleWebKit/537.36 (KHTML, like Gecko, Yokohama Institute of Information Security https://www.iisec.ac.jp) Chrome/124.0.0.0 Safari/537.36"
130.12.180.117 - - [09/Sep/2026:08:29:44 +0100] "GET /.env.stage HTTP/1.1" 301 178 "-" "Mozilla/5.0 (Macintosh; Intel Mac OS X 10_15_7) AppleWebKit/537.36 (KHTML, like Gecko, Yokohama Institute of Information Security https://www.iisec.ac.jp) Chrome/124.0.0.0 Safari/537.36"
130.12.180.117 - - [09/Sep/2026:08:29:44 +0100] "GET /config/.env HTTP/1.1" 301 178 "-" "Mozilla/5.0 (Macintosh; Intel Mac OS X 10_15_7) AppleWebKit/537.36 (KHTML, like Gecko, Yokohama Institute of Information Security https://www.iisec.ac.jp) Chrome/124.0.0.0 Safari/537.36"
130.12.180.117 - - [09/Sep/2026:08:29:44 +0100] "GET /app/.env HTTP/1.1" 301 178 "-" "Mozilla/5.0 (Macintosh; Intel Mac OS X 10_15_7) AppleWebKit/537.36 (KHTML, like Gecko, Yokohama Institute of Information Security https://www.iisec.ac.jp) Chrome/124.0.0.0 Safari/537.36"
130.12.180.117 - - [09/Sep/2026:08:29:45 +0100] "GET /api/.env HTTP/1.1" 301 178 "-" "Mozilla/5.0 (Macintosh; Intel Mac OS X 10_15_7) AppleWebKit/537.36 (KHTML, like Gecko, Yokohama Institute of Information Security https://www.iisec.ac.jp) Chrome/124.0.0.0 Safari/537.36"
207.154.212.47 - - [09/Sep/2026:08:29:45 +0100] "GET /v2/_catalog HTTP/1.1" 301 178 "-" "Mozilla/5.0 (l9scan/2.0.230313e2536313e2434323e2839313; +https://leakix.net)"
167.99.210.137 - - [09/Sep/2026:08:29:45 +0100] "GET /?rest_route=/wp/v2/users/ HTTP/1.1" 301 178 "-" "Mozilla/5.0 (l9scan/2.0.230313e2536313e2434323e2839313; +https://leakix.net)"
130.12.180.117 - - [09/Sep/2026:08:29:45 +0100] "GET /application/.env HTTP/1.1" 301 178 "-" "Mozilla/5.0 (Macintosh; Intel Mac OS X 10_15_7) AppleWebKit/537.36 (KHTML, like Gecko, Yokohama Institute of Information Security https://www.iisec.ac.jp) Chrome/124.0.0.0 Safari/537.36"
46.101.111.185 - - [09/Sep/2026:08:29:45 +0100] "GET /about HTTP/1.1" 301 178 "-" "Mozilla/5.0 (l9scan/2.0.230313e2536313e2434323e2839313; +https://leakix.net)"
130.12.180.117 - - [09/Sep/2026:08:29:45 +0100] "GET /functions/.env HTTP/1.1" 301 178 "-" "Mozilla/5.0 (Macintosh; Intel Mac OS X 10_15_7) AppleWebKit/537.36 (KHTML, like Gecko, Yokohama Institute of Information Security https://www.iisec.ac.jp) Chrome/124.0.0.0 Safari/537.36"
139.59.132.8 - - [09/Sep/2026:08:29:45 +0100] "GET /.DS_Store HTTP/1.1" 301 178 "-" "Mozilla/5.0 (l9scan/2.0.230313e2536313e2434323e2839313; +https://leakix.net)"
207.154.212.47 - - [09/Sep/2026:08:29:46 +0100] "GET /.DS_Store HTTP/1.1" 301 178 "-" "Mozilla/5.0 (l9scan/2.0.230313e2536313e2434323e2839313; +https://leakix.net)"
139.59.132.8 - - [09/Sep/2026:08:29:46 +0100] "GET /.env HTTP/1.1" 301 178 "-" "Mozilla/5.0 (l9scan/2.0.230313e2536313e2434323e2839313; +https://leakix.net)"
164.92.244.132 - - [09/Sep/2026:08:29:46 +0100] "GET /about HTTP/1.1" 301 178 "-" "Mozilla/5.0 (l9scan/2.0.230313e2536313e2434323e2839313; +https://leakix.net)"
46.101.111.185 - - [09/Sep/2026:08:29:46 +0100] "GET /login.action HTTP/1.1" 301 178 "-" "Mozilla/5.0 (l9scan/2.0.230313e2536313e2434323e2839313; +https://leakix.net)"
167.99.210.137 - - [09/Sep/2026:08:29:46 +0100] "GET /debug/default/view?panel=config HTTP/1.1" 301 178 "-" "Mozilla/5.0 (l9scan/2.0.230313e2536313e2434323e2839313; +https://leakix.net)"
207.154.212.47 - - [09/Sep/2026:08:29:47 +0100] "GET /.env HTTP/1.1" 301 178 "-" "Mozilla/5.0 (l9scan/2.0.230313e2536313e2434323e2839313; +https://leakix.net)"
46.101.111.185 - - [09/Sep/2026:08:29:47 +0100] "GET / HTTP/1.1" 301 178 "-" "Mozilla/5.0 (l9scan/2.0.230313e2536313e2434323e2839313; +https://leakix.net)"
164.92.244.132 - - [09/Sep/2026:08:29:47 +0100] "GET /login.action HTTP/1.1" 301 178 "-" "Mozilla/5.0 (l9scan/2.0.230313e2536313e2434323e2839313; +https://leakix.net)"
46.101.111.185 - - [09/Sep/2026:08:29:47 +0100] "GET /___proxy_subdomain_whm/login HTTP/1.1" 301 178 "-" "Mozilla/5.0 (l9scan/2.0.230313e2536313e2434323e2839313; +https://leakix.net)"
46.101.111.185 - - [09/Sep/2026:08:29:48 +0100] "GET /___proxy_subdomain_cpanel HTTP/1.1" 301 178 "-" "Mozilla/5.0 (l9scan/2.0.230313e2536313e2434323e2839313; +https://leakix.net)"
139.59.132.8 - - [09/Sep/2026:08:29:48 +0100] "GET /ecp/Current/exporttool/microsoft.exchange.ediscovery.exporttool.application HTTP/1.1" 301 178 "-" "Mozilla/5.0 (l9scan/2.0.230313e2536313e2434323e2839313; +https://leakix.net)"
164.92.244.132 - - [09/Sep/2026:08:29:48 +0100] "GET / HTTP/1.1" 301 178 "-" "Mozilla/5.0 (l9scan/2.0.230313e2536313e2434323e2839313; +https://leakix.net)"
46.101.111.185 - - [09/Sep/2026:08:29:48 +0100] "GET /v2/_catalog HTTP/1.1" 301 178 "-" "Mozilla/5.0 (l9scan/2.0.230313e2536313e2434323e2839313; +https://leakix.net)"
207.154.212.47 - - [09/Sep/2026:08:29:49 +0100] "GET /ecp/Current/exporttool/microsoft.exchange.ediscovery.exporttool.application HTTP/1.1" 301 178 "-" "Mozilla/5.0 (l9scan/2.0.230313e2536313e2434323e2839313; +https://leakix.net)"
164.92.244.132 - - [09/Sep/2026:08:29:49 +0100] "GET /___proxy_subdomain_whm/login HTTP/1.1" 301 178 "-" "Mozilla/5.0 (l9scan/2.0.230313e2536313e2434323e2839313; +https://leakix.net)"
46.101.111.185 - - [09/Sep/2026:08:29:49 +0100] "GET /.DS_Store HTTP/1.1" 301 178 "-" "Mozilla/5.0 (l9scan/2.0.230313e2536313e2434323e2839313; +https://leakix.net)"
164.92.244.132 - - [09/Sep/2026:08:29:49 +0100] "GET /___proxy_subdomain_cpanel HTTP/1.1" 301 178 "-" "Mozilla/5.0 (l9scan/2.0.230313e2536313e2434323e2839313; +https://leakix.net)"
139.59.132.8 - - [09/Sep/2026:08:29:50 +0100] "GET /.git/config HTTP/1.1" 301 178 "-" "Mozilla/5.0 (l9scan/2.0.230313e2536313e2434323e2839313; +https://leakix.net)"
46.101.111.185 - - [09/Sep/2026:08:29:50 +0100] "GET /.env HTTP/1.1" 301 178 "-" "Mozilla/5.0 (l9scan/2.0.230313e2536313e2434323e2839313; +https://leakix.net)"
164.92.244.132 - - [09/Sep/2026:08:29:50 +0100] "GET /v2/_catalog HTTP/1.1" 301 178 "-" "Mozilla/5.0 (l9scan/2.0.230313e2536313e2434323e2839313; +https://leakix.net)"
139.59.132.8 - - [09/Sep/2026:08:29:51 +0100] "POST /graphql HTTP/1.1" 301 178 "-" "Mozilla/5.0 (l9scan/2.0.230313e2536313e2434323e2839313; +https://leakix.net)"
164.92.244.132 - - [09/Sep/2026:08:29:51 +0100] "GET /.DS_Store HTTP/1.1" 301 178 "-" "Mozilla/5.0 (l9scan/2.0.230313e2536313e2434323e2839313; +https://leakix.net)"
139.59.132.8 - - [09/Sep/2026:08:29:51 +0100] "POST /api HTTP/1.1" 301 178 "-" "Mozilla/5.0 (l9scan/2.0.230313e2536313e2434323e2839313; +https://leakix.net)"
139.59.132.8 - - [09/Sep/2026:08:29:51 +0100] "POST /api/graphql HTTP/1.1" 301 178 "-" "Mozilla/5.0 (l9scan/2.0.230313e2536313e2434323e2839313; +https://leakix.net)"
139.59.132.8 - - [09/Sep/2026:08:29:51 +0100] "POST /graphql/api HTTP/1.1" 301 178 "-" "Mozilla/5.0 (l9scan/2.0.230313e2536313e2434323e2839313; +https://leakix.net)"
139.59.132.8 - - [09/Sep/2026:08:29:51 +0100] "POST /api/gql HTTP/1.1" 301 178 "-" "Mozilla/5.0 (l9scan/2.0.230313e2536313e2434323e2839313; +https://leakix.net)"
207.154.212.47 - - [09/Sep/2026:08:29:51 +0100] "GET /.git/config HTTP/1.1" 301 178 "-" "Mozilla/5.0 (l9scan/2.0.230313e2536313e2434323e2839313; +https://leakix.net)"
