157.245.36.108 - - [09/Sep/2026:08:26:45 +0100] "GET / HTTP/1.1" 301 178 "-" "Mozilla/5.0 (l9scan/2.0.230313e2536313e2434323e2839313; +https://leakix.net)"
130.12.180.117 - - [09/Sep/2026:08:26:45 +0100] "GET /.env.dev HTTP/1.1" 301 178 "-" "Mozilla/5.0 (Macintosh; Intel Mac OS X 10_15_7) AppleWebKit/537.36 (KHTML, like Gecko, Yokohama Institute of Information Security https://www.iisec.ac.jp) Chrome/124.0.0.0 Safari/537.36"
130.12.180.117 - - [09/Sep/2026:08:26:45 +0100] "GET /.env.stage HTTP/1.1" 301 178 "-" "Mozilla/5.0 (Macintosh; Intel Mac OS X 10_15_7) AppleWebKit/537.36 (KHTML, like Gecko, Yokohama Institute of Information Security https://www.iisec.ac.jp) Chrome/124.0.0.0 Safari/537.36"
130.12.180.117 - - [09/Sep/2026:08:26:45 +0100] "GET /%2e%2e%2f%2eenv HTTP/1.1" 400 166 "-" "-"
130.12.180.117 - - [09/Sep/2026:08:26:45 +0100] "GET /config/.env HTTP/1.1" 301 178 "-" "Mozilla/5.0 (Macintosh; Intel Mac OS X 10_15_7) AppleWebKit/537.36 (KHTML, like Gecko, Yokohama Institute of Information Security https://www.iisec.ac.jp) Chrome/124.0.0.0 Safari/537.36"
46.101.111.185 - - [09/Sep/2026:08:26:45 +0100] "POST /graphql HTTP/1.1" 301 178 "-" "Mozilla/5.0 (l9scan/2.0.230313e2536313e2434323e2839313; +https://leakix.net)"
130.12.180.117 - - [09/Sep/2026:08:26:45 +0100] "GET /app/.env HTTP/1.1" 301 178 "-" "Mozilla/5.0 (Macintosh; Intel Mac OS X 10_15_7) AppleWebKit/537.36 (KHTML, like Gecko, Yokohama Institute of Information Security https://www.iisec.ac.jp) Chrome/124.0.0.0 Safari/537.36"
130.12.180.117 - - [09/Sep/2026:08:26:45 +0100] "GET /../.env HTTP/1.1" 400 166 "-" "-"
130.12.180.117 - - [09/Sep/2026:08:26:45 +0100] "GET /api/.env HTTP/1.1" 301 178 "-" "Mozilla/5.0 (Macintosh; Intel Mac OS X 10_15_7) AppleWebKit/537.36 (KHTML, like Gecko, Yokohama Institute of Information Security https://www.iisec.ac.jp) Chrome/124.0.0.0 Safari/537.36"
164.90.208.56 - - [09/Sep/2026:08:26:45 +0100] "GET /.git/config HTTP/1.1" 301 178 "-" "Mozilla/5.0 (l9scan/2.0.230313e2536313e2434323e2839313; +https://leakix.net)"
130.12.180.117 - - [09/Sep/2026:08:26:46 +0100] "GET /application/.env HTTP/1.1" 301 178 "-" "Mozilla/5.0 (Macintosh; Intel Mac OS X 10_15_7) AppleWebKit/537.36 (KHTML, like Gecko, Yokohama Institute of Information Security https://www.iisec.ac.jp) Chrome/124.0.0.0 Safari/537.36"
46.101.111.185 - - [09/Sep/2026:08:26:46 +0100] "POST /api HTTP/1.1" 301 178 "-" "Mozilla/5.0 (l9scan/2.0.230313e2536313e2434323e2839313; +https://leakix.net)"
209.38.208.202 - - [09/Sep/2026:08:26:46 +0100] "\x16\x03\x01\x05\xE2\x01\x00\x05\xDE\x03\x03\xB2\xE5\x02>z\xAA\xB10\xEF&\x07\xFBQL\xC8M\xDA\x15\xDD\x1F\xB2\xBC\xC1\x81\xD9\xC2\x8A\xDCy\xE7\xA59 w)\x8F[\xBF\x98^\xF7\xB5\xEE\x18\xAC\xF1\xE07l\xFB\xEB\x9E-\x82\x12\x8B" 400 166 "-" "-"
130.12.180.117 - - [09/Sep/2026:08:26:46 +0100] "GET /functions/.env HTTP/1.1" 301 178 "-" "Mozilla/5.0 (Macintosh; Intel Mac OS X 10_15_7) AppleWebKit/537.36 (KHTML, like Gecko, Yokohama Institute of Information Security https://www.iisec.ac.jp) Chrome/124.0.0.0 Safari/537.36"
46.101.111.185 - - [09/Sep/2026:08:26:46 +0100] "POST /api/graphql HTTP/1.1" 301 178 "-" "Mozilla/5.0 (l9scan/2.0.230313e2536313e2434323e2839313; +https://leakix.net)"
206.81.24.74 - - [09/Sep/2026:08:26:46 +0100] "OPTIONS / HTTP/1.1" 301 178 "-" "Mozilla/5.0 (l9scan/2.0.230313e2536313e2434323e2839313; +https://leakix.net)"
46.101.111.185 - - [09/Sep/2026:08:26:46 +0100] "POST /graphql/api HTTP/1.1" 301 178 "-" "Mozilla/5.0 (l9scan/2.0.230313e2536313e2434323e2839313; +https://leakix.net)"
209.38.208.202 - - [09/Sep/2026:08:26:46 +0100] "LEAKIX" 400 166 "-" "-"
46.101.111.185 - - [09/Sep/2026:08:26:46 +0100] "POST /api/gql HTTP/1.1" 301 178 "-" "Mozilla/5.0 (l9scan/2.0.230313e2536313e2434323e2839313; +https://leakix.net)"
209.38.208.202 - - [09/Sep/2026:08:26:46 +0100] "GET / HTTP/1.1" 301 178 "-" "Mozilla/5.0 (l9scan/2.0.230313e2536313e2434323e2839313; +https://leakix.net)"
157.245.36.108 - - [09/Sep/2026:08:26:46 +0100] "GET /?rest_route=/wp/v2/users/ HTTP/1.1" 301 178 "-" "Mozilla/5.0 (l9scan/2.0.230313e2536313e2434323e2839313; +https://leakix.net)"
46.101.111.185 - - [09/Sep/2026:08:26:46 +0100] "GET /s/230313e2536313e2434323e2839313/_/;/META-INF/maven/com.atlassian.jira/jira-webapp-dist/pom.properties HTTP/1.1" 301 178 "-" "Mozilla/5.0 (l9scan/2.0.230313e2536313e2434323e2839313; +https://leakix.net)"
157.245.36.108 - - [09/Sep/2026:08:26:46 +0100] "GET /console/ HTTP/1.1" 301 178 "-" "Mozilla/5.0 (l9scan/2.0.230313e2536313e2434323e2839313; +https://leakix.net)"
23.178.112.103 - - [09/Sep/2026:08:26:46 +0100] "GET /.well-known/acme-challenge/bM8HRTUCIa1VASuU1ka3j1jdsbFWcX38pHIYKEBciFc HTTP/1.1" 200 118 "-" "Mozilla/5.0 (compatible; Let's Encrypt validation server; +https://www.letsencrypt.org)"
206.81.24.74 - - [09/Sep/2026:08:26:46 +0100] "GET /?rest_route=/wp/v2/users/ HTTP/1.1" 301 178 "-" "Mozilla/5.0 (l9scan/2.0.230313e2536313e2434323e2839313; +https://leakix.net)"
23.178.112.104 - - [09/Sep/2026:08:26:46 +0100] "GET /.well-known/acme-challenge/If8RzWR-adkd3Vf1wZFyGeoOwbQ195sAZOtIsXVUvbY HTTP/1.1" 200 118 "-" "Mozilla/5.0 (compatible; Let's Encrypt validation server; +https://www.letsencrypt.org)"
13.51.178.59 - - [09/Sep/2026:08:26:47 +0100] "GET /.well-known/acme-challenge/bM8HRTUCIa1VASuU1ka3j1jdsbFWcX38pHIYKEBciFc HTTP/1.1" 200 118 "-" "Mozilla/5.0 (compatible; Let's Encrypt validation server; +https://www.letsencrypt.org)"
18.217.86.155 - - [09/Sep/2026:08:26:47 +0100] "GET /.well-known/acme-challenge/bM8HRTUCIa1VASuU1ka3j1jdsbFWcX38pHIYKEBciFc HTTP/1.1" 200 118 "-" "Mozilla/5.0 (compatible; Let's Encrypt validation server; +https://www.letsencrypt.org)"
23.178.112.104 - - [09/Sep/2026:08:26:47 +0100] "GET /.well-known/acme-challenge/jSLXzG7ghs78SWdE7q0y7I2lS4glsqB5OnoJ9F5Hb4w HTTP/1.1" 200 118 "-" "Mozilla/5.0 (compatible; Let's Encrypt validation server; +https://www.letsencrypt.org)"
44.250.170.106 - - [09/Sep/2026:08:26:47 +0100] "GET /.well-known/acme-challenge/bM8HRTUCIa1VASuU1ka3j1jdsbFWcX38pHIYKEBciFc HTTP/1.1" 200 118 "-" "Mozilla/5.0 (compatible; Let's Encrypt validation server; +https://www.letsencrypt.org)"
164.90.208.56 - - [09/Sep/2026:08:26:47 +0100] "POST /graphql HTTP/1.1" 301 178 "-" "Mozilla/5.0 (l9scan/2.0.230313e2536313e2434323e2839313; +https://leakix.net)"
13.60.231.33 - - [09/Sep/2026:08:26:47 +0100] "GET /.well-known/acme-challenge/If8RzWR-adkd3Vf1wZFyGeoOwbQ195sAZOtIsXVUvbY HTTP/1.1" 200 118 "-" "Mozilla/5.0 (compatible; Let's Encrypt validation server; +https://www.letsencrypt.org)"
23.178.112.103 - - [09/Sep/2026:08:26:47 +0100] "GET /.well-known/acme-challenge/gr2PqQEUll-xdEi8CjXJNHAtL2QoK3s5CbjSnBJRls0 HTTP/1.1" 200 118 "-" "Mozilla/5.0 (compatible; Let's Encrypt validation server; +https://www.letsencrypt.org)"
3.133.89.186 - - [09/Sep/2026:08:26:47 +0100] "GET /.well-known/acme-challenge/If8RzWR-adkd3Vf1wZFyGeoOwbQ195sAZOtIsXVUvbY HTTP/1.1" 200 118 "-" "Mozilla/5.0 (compatible; Let's Encrypt validation server; +https://www.letsencrypt.org)"
23.178.112.104 - - [09/Sep/2026:08:26:47 +0100] "GET /.well-known/acme-challenge/WjJPps2XTjjcdCEALxLh00uoz2ckNQDkQm9Ct_oFopw HTTP/1.1" 200 118 "-" "Mozilla/5.0 (compatible; Let's Encrypt validation server; +https://www.letsencrypt.org)"
47.129.169.117 - - [09/Sep/2026:08:26:47 +0100] "GET /.well-known/acme-challenge/bM8HRTUCIa1VASuU1ka3j1jdsbFWcX38pHIYKEBciFc HTTP/1.1" 200 118 "-" "Mozilla/5.0 (compatible; Let's Encrypt validation server; +https://www.letsencrypt.org)"
13.60.90.98 - - [09/Sep/2026:08:26:47 +0100] "GET /.well-known/acme-challenge/jSLXzG7ghs78SWdE7q0y7I2lS4glsqB5OnoJ9F5Hb4w HTTP/1.1" 200 118 "-" "Mozilla/5.0 (compatible; Let's Encrypt validation server; +https://www.letsencrypt.org)"
54.203.2.127 - - [09/Sep/2026:08:26:47 +0100] "GET /.well-known/acme-challenge/If8RzWR-adkd3Vf1wZFyGeoOwbQ195sAZOtIsXVUvbY HTTP/1.1" 200 118 "-" "Mozilla/5.0 (compatible; Let's Encrypt validation server; +https://www.letsencrypt.org)"
3.16.37.39 - - [09/Sep/2026:08:26:47 +0100] "GET /.well-known/acme-challenge/jSLXzG7ghs78SWdE7q0y7I2lS4glsqB5OnoJ9F5Hb4w HTTP/1.1" 200 118 "-" "Mozilla/5.0 (compatible; Let's Encrypt validation server; +https://www.letsencrypt.org)"
157.245.36.108 - - [09/Sep/2026:08:26:47 +0100] "GET /debug/default/view?panel=config HTTP/1.1" 301 178 "-" "Mozilla/5.0 (l9scan/2.0.230313e2536313e2434323e2839313; +https://leakix.net)"
54.203.2.127 - - [09/Sep/2026:08:26:47 +0100] "GET /.well-known/acme-challenge/jSLXzG7ghs78SWdE7q0y7I2lS4glsqB5OnoJ9F5Hb4w HTTP/1.1" 200 118 "-" "Mozilla/5.0 (compatible; Let's Encrypt validation server; +https://www.letsencrypt.org)"
13.213.32.102 - - [09/Sep/2026:08:26:47 +0100] "GET /.well-known/acme-challenge/If8RzWR-adkd3Vf1wZFyGeoOwbQ195sAZOtIsXVUvbY HTTP/1.1" 200 118 "-" "Mozilla/5.0 (compatible; Let's Encrypt validation server; +https://www.letsencrypt.org)"
209.38.208.202 - - [09/Sep/2026:08:26:47 +0100] "GET /console/ HTTP/1.1" 301 178 "-" "Mozilla/5.0 (l9scan/2.0.230313e2536313e2434323e2839313; +https://leakix.net)"
16.171.16.74 - - [09/Sep/2026:08:26:47 +0100] "GET /.well-known/acme-challenge/gr2PqQEUll-xdEi8CjXJNHAtL2QoK3s5CbjSnBJRls0 HTTP/1.1" 200 118 "-" "Mozilla/5.0 (compatible; Let's Encrypt validation server; +https://www.letsencrypt.org)"
13.60.231.33 - - [09/Sep/2026:08:26:47 +0100] "GET /.well-known/acme-challenge/WjJPps2XTjjcdCEALxLh00uoz2ckNQDkQm9Ct_oFopw HTTP/1.1" 200 118 "-" "Mozilla/5.0 (compatible; Let's Encrypt validation server; +https://www.letsencrypt.org)"
3.133.89.186 - - [09/Sep/2026:08:26:47 +0100] "GET /.well-known/acme-challenge/WjJPps2XTjjcdCEALxLh00uoz2ckNQDkQm9Ct_oFopw HTTP/1.1" 200 118 "-" "Mozilla/5.0 (compatible; Let's Encrypt validation server; +https://www.letsencrypt.org)"
16.59.41.123 - - [09/Sep/2026:08:26:47 +0100] "GET /.well-known/acme-challenge/gr2PqQEUll-xdEi8CjXJNHAtL2QoK3s5CbjSnBJRls0 HTTP/1.1" 200 118 "-" "Mozilla/5.0 (compatible; Let's Encrypt validation server; +https://www.letsencrypt.org)"
23.178.112.103 - - [09/Sep/2026:08:26:47 +0100] "GET /.well-known/acme-challenge/yxj6dvTQmGqZw_OmkWQlzpqJ1qFy8_4Ru2240cVDY4o HTTP/1.1" 200 118 "-" "Mozilla/5.0 (compatible; Let's Encrypt validation server; +https://www.letsencrypt.org)"
47.128.152.95 - - [09/Sep/2026:08:26:47 +0100] "GET /.well-known/acme-challenge/jSLXzG7ghs78SWdE7q0y7I2lS4glsqB5OnoJ9F5Hb4w HTTP/1.1" 200 118 "-" "Mozilla/5.0 (compatible; Let's Encrypt validation server; +https://www.letsencrypt.org)"
35.91.241.161 - - [09/Sep/2026:08:26:47 +0100] "GET /.well-known/acme-challenge/WjJPps2XTjjcdCEALxLh00uoz2ckNQDkQm9Ct_oFopw HTTP/1.1" 200 118 "-" "Mozilla/5.0 (compatible; Let's Encrypt validation server; +https://www.letsencrypt.org)"
54.203.2.127 - - [09/Sep/2026:08:26:47 +0100] "GET /.well-known/acme-challenge/gr2PqQEUll-xdEi8CjXJNHAtL2QoK3s5CbjSnBJRls0 HTTP/1.1" 200 118 "-" "Mozilla/5.0 (compatible; Let's Encrypt validation server; +https://www.letsencrypt.org)"
157.245.36.108 - - [09/Sep/2026:08:26:47 +0100] "GET /server HTTP/1.1" 301 178 "-" "Mozilla/5.0 (l9scan/2.0.230313e2536313e2434323e2839313; +https://leakix.net)"
46.101.111.185 - - [09/Sep/2026:08:26:47 +0100] "GET /config.json HTTP/1.1" 301 178 "-" "Mozilla/5.0 (l9scan/2.0.230313e2536313e2434323e2839313; +https://leakix.net)"
54.255.222.89 - - [09/Sep/2026:08:26:47 +0100] "GET /.well-known/acme-challenge/gr2PqQEUll-xdEi8CjXJNHAtL2QoK3s5CbjSnBJRls0 HTTP/1.1" 200 118 "-" "Mozilla/5.0 (compatible; Let's Encrypt validation server; +https://www.letsencrypt.org)"
47.128.152.95 - - [09/Sep/2026:08:26:47 +0100] "GET /.well-known/acme-challenge/WjJPps2XTjjcdCEALxLh00uoz2ckNQDkQm9Ct_oFopw HTTP/1.1" 200 118 "-" "Mozilla/5.0 (compatible; Let's Encrypt validation server; +https://www.letsencrypt.org)"
13.51.178.59 - - [09/Sep/2026:08:26:47 +0100] "GET /.well-known/acme-challenge/yxj6dvTQmGqZw_OmkWQlzpqJ1qFy8_4Ru2240cVDY4o HTTP/1.1" 200 118 "-" "Mozilla/5.0 (compatible; Let's Encrypt validation server; +https://www.letsencrypt.org)"
16.59.41.123 - - [09/Sep/2026:08:26:47 +0100] "GET /.well-known/acme-challenge/yxj6dvTQmGqZw_OmkWQlzpqJ1qFy8_4Ru2240cVDY4o HTTP/1.1" 200 118 "-" "Mozilla/5.0 (compatible; Let's Encrypt validation server; +https://www.letsencrypt.org)"
34.211.63.247 - - [09/Sep/2026:08:26:47 +0100] "GET /.well-known/acme-challenge/yxj6dvTQmGqZw_OmkWQlzpqJ1qFy8_4Ru2240cVDY4o HTTP/1.1" 200 118 "-" "Mozilla/5.0 (compatible; Let's Encrypt validation server; +https://www.letsencrypt.org)"
164.90.208.56 - - [09/Sep/2026:08:26:47 +0100] "POST /api HTTP/1.1" 301 178 "-" "Mozilla/5.0 (l9scan/2.0.230313e2536313e2434323e2839313; +https://leakix.net)"
47.128.152.95 - - [09/Sep/2026:08:26:47 +0100] "GET /.well-known/acme-challenge/yxj6dvTQmGqZw_OmkWQlzpqJ1qFy8_4Ru2240cVDY4o HTTP/1.1" 200 118 "-" "Mozilla/5.0 (compatible; Let's Encrypt validation server; +https://www.letsencrypt.org)"
206.81.24.74 - - [09/Sep/2026:08:26:47 +0100] "GET /debug/default/view?panel=config HTTP/1.1" 301 178 "-" "Mozilla/5.0 (l9scan/2.0.230313e2536313e2434323e2839313; +https://leakix.net)"
164.90.208.56 - - [09/Sep/2026:08:26:48 +0100] "POST /api/graphql HTTP/1.1" 301 178 "-" "Mozilla/5.0 (l9scan/2.0.230313e2536313e2434323e2839313; +https://leakix.net)"
209.38.208.202 - - [09/Sep/2026:08:26:48 +0100] "GET /server HTTP/1.1" 301 178 "-" "Mozilla/5.0 (l9scan/2.0.230313e2536313e2434323e2839313; +https://leakix.net)"
164.90.208.56 - - [09/Sep/2026:08:26:48 +0100] "POST /graphql/api HTTP/1.1" 301 178 "-" "Mozilla/5.0 (l9scan/2.0.230313e2536313e2434323e2839313; +https://leakix.net)"
157.245.36.108 - - [09/Sep/2026:08:26:48 +0100] "GET /server-status HTTP/1.1" 301 178 "-" "Mozilla/5.0 (l9scan/2.0.230313e2536313e2434323e2839313; +https://leakix.net)"
164.90.208.56 - - [09/Sep/2026:08:26:48 +0100] "POST /api/gql HTTP/1.1" 301 178 "-" "Mozilla/5.0 (l9scan/2.0.230313e2536313e2434323e2839313; +https://leakix.net)"
164.90.208.56 - - [09/Sep/2026:08:26:49 +0100] "GET /s/230313e2536313e2434323e2839313/_/;/META-INF/maven/com.atlassian.jira/jira-webapp-dist/pom.properties HTTP/1.1" 301 178 "-" "Mozilla/5.0 (l9scan/2.0.230313e2536313e2434323e2839313; +https://leakix.net)"
209.38.208.202 - - [09/Sep/2026:08:26:49 +0100] "GET /server-status HTTP/1.1" 301 178 "-" "Mozilla/5.0 (l9scan/2.0.230313e2536313e2434323e2839313; +https://leakix.net)"
46.101.111.185 - - [09/Sep/2026:08:26:49 +0100] "GET /telescope/requests HTTP/1.1" 301 178 "-" "Mozilla/5.0 (l9scan/2.0.230313e2536313e2434323e2839313; +https://leakix.net)"
46.101.111.185 - - [09/Sep/2026:08:26:49 +0100] "GET /info.php HTTP/1.1" 301 178 "-" "Mozilla/5.0 (l9scan/2.0.230313e2536313e2434323e2839313; +https://leakix.net)"
164.90.208.56 - - [09/Sep/2026:08:26:50 +0100] "GET /config.json HTTP/1.1" 301 178 "-" "Mozilla/5.0 (l9scan/2.0.230313e2536313e2434323e2839313; +https://leakix.net)"
157.245.36.108 - - [09/Sep/2026:08:26:50 +0100] "GET /about HTTP/1.1" 301 178 "-" "Mozilla/5.0 (l9scan/2.0.230313e2536313e2434323e2839313; +https://leakix.net)"
46.101.111.185 - - [09/Sep/2026:08:26:50 +0100] "GET /.well-known/security.txt HTTP/1.1" 301 178 "-" "Mozilla/5.0 (l9scan/2.0.230313e2536313e2434323e2839313; +https://leakix.net)"
209.38.208.202 - - [09/Sep/2026:08:26:51 +0100] "GET /about HTTP/1.1" 301 178 "-" "Mozilla/5.0 (l9scan/2.0.230313e2536313e2434323e2839313; +https://leakix.net)"
49.51.233.95 - - [09/Sep/2026:08:26:51 +0100] "GET / HTTP/1.1" 301 178 "-" "Mozilla/5.0 (iPhone; CPU iPhone OS 13_2_3 like Mac OS X) AppleWebKit/605.1.15 (KHTML, like Gecko) Version/13.0.3 Mobile/15E148 Safari/604.1"
46.101.111.185 - - [09/Sep/2026:08:26:51 +0100] "GET /actuator/env HTTP/1.1" 301 178 "-" "Mozilla/5.0 (l9scan/2.0.230313e2536313e2434323e2839313; +https://leakix.net)"
157.245.36.108 - - [09/Sep/2026:08:26:51 +0100] "GET /login.action HTTP/1.1" 301 178 "-" "Mozilla/5.0 (l9scan/2.0.230313e2536313e2434323e2839313; +https://leakix.net)"
164.90.208.56 - - [09/Sep/2026:08:26:52 +0100] "GET /telescope/requests HTTP/1.1" 301 178 "-" "Mozilla/5.0 (l9scan/2.0.230313e2536313e2434323e2839313; +https://leakix.net)"
209.38.208.202 - - [09/Sep/2026:08:26:52 +0100] "GET /login.action HTTP/1.1" 301 178 "-" "Mozilla/5.0 (l9scan/2.0.230313e2536313e2434323e2839313; +https://leakix.net)"
157.245.36.108 - - [09/Sep/2026:08:26:52 +0100] "GET / HTTP/1.1" 301 178 "-" "Mozilla/5.0 (l9scan/2.0.230313e2536313e2434323e2839313; +https://leakix.net)"
157.245.36.108 - - [09/Sep/2026:08:26:52 +0100] "GET /___proxy_subdomain_whm/login HTTP/1.1" 301 178 "-" "Mozilla/5.0 (l9scan/2.0.230313e2536313e2434323e2839313; +https://leakix.net)"
157.245.36.108 - - [09/Sep/2026:08:26:52 +0100] "GET /___proxy_subdomain_cpanel HTTP/1.1" 301 178 "-" "Mozilla/5.0 (l9scan/2.0.230313e2536313e2434323e2839313; +https://leakix.net)"
46.101.111.185 - - [09/Sep/2026:08:26:52 +0100] "GET /trace.axd HTTP/1.1" 301 178 "-" "Mozilla/5.0 (l9scan/2.0.230313e2536313e2434323e2839313; +https://leakix.net)"
157.245.36.108 - - [09/Sep/2026:08:26:52 +0100] "GET /v2/_catalog HTTP/1.1" 301 178 "-" "Mozilla/5.0 (l9scan/2.0.230313e2536313e2434323e2839313; +https://leakix.net)"
164.90.208.56 - - [09/Sep/2026:08:26:53 +0100] "GET /info.php HTTP/1.1" 301 178 "-" "Mozilla/5.0 (l9scan/2.0.230313e2536313e2434323e2839313; +https://leakix.net)"
209.38.208.202 - - [09/Sep/2026:08:26:53 +0100] "GET / HTTP/1.1" 301 178 "-" "Mozilla/5.0 (l9scan/2.0.230313e2536313e2434323e2839313; +https://leakix.net)"
157.245.36.108 - - [09/Sep/2026:08:26:53 +0100] "GET /.DS_Store HTTP/1.1" 301 178 "-" "Mozilla/5.0 (l9scan/2.0.230313e2536313e2434323e2839313; +https://leakix.net)"
209.38.208.202 - - [09/Sep/2026:08:26:53 +0100] "GET /___proxy_subdomain_whm/login HTTP/1.1" 301 178 "-" "Mozilla/5.0 (l9scan/2.0.230313e2536313e2434323e2839313; +https://leakix.net)"
164.90.208.56 - - [09/Sep/2026:08:26:53 +0100] "GET /.well-known/security.txt HTTP/1.1" 301 178 "-" "Mozilla/5.0 (l9scan/2.0.230313e2536313e2434323e2839313; +https://leakix.net)"
46.101.111.185 - - [09/Sep/2026:08:26:53 +0100] "GET /@vite/env HTTP/1.1" 301 178 "-" "Mozilla/5.0 (l9scan/2.0.230313e2536313e2434323e2839313; +https://leakix.net)"
209.38.208.202 - - [09/Sep/2026:08:26:53 +0100] "GET /___proxy_subdomain_cpanel HTTP/1.1" 301 178 "-" "Mozilla/5.0 (l9scan/2.0.230313e2536313e2434323e2839313; +https://leakix.net)"
209.38.208.202 - - [09/Sep/2026:08:26:54 +0100] "GET /v2/_catalog HTTP/1.1" 301 178 "-" "Mozilla/5.0 (l9scan/2.0.230313e2536313e2434323e2839313; +https://leakix.net)"
46.101.111.185 - - [09/Sep/2026:08:26:54 +0100] "GET /.vscode/sftp.json HTTP/1.1" 301 178 "-" "Mozilla/5.0 (l9scan/2.0.230313e2536313e2434323e2839313; +https://leakix.net)"
157.245.36.108 - - [09/Sep/2026:08:26:54 +0100] "GET /.env HTTP/1.1" 301 178 "-" "Mozilla/5.0 (l9scan/2.0.230313e2536313e2434323e2839313; +https://leakix.net)"
209.38.208.202 - - [09/Sep/2026:08:26:55 +0100] "GET /.DS_Store HTTP/1.1" 301 178 "-" "Mozilla/5.0 (l9scan/2.0.230313e2536313e2434323e2839313; +https://leakix.net)"
164.90.208.56 - - [09/Sep/2026:08:26:55 +0100] "GET /actuator/env HTTP/1.1" 301 178 "-" "Mozilla/5.0 (l9scan/2.0.230313e2536313e2434323e2839313; +https://leakix.net)"
46.101.111.185 - - [09/Sep/2026:08:26:55 +0100] "OPTIONS / HTTP/1.1" 301 178 "-" "Mozilla/5.0 (l9scan/2.0.230313e2536313e2434323e2839313; +https://leakix.net)"
164.90.208.56 - - [09/Sep/2026:08:26:55 +0100] "GET /trace.axd HTTP/1.1" 301 178 "-" "Mozilla/5.0 (l9scan/2.0.230313e2536313e2434323e2839313; +https://leakix.net)"
209.38.208.202 - - [09/Sep/2026:08:26:56 +0100] "GET /.env HTTP/1.1" 301 178 "-" "Mozilla/5.0 (l9scan/2.0.230313e2536313e2434323e2839313; +https://leakix.net)"
46.101.111.185 - - [09/Sep/2026:08:26:56 +0100] "GET /?rest_route=/wp/v2/users/ HTTP/1.1" 301 178 "-" "Mozilla/5.0 (l9scan/2.0.230313e2536313e2434323e2839313; +https://leakix.net)"
157.245.36.108 - - [09/Sep/2026:08:26:56 +0100] "GET /ecp/Current/exporttool/microsoft.exchange.ediscovery.exporttool.application HTTP/1.1" 301 178 "-" "Mozilla/5.0 (l9scan/2.0.230313e2536313e2434323e2839313; +https://leakix.net)"
164.90.208.56 - - [09/Sep/2026:08:26:57 +0100] "GET /@vite/env HTTP/1.1" 301 178 "-" "Mozilla/5.0 (l9scan/2.0.230313e2536313e2434323e2839313; +https://leakix.net)"
46.101.111.185 - - [09/Sep/2026:08:26:57 +0100] "GET /debug/default/view?panel=config HTTP/1.1" 301 178 "-" "Mozilla/5.0 (l9scan/2.0.230313e2536313e2434323e2839313; +https://leakix.net)"
164.90.208.56 - - [09/Sep/2026:08:26:57 +0100] "GET /.vscode/sftp.json HTTP/1.1" 301 178 "-" "Mozilla/5.0 (l9scan/2.0.230313e2536313e2434323e2839313; +https://leakix.net)"
209.38.208.202 - - [09/Sep/2026:08:26:58 +0100] "GET /ecp/Current/exporttool/microsoft.exchange.ediscovery.exporttool.application HTTP/1.1" 301 178 "-" "Mozilla/5.0 (l9scan/2.0.230313e2536313e2434323e2839313; +https://leakix.net)"
157.245.36.108 - - [09/Sep/2026:08:26:58 +0100] "GET /.git/config HTTP/1.1" 301 178 "-" "Mozilla/5.0 (l9scan/2.0.230313e2536313e2434323e2839313; +https://leakix.net)"
164.90.208.56 - - [09/Sep/2026:08:26:59 +0100] "OPTIONS / HTTP/1.1" 301 178 "-" "Mozilla/5.0 (l9scan/2.0.230313e2536313e2434323e2839313; +https://leakix.net)"
157.245.36.108 - - [09/Sep/2026:08:26:59 +0100] "POST /graphql HTTP/1.1" 301 178 "-" "Mozilla/5.0 (l9scan/2.0.230313e2536313e2434323e2839313; +https://leakix.net)"
164.90.208.56 - - [09/Sep/2026:08:26:59 +0100] "GET /?rest_route=/wp/v2/users/ HTTP/1.1" 301 178 "-" "Mozilla/5.0 (l9scan/2.0.230313e2536313e2434323e2839313; +https://leakix.net)"
209.38.208.202 - - [09/Sep/2026:08:27:00 +0100] "GET /.git/config HTTP/1.1" 301 178 "-" "Mozilla/5.0 (l9scan/2.0.230313e2536313e2434323e2839313; +https://leakix.net)"
157.245.36.108 - - [09/Sep/2026:08:27:00 +0100] "POST /api HTTP/1.1" 301 178 "-" "Mozilla/5.0 (l9scan/2.0.230313e2536313e2434323e2839313; +https://leakix.net)"
91.224.92.19 - - [09/Sep/2026:08:27:00 +0100] "GET /filefuns.php HTTP/1.1" 301 178 "-" "Mozlila/5.0 (Linux; Android 7.0; SM-G892A Bulid/NRD90M; wv) AppleWebKit/537.36 (KHTML, like Gecko) Version/4.0 Chrome/60.0.3112.107 Moblie Safari/537.36"
164.90.228.79 - - [09/Sep/2026:08:27:00 +0100] "GET / HTTP/1.1" 301 178 "-" "Mozilla/5.0 (l9scan/2.0.230313e2536313e2434323e2839313; +https://leakix.net)"
157.245.36.108 - - [09/Sep/2026:08:27:00 +0100] "POST /api/graphql HTTP/1.1" 301 178 "-" "Mozilla/5.0 (l9scan/2.0.230313e2536313e2434323e2839313; +https://leakix.net)"
157.245.36.108 - - [09/Sep/2026:08:27:00 +0100] "POST /graphql/api HTTP/1.1" 301 178 "-" "Mozilla/5.0 (l9scan/2.0.230313e2536313e2434323e2839313; +https://leakix.net)"
157.245.36.108 - - [09/Sep/2026:08:27:00 +0100] "POST /api/gql HTTP/1.1" 301 178 "-" "Mozilla/5.0 (l9scan/2.0.230313e2536313e2434323e2839313; +https://leakix.net)"
157.245.36.108 - - [09/Sep/2026:08:27:00 +0100] "GET /s/230313e2536313e2434323e2839313/_/;/META-INF/maven/com.atlassian.jira/jira-webapp-dist/pom.properties HTTP/1.1" 301 178 "-" "Mozilla/5.0 (l9scan/2.0.230313e2536313e2434323e2839313; +https://leakix.net)"
91.224.92.19 - - [09/Sep/2026:08:27:01 +0100] "GET /filefuns.php HTTP/1.1" 301 178 "-" "Mozlila/5.0 (Linux; Android 7.0; SM-G892A Bulid/NRD90M; wv) AppleWebKit/537.36 (KHTML, like Gecko) Version/4.0 Chrome/60.0.3112.107 Moblie Safari/537.36"
164.90.208.56 - - [09/Sep/2026:08:27:01 +0100] "GET /debug/default/view?panel=config HTTP/1.1" 301 178 "-" "Mozilla/5.0 (l9scan/2.0.230313e2536313e2434323e2839313; +https://leakix.net)"
209.38.208.202 - - [09/Sep/2026:08:27:01 +0100] "POST /graphql HTTP/1.1" 301 178 "-" "Mozilla/5.0 (l9scan/2.0.230313e2536313e2434323e2839313; +https://leakix.net)"
164.90.228.79 - - [09/Sep/2026:08:27:01 +0100] "GET /console/ HTTP/1.1" 301 178 "-" "Mozilla/5.0 (l9scan/2.0.230313e2536313e2434323e2839313; +https://leakix.net)"
91.224.92.19 - - [09/Sep/2026:08:27:01 +0100] "GET /filefuns.php HTTP/1.1" 301 178 "-" "Mozlila/5.0 (Linux; Android 7.0; SM-G892A Bulid/NRD90M; wv) AppleWebKit/537.36 (KHTML, like Gecko) Version/4.0 Chrome/60.0.3112.107 Moblie Safari/537.36"
209.38.208.202 - - [09/Sep/2026:08:27:01 +0100] "POST /api HTTP/1.1" 301 178 "-" "Mozilla/5.0 (l9scan/2.0.230313e2536313e2434323e2839313; +https://leakix.net)"
209.38.208.202 - - [09/Sep/2026:08:27:01 +0100] "POST /api/graphql HTTP/1.1" 301 178 "-" "Mozilla/5.0 (l9scan/2.0.230313e2536313e2434323e2839313; +https://leakix.net)"
209.38.208.202 - - [09/Sep/2026:08:27:01 +0100] "POST /graphql/api HTTP/1.1" 301 178 "-" "Mozilla/5.0 (l9scan/2.0.230313e2536313e2434323e2839313; +https://leakix.net)"
157.245.36.108 - - [09/Sep/2026:08:27:02 +0100] "GET /config.json HTTP/1.1" 301 178 "-" "Mozilla/5.0 (l9scan/2.0.230313e2536313e2434323e2839313; +https://leakix.net)"
209.38.208.202 - - [09/Sep/2026:08:27:02 +0100] "POST /api/gql HTTP/1.1" 301 178 "-" "Mozilla/5.0 (l9scan/2.0.230313e2536313e2434323e2839313; +https://leakix.net)"
209.38.208.202 - - [09/Sep/2026:08:27:02 +0100] "GET /s/230313e2536313e2434323e2839313/_/;/META-INF/maven/com.atlassian.jira/jira-webapp-dist/pom.properties HTTP/1.1" 301 178 "-" "Mozilla/5.0 (l9scan/2.0.230313e2536313e2434323e2839313; +https://leakix.net)"
146.190.242.161 - - [09/Sep/2026:08:27:02 +0100] "GET / HTTP/1.1" 301 178 "-" "Mozilla/5.0 (l9scan/2.0.230313e2536313e2434323e2839313; +https://leakix.net)"
164.90.228.79 - - [09/Sep/2026:08:27:03 +0100] "GET /server HTTP/1.1" 301 178 "-" "Mozilla/5.0 (l9scan/2.0.230313e2536313e2434323e2839313; +https://leakix.net)"
146.190.242.161 - - [09/Sep/2026:08:27:03 +0100] "GET /console/ HTTP/1.1" 301 178 "-" "Mozilla/5.0 (l9scan/2.0.230313e2536313e2434323e2839313; +https://leakix.net)"
209.38.208.202 - - [09/Sep/2026:08:27:03 +0100] "GET /config.json HTTP/1.1" 301 178 "-" "Mozilla/5.0 (l9scan/2.0.230313e2536313e2434323e2839313; +https://leakix.net)"
164.90.228.79 - - [09/Sep/2026:08:27:03 +0100] "GET /server-status HTTP/1.1" 301 178 "-" "Mozilla/5.0 (l9scan/2.0.230313e2536313e2434323e2839313; +https://leakix.net)"
157.245.36.108 - - [09/Sep/2026:08:27:03 +0100] "GET /telescope/requests HTTP/1.1" 301 178 "-" "Mozilla/5.0 (l9scan/2.0.230313e2536313e2434323e2839313; +https://leakix.net)"
157.245.36.108 - - [09/Sep/2026:08:27:04 +0100] "GET /info.php HTTP/1.1" 301 178 "-" "Mozilla/5.0 (l9scan/2.0.230313e2536313e2434323e2839313; +https://leakix.net)"
146.190.242.161 - - [09/Sep/2026:08:27:04 +0100] "GET /server HTTP/1.1" 301 178 "-" "Mozilla/5.0 (l9scan/2.0.230313e2536313e2434323e2839313; +https://leakix.net)"
157.245.36.108 - - [09/Sep/2026:08:27:05 +0100] "GET /.well-known/security.txt HTTP/1.1" 301 178 "-" "Mozilla/5.0 (l9scan/2.0.230313e2536313e2434323e2839313; +https://leakix.net)"
209.38.208.202 - - [09/Sep/2026:08:27:05 +0100] "GET /telescope/requests HTTP/1.1" 301 178 "-" "Mozilla/5.0 (l9scan/2.0.230313e2536313e2434323e2839313; +https://leakix.net)"
209.38.208.202 - - [09/Sep/2026:08:27:05 +0100] "GET /info.php HTTP/1.1" 301 178 "-" "Mozilla/5.0 (l9scan/2.0.230313e2536313e2434323e2839313; +https://leakix.net)"
164.90.228.79 - - [09/Sep/2026:08:27:05 +0100] "GET /about HTTP/1.1" 301 178 "-" "Mozilla/5.0 (l9scan/2.0.230313e2536313e2434323e2839313; +https://leakix.net)"
146.190.242.161 - - [09/Sep/2026:08:27:05 +0100] "GET /server-status HTTP/1.1" 301 178 "-" "Mozilla/5.0 (l9scan/2.0.230313e2536313e2434323e2839313; +https://leakix.net)"
157.245.36.108 - - [09/Sep/2026:08:27:06 +0100] "GET /actuator/env HTTP/1.1" 301 178 "-" "Mozilla/5.0 (l9scan/2.0.230313e2536313e2434323e2839313; +https://leakix.net)"
209.38.208.202 - - [09/Sep/2026:08:27:06 +0100] "GET /.well-known/security.txt HTTP/1.1" 301 178 "-" "Mozilla/5.0 (l9scan/2.0.230313e2536313e2434323e2839313; +https://leakix.net)"
45.196.97.59 - - [09/Sep/2026:08:27:06 +0100] "GET / HTTP/1.1" 301 178 "-" "nameserver-checker-http-validator/1.0"
164.90.228.79 - - [09/Sep/2026:08:27:06 +0100] "GET /login.action HTTP/1.1" 301 178 "-" "Mozilla/5.0 (l9scan/2.0.230313e2536313e2434323e2839313; +https://leakix.net)"
45.196.97.59 - - [09/Sep/2026:08:27:07 +0100] "GET / HTTP/1.1" 301 178 "-" "nameserver-checker-http-validator/1.0"
157.245.36.108 - - [09/Sep/2026:08:27:07 +0100] "GET /trace.axd HTTP/1.1" 301 178 "-" "Mozilla/5.0 (l9scan/2.0.230313e2536313e2434323e2839313; +https://leakix.net)"
146.190.242.161 - - [09/Sep/2026:08:27:07 +0100] "GET /about HTTP/1.1" 301 178 "-" "Mozilla/5.0 (l9scan/2.0.230313e2536313e2434323e2839313; +https://leakix.net)"
164.90.228.79 - - [09/Sep/2026:08:27:07 +0100] "GET / HTTP/1.1" 301 178 "-" "Mozilla/5.0 (l9scan/2.0.230313e2536313e2434323e2839313; +https://leakix.net)"
209.38.208.202 - - [09/Sep/2026:08:27:07 +0100] "GET /actuator/env HTTP/1.1" 301 178 "-" "Mozilla/5.0 (l9scan/2.0.230313e2536313e2434323e2839313; +https://leakix.net)"
164.90.228.79 - - [09/Sep/2026:08:27:07 +0100] "GET /___proxy_subdomain_whm/login HTTP/1.1" 301 178 "-" "Mozilla/5.0 (l9scan/2.0.230313e2536313e2434323e2839313; +https://leakix.net)"
164.90.228.79 - - [09/Sep/2026:08:27:07 +0100] "GET /___proxy_subdomain_cpanel HTTP/1.1" 301 178 "-" "Mozilla/5.0 (l9scan/2.0.230313e2536313e2434323e2839313; +https://leakix.net)"
164.90.228.79 - - [09/Sep/2026:08:27:07 +0100] "GET /v2/_catalog HTTP/1.1" 301 178 "-" "Mozilla/5.0 (l9scan/2.0.230313e2536313e2434323e2839313; +https://leakix.net)"
157.245.36.108 - - [09/Sep/2026:08:27:08 +0100] "GET /@vite/env HTTP/1.1" 301 178 "-" "Mozilla/5.0 (l9scan/2.0.230313e2536313e2434323e2839313; +https://leakix.net)"
146.190.242.161 - - [09/Sep/2026:08:27:08 +0100] "GET /login.action HTTP/1.1" 301 178 "-" "Mozilla/5.0 (l9scan/2.0.230313e2536313e2434323e2839313; +https://leakix.net)"
209.38.208.202 - - [09/Sep/2026:08:27:08 +0100] "GET /trace.axd HTTP/1.1" 301 178 "-" "Mozilla/5.0 (l9scan/2.0.230313e2536313e2434323e2839313; +https://leakix.net)"
164.90.228.79 - - [09/Sep/2026:08:27:08 +0100] "GET /.DS_Store HTTP/1.1" 301 178 "-" "Mozilla/5.0 (l9scan/2.0.230313e2536313e2434323e2839313; +https://leakix.net)"
157.245.36.108 - - [09/Sep/2026:08:27:09 +0100] "GET /.vscode/sftp.json HTTP/1.1" 301 178 "-" "Mozilla/5.0 (l9scan/2.0.230313e2536313e2434323e2839313; +https://leakix.net)"
146.190.242.161 - - [09/Sep/2026:08:27:09 +0100] "GET / HTTP/1.1" 301 178 "-" "Mozilla/5.0 (l9scan/2.0.230313e2536313e2434323e2839313; +https://leakix.net)"
209.38.208.202 - - [09/Sep/2026:08:27:09 +0100] "GET /@vite/env HTTP/1.1" 301 178 "-" "Mozilla/5.0 (l9scan/2.0.230313e2536313e2434323e2839313; +https://leakix.net)"
146.190.242.161 - - [09/Sep/2026:08:27:09 +0100] "GET /___proxy_subdomain_whm/login HTTP/1.1" 301 178 "-" "Mozilla/5.0 (l9scan/2.0.230313e2536313e2434323e2839313; +https://leakix.net)"
164.90.228.79 - - [09/Sep/2026:08:27:10 +0100] "GET /.env HTTP/1.1" 301 178 "-" "Mozilla/5.0 (l9scan/2.0.230313e2536313e2434323e2839313; +https://leakix.net)"
157.245.36.108 - - [09/Sep/2026:08:27:10 +0100] "OPTIONS / HTTP/1.1" 301 178 "-" "Mozilla/5.0 (l9scan/2.0.230313e2536313e2434323e2839313; +https://leakix.net)"
209.38.208.202 - - [09/Sep/2026:08:27:10 +0100] "GET /.vscode/sftp.json HTTP/1.1" 301 178 "-" "Mozilla/5.0 (l9scan/2.0.230313e2536313e2434323e2839313; +https://leakix.net)"
146.190.242.161 - - [09/Sep/2026:08:27:10 +0100] "GET /___proxy_subdomain_cpanel HTTP/1.1" 301 178 "-" "Mozilla/5.0 (l9scan/2.0.230313e2536313e2434323e2839313; +https://leakix.net)"
146.190.242.161 - - [09/Sep/2026:08:27:11 +0100] "GET /v2/_catalog HTTP/1.1" 301 178 "-" "Mozilla/5.0 (l9scan/2.0.230313e2536313e2434323e2839313; +https://leakix.net)"
157.245.36.108 - - [09/Sep/2026:08:27:11 +0100] "GET /?rest_route=/wp/v2/users/ HTTP/1.1" 301 178 "-" "Mozilla/5.0 (l9scan/2.0.230313e2536313e2434323e2839313; +https://leakix.net)"
209.38.208.202 - - [09/Sep/2026:08:27:11 +0100] "OPTIONS / HTTP/1.1" 301 178 "-" "Mozilla/5.0 (l9scan/2.0.230313e2536313e2434323e2839313; +https://leakix.net)"
164.90.228.79 - - [09/Sep/2026:08:27:12 +0100] "GET /ecp/Current/exporttool/microsoft.exchange.ediscovery.exporttool.application HTTP/1.1" 301 178 "-" "Mozilla/5.0 (l9scan/2.0.230313e2536313e2434323e2839313; +https://leakix.net)"
157.245.36.108 - - [09/Sep/2026:08:27:12 +0100] "GET /debug/default/view?panel=config HTTP/1.1" 301 178 "-" "Mozilla/5.0 (l9scan/2.0.230313e2536313e2434323e2839313; +https://leakix.net)"
146.190.242.161 - - [09/Sep/2026:08:27:12 +0100] "GET /.DS_Store HTTP/1.1" 301 178 "-" "Mozilla/5.0 (l9scan/2.0.230313e2536313e2434323e2839313; +https://leakix.net)"
130.12.180.117 - - [09/Sep/2026:08:27:12 +0100] "GET /.env HTTP/1.1" 301 178 "-" "Mozilla/5.0 (Macintosh; Intel Mac OS X 10_15_7) AppleWebKit/537.36 (KHTML, like Gecko, Yokohama Institute of Information Security https://www.iisec.ac.jp) Chrome/124.0.0.0 Safari/537.36"
209.38.208.202 - - [09/Sep/2026:08:27:12 +0100] "GET /?rest_route=/wp/v2/users/ HTTP/1.1" 301 178 "-" "Mozilla/5.0 (l9scan/2.0.230313e2536313e2434323e2839313; +https://leakix.net)"
130.12.180.117 - - [09/Sep/2026:08:27:12 +0100] "GET /.git/HEAD HTTP/1.1" 301 178 "-" "Mozilla/5.0 (Macintosh; Intel Mac OS X 10_15_7) AppleWebKit/537.36 (KHTML, like Gecko, Yokohama Institute of Information Security https://www.iisec.ac.jp) Chrome/124.0.0.0 Safari/537.36"
130.12.180.117 - - [09/Sep/2026:08:27:12 +0100] "GET /.env.backup HTTP/1.1" 301 178 "-" "Mozilla/5.0 (Macintosh; Intel Mac OS X 10_15_7) AppleWebKit/537.36 (KHTML, like Gecko, Yokohama Institute of Information Security https://www.iisec.ac.jp) Chrome/124.0.0.0 Safari/537.36"
130.12.180.117 - - [09/Sep/2026:08:27:12 +0100] "GET /.env.old HTTP/1.1" 301 178 "-" "Mozilla/5.0 (Macintosh; Intel Mac OS X 10_15_7) AppleWebKit/537.36 (KHTML, like Gecko, Yokohama Institute of Information Security https://www.iisec.ac.jp) Chrome/124.0.0.0 Safari/537.36"
130.12.180.117 - - [09/Sep/2026:08:27:12 +0100] "GET /.env.save HTTP/1.1" 301 178 "-" "Mozilla/5.0 (Macintosh; Intel Mac OS X 10_15_7) AppleWebKit/537.36 (KHTML, like Gecko, Yokohama Institute of Information Security https://www.iisec.ac.jp) Chrome/124.0.0.0 Safari/537.36"
130.12.180.117 - - [09/Sep/2026:08:27:12 +0100] "GET /.env.bak HTTP/1.1" 301 178 "-" "Mozilla/5.0 (Macintosh; Intel Mac OS X 10_15_7) AppleWebKit/537.36 (KHTML, like Gecko, Yokohama Institute of Information Security https://www.iisec.ac.jp) Chrome/124.0.0.0 Safari/537.36"
130.12.180.117 - - [09/Sep/2026:08:27:12 +0100] "GET /.env.prod HTTP/1.1" 301 178 "-" "Mozilla/5.0 (Macintosh; Intel Mac OS X 10_15_7) AppleWebKit/537.36 (KHTML, like Gecko, Yokohama Institute of Information Security https://www.iisec.ac.jp) Chrome/124.0.0.0 Safari/537.36"
130.12.180.117 - - [09/Sep/2026:08:27:12 +0100] "GET /.env.production HTTP/1.1" 301 178 "-" "Mozilla/5.0 (Macintosh; Intel Mac OS X 10_15_7) AppleWebKit/537.36 (KHTML, like Gecko, Yokohama Institute of Information Security https://www.iisec.ac.jp) Chrome/124.0.0.0 Safari/537.36"
146.190.242.161 - - [09/Sep/2026:08:27:13 +0100] "GET /.env HTTP/1.1" 301 178 "-" "Mozilla/5.0 (l9scan/2.0.230313e2536313e2434323e2839313; +https://leakix.net)"
130.12.180.117 - - [09/Sep/2026:08:27:13 +0100] "GET /.env.staging HTTP/1.1" 301 178 "-" "Mozilla/5.0 (Macintosh; Intel Mac OS X 10_15_7) AppleWebKit/537.36 (KHTML, like Gecko, Yokohama Institute of Information Security https://www.iisec.ac.jp) Chrome/124.0.0.0 Safari/537.36"
130.12.180.117 - - [09/Sep/2026:08:27:13 +0100] "GET /.env.local HTTP/1.1" 301 178 "-" "Mozilla/5.0 (Macintosh; Intel Mac OS X 10_15_7) AppleWebKit/537.36 (KHTML, like Gecko, Yokohama Institute of Information Security https://www.iisec.ac.jp) Chrome/124.0.0.0 Safari/537.36"
130.12.180.117 - - [09/Sep/2026:08:27:13 +0100] "GET /.env.live HTTP/1.1" 301 178 "-" "Mozilla/5.0 (Macintosh; Intel Mac OS X 10_15_7) AppleWebKit/537.36 (KHTML, like Gecko, Yokohama Institute of Information Security https://www.iisec.ac.jp) Chrome/124.0.0.0 Safari/537.36"
130.12.180.117 - - [09/Sep/2026:08:27:13 +0100] "GET /.env.dev HTTP/1.1" 301 178 "-" "Mozilla/5.0 (Macintosh; Intel Mac OS X 10_15_7) AppleWebKit/537.36 (KHTML, like Gecko, Yokohama Institute of Information Security https://www.iisec.ac.jp) Chrome/124.0.0.0 Safari/537.36"
130.12.180.117 - - [09/Sep/2026:08:27:13 +0100] "GET /.env.stage HTTP/1.1" 301 178 "-" "Mozilla/5.0 (Macintosh; Intel Mac OS X 10_15_7) AppleWebKit/537.36 (KHTML, like Gecko, Yokohama Institute of Information Security https://www.iisec.ac.jp) Chrome/124.0.0.0 Safari/537.36"
130.12.180.117 - - [09/Sep/2026:08:27:13 +0100] "GET /config/.env HTTP/1.1" 301 178 "-" "Mozilla/5.0 (Macintosh; Intel Mac OS X 10_15_7) AppleWebKit/537.36 (KHTML, like Gecko, Yokohama Institute of Information Security https://www.iisec.ac.jp) Chrome/124.0.0.0 Safari/537.36"
209.38.208.202 - - [09/Sep/2026:08:27:13 +0100] "GET /debug/default/view?panel=config HTTP/1.1" 301 178 "-" "Mozilla/5.0 (l9scan/2.0.230313e2536313e2434323e2839313; +https://leakix.net)"
130.12.180.117 - - [09/Sep/2026:08:27:13 +0100] "GET /app/.env HTTP/1.1" 301 178 "-" "Mozilla/5.0 (Macintosh; Intel Mac OS X 10_15_7) AppleWebKit/537.36 (KHTML, like Gecko, Yokohama Institute of Information Security https://www.iisec.ac.jp) Chrome/124.0.0.0 Safari/537.36"
130.12.180.117 - - [09/Sep/2026:08:27:13 +0100] "GET /api/.env HTTP/1.1" 301 178 "-" "Mozilla/5.0 (Macintosh; Intel Mac OS X 10_15_7) AppleWebKit/537.36 (KHTML, like Gecko, Yokohama Institute of Information Security https://www.iisec.ac.jp) Chrome/124.0.0.0 Safari/537.36"
130.12.180.117 - - [09/Sep/2026:08:27:13 +0100] "GET /application/.env HTTP/1.1" 301 178 "-" "Mozilla/5.0 (Macintosh; Intel Mac OS X 10_15_7) AppleWebKit/537.36 (KHTML, like Gecko, Yokohama Institute of Information Security https://www.iisec.ac.jp) Chrome/124.0.0.0 Safari/537.36"
130.12.180.117 - - [09/Sep/2026:08:27:13 +0100] "GET /functions/.env HTTP/1.1" 301 178 "-" "Mozilla/5.0 (Macintosh; Intel Mac OS X 10_15_7) AppleWebKit/537.36 (KHTML, like Gecko, Yokohama Institute of Information Security https://www.iisec.ac.jp) Chrome/124.0.0.0 Safari/537.36"
164.90.228.79 - - [09/Sep/2026:08:27:13 +0100] "GET /.git/config HTTP/1.1" 301 178 "-" "Mozilla/5.0 (l9scan/2.0.230313e2536313e2434323e2839313; +https://leakix.net)"
164.90.228.79 - - [09/Sep/2026:08:27:14 +0100] "POST /graphql HTTP/1.1" 301 178 "-" "Mozilla/5.0 (l9scan/2.0.230313e2536313e2434323e2839313; +https://leakix.net)"
164.90.228.79 - - [09/Sep/2026:08:27:15 +0100] "POST /api HTTP/1.1" 301 178 "-" "Mozilla/5.0 (l9scan/2.0.230313e2536313e2434323e2839313; +https://leakix.net)"
164.90.228.79 - - [09/Sep/2026:08:27:15 +0100] "POST /api/graphql HTTP/1.1" 301 178 "-" "Mozilla/5.0 (l9scan/2.0.230313e2536313e2434323e2839313; +https://leakix.net)"
164.90.228.79 - - [09/Sep/2026:08:27:15 +0100] "POST /graphql/api HTTP/1.1" 301 178 "-" "Mozilla/5.0 (l9scan/2.0.230313e2536313e2434323e2839313; +https://leakix.net)"
146.190.242.161 - - [09/Sep/2026:08:27:15 +0100] "GET /ecp/Current/exporttool/microsoft.exchange.ediscovery.exporttool.application HTTP/1.1" 301 178 "-" "Mozilla/5.0 (l9scan/2.0.230313e2536313e2434323e2839313; +https://leakix.net)"
164.90.228.79 - - [09/Sep/2026:08:27:15 +0100] "POST /api/gql HTTP/1.1" 301 178 "-" "Mozilla/5.0 (l9scan/2.0.230313e2536313e2434323e2839313; +https://leakix.net)"
164.90.228.79 - - [09/Sep/2026:08:27:16 +0100] "GET /s/230313e2536313e2434323e2839313/_/;/META-INF/maven/com.atlassian.jira/jira-webapp-dist/pom.properties HTTP/1.1" 301 178 "-" "Mozilla/5.0 (l9scan/2.0.230313e2536313e2434323e2839313; +https://leakix.net)"
23.178.112.211 - - [09/Sep/2026:08:27:16 +0100] "GET /.well-known/acme-challenge/42kf9S6bmaQENcB2kiPyRK1yMvO8TLy3-XyeH_rAtpA HTTP/1.1" 200 118 "-" "Mozilla/5.0 (compatible; Let's Encrypt validation server; +https://www.letsencrypt.org)"
164.90.228.79 - - [09/Sep/2026:08:27:16 +0100] "GET /config.json HTTP/1.1" 301 178 "-" "Mozilla/5.0 (l9scan/2.0.230313e2536313e2434323e2839313; +https://leakix.net)"
23.178.112.213 - - [09/Sep/2026:08:27:17 +0100] "GET /.well-known/acme-challenge/XVvcMQsmS3QBk3X2mh-mIOK2QoSND3mlk-W0Qv3jtDA HTTP/1.1" 200 118 "-" "Mozilla/5.0 (compatible; Let's Encrypt validation server; +https://www.letsencrypt.org)"
3.16.37.39 - - [09/Sep/2026:08:27:17 +0100] "GET /.well-known/acme-challenge/42kf9S6bmaQENcB2kiPyRK1yMvO8TLy3-XyeH_rAtpA HTTP/1.1" 200 118 "-" "Mozilla/5.0 (compatible; Let's Encrypt validation server; +https://www.letsencrypt.org)"
16.171.16.74 - - [09/Sep/2026:08:27:17 +0100] "GET /.well-known/acme-challenge/42kf9S6bmaQENcB2kiPyRK1yMvO8TLy3-XyeH_rAtpA HTTP/1.1" 200 118 "-" "Mozilla/5.0 (compatible; Let's Encrypt validation server; +https://www.letsencrypt.org)"
13.50.248.119 - - [09/Sep/2026:08:27:17 +0100] "GET /.well-known/acme-challenge/XVvcMQsmS3QBk3X2mh-mIOK2QoSND3mlk-W0Qv3jtDA HTTP/1.1" 200 118 "-" "Mozilla/5.0 (compatible; Let's Encrypt validation server; +https://www.letsencrypt.org)"
16.59.41.123 - - [09/Sep/2026:08:27:17 +0100] "GET /.well-known/acme-challenge/XVvcMQsmS3QBk3X2mh-mIOK2QoSND3mlk-W0Qv3jtDA HTTP/1.1" 200 118 "-" "Mozilla/5.0 (compatible; Let's Encrypt validation server; +https://www.letsencrypt.org)"
54.255.222.89 - - [09/Sep/2026:08:27:17 +0100] "GET /.well-known/acme-challenge/42kf9S6bmaQENcB2kiPyRK1yMvO8TLy3-XyeH_rAtpA HTTP/1.1" 200 118 "-" "Mozilla/5.0 (compatible; Let's Encrypt validation server; +https://www.letsencrypt.org)"
44.255.28.92 - - [09/Sep/2026:08:27:17 +0100] "GET /.well-known/acme-challenge/42kf9S6bmaQENcB2kiPyRK1yMvO8TLy3-XyeH_rAtpA HTTP/1.1" 200 118 "-" "Mozilla/5.0 (compatible; Let's Encrypt validation server; +https://www.letsencrypt.org)"
54.255.222.89 - - [09/Sep/2026:08:27:17 +0100] "GET /.well-known/acme-challenge/XVvcMQsmS3QBk3X2mh-mIOK2QoSND3mlk-W0Qv3jtDA HTTP/1.1" 200 118 "-" "Mozilla/5.0 (compatible; Let's Encrypt validation server; +https://www.letsencrypt.org)"
35.91.241.161 - - [09/Sep/2026:08:27:17 +0100] "GET /.well-known/acme-challenge/XVvcMQsmS3QBk3X2mh-mIOK2QoSND3mlk-W0Qv3jtDA HTTP/1.1" 200 118 "-" "Mozilla/5.0 (compatible; Let's Encrypt validation server; +https://www.letsencrypt.org)"
146.190.242.161 - - [09/Sep/2026:08:27:17 +0100] "GET /.git/config HTTP/1.1" 301 178 "-" "Mozilla/5.0 (l9scan/2.0.230313e2536313e2434323e2839313; +https://leakix.net)"
146.190.242.161 - - [09/Sep/2026:08:27:19 +0100] "POST /graphql HTTP/1.1" 301 178 "-" "Mozilla/5.0 (l9scan/2.0.230313e2536313e2434323e2839313; +https://leakix.net)"
164.90.228.79 - - [09/Sep/2026:08:27:19 +0100] "GET /telescope/requests HTTP/1.1" 301 178 "-" "Mozilla/5.0 (l9scan/2.0.230313e2536313e2434323e2839313; +https://leakix.net)"
164.90.228.79 - - [09/Sep/2026:08:27:19 +0100] "GET /info.php HTTP/1.1" 301 178 "-" "Mozilla/5.0 (l9scan/2.0.230313e2536313e2434323e2839313; +https://leakix.net)"
146.190.242.161 - - [09/Sep/2026:08:27:19 +0100] "POST /api HTTP/1.1" 301 178 "-" "Mozilla/5.0 (l9scan/2.0.230313e2536313e2434323e2839313; +https://leakix.net)"
146.190.242.161 - - [09/Sep/2026:08:27:19 +0100] "POST /api/graphql HTTP/1.1" 301 178 "-" "Mozilla/5.0 (l9scan/2.0.230313e2536313e2434323e2839313; +https://leakix.net)"
146.190.242.161 - - [09/Sep/2026:08:27:20 +0100] "POST /graphql/api HTTP/1.1" 301 178 "-" "Mozilla/5.0 (l9scan/2.0.230313e2536313e2434323e2839313; +https://leakix.net)"
164.90.228.79 - - [09/Sep/2026:08:27:20 +0100] "GET /.well-known/security.txt HTTP/1.1" 301 178 "-" "Mozilla/5.0 (l9scan/2.0.230313e2536313e2434323e2839313; +https://leakix.net)"
146.190.242.161 - - [09/Sep/2026:08:27:20 +0100] "POST /api/gql HTTP/1.1" 301 178 "-" "Mozilla/5.0 (l9scan/2.0.230313e2536313e2434323e2839313; +https://leakix.net)"
146.190.242.161 - - [09/Sep/2026:08:27:20 +0100] "GET /s/230313e2536313e2434323e2839313/_/;/META-INF/maven/com.atlassian.jira/jira-webapp-dist/pom.properties HTTP/1.1" 301 178 "-" "Mozilla/5.0 (l9scan/2.0.230313e2536313e2434323e2839313; +https://leakix.net)"
164.90.228.79 - - [09/Sep/2026:08:27:21 +0100] "GET /actuator/env HTTP/1.1" 301 178 "-" "Mozilla/5.0 (l9scan/2.0.230313e2536313e2434323e2839313; +https://leakix.net)"
146.190.242.161 - - [09/Sep/2026:08:27:22 +0100] "GET /config.json HTTP/1.1" 301 178 "-" "Mozilla/5.0 (l9scan/2.0.230313e2536313e2434323e2839313; +https://leakix.net)"
164.90.228.79 - - [09/Sep/2026:08:27:22 +0100] "GET /trace.axd HTTP/1.1" 301 178 "-" "Mozilla/5.0 (l9scan/2.0.230313e2536313e2434323e2839313; +https://leakix.net)"
164.90.228.79 - - [09/Sep/2026:08:27:23 +0100] "GET /@vite/env HTTP/1.1" 301 178 "-" "Mozilla/5.0 (l9scan/2.0.230313e2536313e2434323e2839313; +https://leakix.net)"
146.190.242.161 - - [09/Sep/2026:08:27:23 +0100] "GET /telescope/requests HTTP/1.1" 301 178 "-" "Mozilla/5.0 (l9scan/2.0.230313e2536313e2434323e2839313; +https://leakix.net)"
146.190.242.161 - - [09/Sep/2026:08:27:24 +0100] "GET /info.php HTTP/1.1" 301 178 "-" "Mozilla/5.0 (l9scan/2.0.230313e2536313e2434323e2839313; +https://leakix.net)"
164.90.228.79 - - [09/Sep/2026:08:27:24 +0100] "GET /.vscode/sftp.json HTTP/1.1" 301 178 "-" "Mozilla/5.0 (l9scan/2.0.230313e2536313e2434323e2839313; +https://leakix.net)"
164.90.228.79 - - [09/Sep/2026:08:27:25 +0100] "OPTIONS / HTTP/1.1" 301 178 "-" "Mozilla/5.0 (l9scan/2.0.230313e2536313e2434323e2839313; +https://leakix.net)"
146.190.242.161 - - [09/Sep/2026:08:27:25 +0100] "GET /.well-known/security.txt HTTP/1.1" 301 178 "-" "Mozilla/5.0 (l9scan/2.0.230313e2536313e2434323e2839313; +https://leakix.net)"
164.90.228.79 - - [09/Sep/2026:08:27:26 +0100] "GET /?rest_route=/wp/v2/users/ HTTP/1.1" 301 178 "-" "Mozilla/5.0 (l9scan/2.0.230313e2536313e2434323e2839313; +https://leakix.net)"
146.190.242.161 - - [09/Sep/2026:08:27:26 +0100] "GET /actuator/env HTTP/1.1" 301 178 "-" "Mozilla/5.0 (l9scan/2.0.230313e2536313e2434323e2839313; +https://leakix.net)"
164.90.228.79 - - [09/Sep/2026:08:27:27 +0100] "GET /debug/default/view?panel=config HTTP/1.1" 301 178 "-" "Mozilla/5.0 (l9scan/2.0.230313e2536313e2434323e2839313; +https://leakix.net)"
146.190.242.161 - - [09/Sep/2026:08:27:27 +0100] "GET /trace.axd HTTP/1.1" 301 178 "-" "Mozilla/5.0 (l9scan/2.0.230313e2536313e2434323e2839313; +https://leakix.net)"
146.190.242.161 - - [09/Sep/2026:08:27:28 +0100] "GET /@vite/env HTTP/1.1" 301 178 "-" "Mozilla/5.0 (l9scan/2.0.230313e2536313e2434323e2839313; +https://leakix.net)"
146.190.242.161 - - [09/Sep/2026:08:27:29 +0100] "GET /.vscode/sftp.json HTTP/1.1" 301 178 "-" "Mozilla/5.0 (l9scan/2.0.230313e2536313e2434323e2839313; +https://leakix.net)"
23.178.112.104 - - [09/Sep/2026:08:27:29 +0100] "GET /.well-known/acme-challenge/-71WgLIFJonLbR5PJoIQpriwTuw9LS_o1VWyfyQ0Bx8 HTTP/1.1" 200 118 "-" "Mozilla/5.0 (compatible; Let's Encrypt validation server; +https://www.letsencrypt.org)"
23.178.112.108 - - [09/Sep/2026:08:27:29 +0100] "GET /.well-known/acme-challenge/L27oKhH2dzGjl0QjJYhM-AbBNqKka_GiPPcEqyEO-wk HTTP/1.1" 200 118 "-" "Mozilla/5.0 (compatible; Let's Encrypt validation server; +https://www.letsencrypt.org)"
13.60.90.98 - - [09/Sep/2026:08:27:30 +0100] "GET /.well-known/acme-challenge/-71WgLIFJonLbR5PJoIQpriwTuw9LS_o1VWyfyQ0Bx8 HTTP/1.1" 200 118 "-" "Mozilla/5.0 (compatible; Let's Encrypt validation server; +https://www.letsencrypt.org)"
3.16.37.39 - - [09/Sep/2026:08:27:30 +0100] "GET /.well-known/acme-challenge/-71WgLIFJonLbR5PJoIQpriwTuw9LS_o1VWyfyQ0Bx8 HTTP/1.1" 200 118 "-" "Mozilla/5.0 (compatible; Let's Encrypt validation server; +https://www.letsencrypt.org)"
13.50.248.119 - - [09/Sep/2026:08:27:30 +0100] "GET /.well-known/acme-challenge/L27oKhH2dzGjl0QjJYhM-AbBNqKka_GiPPcEqyEO-wk HTTP/1.1" 200 118 "-" "Mozilla/5.0 (compatible; Let's Encrypt validation server; +https://www.letsencrypt.org)"
47.129.169.117 - - [09/Sep/2026:08:27:30 +0100] "GET /.well-known/acme-challenge/-71WgLIFJonLbR5PJoIQpriwTuw9LS_o1VWyfyQ0Bx8 HTTP/1.1" 200 118 "-" "Mozilla/5.0 (compatible; Let's Encrypt validation server; +https://www.letsencrypt.org)"
16.59.41.123 - - [09/Sep/2026:08:27:30 +0100] "GET /.well-known/acme-challenge/L27oKhH2dzGjl0QjJYhM-AbBNqKka_GiPPcEqyEO-wk HTTP/1.1" 200 118 "-" "Mozilla/5.0 (compatible; Let's Encrypt validation server; +https://www.letsencrypt.org)"
44.250.170.106 - - [09/Sep/2026:08:27:30 +0100] "GET /.well-known/acme-challenge/-71WgLIFJonLbR5PJoIQpriwTuw9LS_o1VWyfyQ0Bx8 HTTP/1.1" 200 118 "-" "Mozilla/5.0 (compatible; Let's Encrypt validation server; +https://www.letsencrypt.org)"
54.255.240.66 - - [09/Sep/2026:08:27:30 +0100] "GET /.well-known/acme-challenge/L27oKhH2dzGjl0QjJYhM-AbBNqKka_GiPPcEqyEO-wk HTTP/1.1" 200 118 "-" "Mozilla/5.0 (compatible; Let's Encrypt validation server; +https://www.letsencrypt.org)"
146.190.242.161 - - [09/Sep/2026:08:27:30 +0100] "OPTIONS / HTTP/1.1" 301 178 "-" "Mozilla/5.0 (l9scan/2.0.230313e2536313e2434323e2839313; +https://leakix.net)"
146.190.242.161 - - [09/Sep/2026:08:27:31 +0100] "GET /?rest_route=/wp/v2/users/ HTTP/1.1" 301 178 "-" "Mozilla/5.0 (l9scan/2.0.230313e2536313e2434323e2839313; +https://leakix.net)"
34.211.63.247 - - [09/Sep/2026:08:27:31 +0100] "GET /.well-known/acme-challenge/L27oKhH2dzGjl0QjJYhM-AbBNqKka_GiPPcEqyEO-wk HTTP/1.1" 200 118 "-" "Mozilla/5.0 (compatible; Let's Encrypt validation server; +https://www.letsencrypt.org)"
146.190.242.161 - - [09/Sep/2026:08:27:32 +0100] "GET /debug/default/view?panel=config HTTP/1.1" 301 178 "-" "Mozilla/5.0 (l9scan/2.0.230313e2536313e2434323e2839313; +https://leakix.net)"
130.12.180.117 - - [09/Sep/2026:08:27:43 +0100] "GET /.env HTTP/1.1" 301 178 "-" "Mozilla/5.0 (Macintosh; Intel Mac OS X 10_15_7) AppleWebKit/537.36 (KHTML, like Gecko, Yokohama Institute of Information Security https://www.iisec.ac.jp) Chrome/124.0.0.0 Safari/537.36"
23.178.112.103 - - [09/Sep/2026:08:27:44 +0100] "GET /.well-known/acme-challenge/snioKJ-uy-mOj0o8IvmPB78y2wIZE9bKUrAavQD4VQs HTTP/1.1" 200 118 "-" "Mozilla/5.0 (compatible; Let's Encrypt validation server; +https://www.letsencrypt.org)"
130.12.180.117 - - [09/Sep/2026:08:27:44 +0100] "GET /.git/HEAD HTTP/1.1" 301 178 "-" "Mozilla/5.0 (Macintosh; Intel Mac OS X 10_15_7) AppleWebKit/537.36 (KHTML, like Gecko, Yokohama Institute of Information Security https://www.iisec.ac.jp) Chrome/124.0.0.0 Safari/537.36"
130.12.180.117 - - [09/Sep/2026:08:27:44 +0100] "GET /.env.backup HTTP/1.1" 301 178 "-" "Mozilla/5.0 (Macintosh; Intel Mac OS X 10_15_7) AppleWebKit/537.36 (KHTML, like Gecko, Yokohama Institute of Information Security https://www.iisec.ac.jp) Chrome/124.0.0.0 Safari/537.36"
