130.12.180.117 - - [09/Sep/2026:08:31:02 +0100] "GET /.env.backup HTTP/1.1" 301 178 "-" "Mozilla/5.0 (Macintosh; Intel Mac OS X 10_15_7) AppleWebKit/537.36 (KHTML, like Gecko, Yokohama Institute of Information Security https://www.iisec.ac.jp) Chrome/124.0.0.0 Safari/537.36"
130.12.180.117 - - [09/Sep/2026:08:31:02 +0100] "GET /.env.backup HTTP/1.1" 301 178 "-" "Mozilla/5.0 (Macintosh; Intel Mac OS X 10_15_7) AppleWebKit/537.36 (KHTML, like Gecko, Yokohama Institute of Information Security https://www.iisec.ac.jp) Chrome/124.0.0.0 Safari/537.36"
130.12.180.117 - - [09/Sep/2026:08:31:02 +0100] "GET /.env.backup HTTP/1.1" 301 178 "-" "Mozilla/5.0 (Macintosh; Intel Mac OS X 10_15_7) AppleWebKit/537.36 (KHTML, like Gecko, Yokohama Institute of Information Security https://www.iisec.ac.jp) Chrome/124.0.0.0 Safari/537.36"
130.12.180.117 - - [09/Sep/2026:08:31:02 +0100] "GET /.env.backup HTTP/1.1" 301 178 "-" "Mozilla/5.0 (Macintosh; Intel Mac OS X 10_15_7) AppleWebKit/537.36 (KHTML, like Gecko, Yokohama Institute of Information Security https://www.iisec.ac.jp) Chrome/124.0.0.0 Safari/537.36"
130.12.180.117 - - [09/Sep/2026:08:31:02 +0100] "GET /.env.old HTTP/1.1" 301 178 "-" "Mozilla/5.0 (Macintosh; Intel Mac OS X 10_15_7) AppleWebKit/537.36 (KHTML, like Gecko, Yokohama Institute of Information Security https://www.iisec.ac.jp) Chrome/124.0.0.0 Safari/537.36"
130.12.180.117 - - [09/Sep/2026:08:31:02 +0100] "GET /.env.old HTTP/1.1" 301 178 "-" "Mozilla/5.0 (Macintosh; Intel Mac OS X 10_15_7) AppleWebKit/537.36 (KHTML, like Gecko, Yokohama Institute of Information Security https://www.iisec.ac.jp) Chrome/124.0.0.0 Safari/537.36"
167.99.210.137 - - [09/Sep/2026:08:31:02 +0100] "POST /api/gql HTTP/1.1" 301 178 "-" "Mozilla/5.0 (l9scan/2.0.230313e2536313e2434323e2839313; +https://leakix.net)"
130.12.180.117 - - [09/Sep/2026:08:31:02 +0100] "GET /.env.old HTTP/1.1" 301 178 "-" "Mozilla/5.0 (Macintosh; Intel Mac OS X 10_15_7) AppleWebKit/537.36 (KHTML, like Gecko, Yokohama Institute of Information Security https://www.iisec.ac.jp) Chrome/124.0.0.0 Safari/537.36"
130.12.180.117 - - [09/Sep/2026:08:31:02 +0100] "GET /.env.old HTTP/1.1" 301 178 "-" "Mozilla/5.0 (Macintosh; Intel Mac OS X 10_15_7) AppleWebKit/537.36 (KHTML, like Gecko, Yokohama Institute of Information Security https://www.iisec.ac.jp) Chrome/124.0.0.0 Safari/537.36"
130.12.180.117 - - [09/Sep/2026:08:31:02 +0100] "GET /.env.save HTTP/1.1" 301 178 "-" "Mozilla/5.0 (Macintosh; Intel Mac OS X 10_15_7) AppleWebKit/537.36 (KHTML, like Gecko, Yokohama Institute of Information Security https://www.iisec.ac.jp) Chrome/124.0.0.0 Safari/537.36"
130.12.180.117 - - [09/Sep/2026:08:31:02 +0100] "GET /.env.save HTTP/1.1" 301 178 "-" "Mozilla/5.0 (Macintosh; Intel Mac OS X 10_15_7) AppleWebKit/537.36 (KHTML, like Gecko, Yokohama Institute of Information Security https://www.iisec.ac.jp) Chrome/124.0.0.0 Safari/537.36"
130.12.180.117 - - [09/Sep/2026:08:31:02 +0100] "GET /.env.save HTTP/1.1" 301 178 "-" "Mozilla/5.0 (Macintosh; Intel Mac OS X 10_15_7) AppleWebKit/537.36 (KHTML, like Gecko, Yokohama Institute of Information Security https://www.iisec.ac.jp) Chrome/124.0.0.0 Safari/537.36"
130.12.180.117 - - [09/Sep/2026:08:31:02 +0100] "GET /.env.save HTTP/1.1" 301 178 "-" "Mozilla/5.0 (Macintosh; Intel Mac OS X 10_15_7) AppleWebKit/537.36 (KHTML, like Gecko, Yokohama Institute of Information Security https://www.iisec.ac.jp) Chrome/124.0.0.0 Safari/537.36"
157.230.19.140 - - [09/Sep/2026:08:31:02 +0100] "GET /v2/_catalog HTTP/1.1" 301 178 "-" "Mozilla/5.0 (l9scan/2.0.230313e2536313e2434323e2839313; +https://leakix.net)"
157.230.19.140 - - [09/Sep/2026:08:31:02 +0100] "GET /v2/_catalog HTTP/1.1" 301 178 "-" "Mozilla/5.0 (l9scan/2.0.230313e2536313e2434323e2839313; +https://leakix.net)"
206.81.24.74 - - [09/Sep/2026:08:31:02 +0100] "GET /.env HTTP/1.1" 301 178 "-" "Mozilla/5.0 (l9scan/2.0.230313e2536313e2434323e2839313; +https://leakix.net)"
206.81.24.74 - - [09/Sep/2026:08:31:02 +0100] "GET /.env HTTP/1.1" 301 178 "-" "Mozilla/5.0 (l9scan/2.0.230313e2536313e2434323e2839313; +https://leakix.net)"
130.12.180.117 - - [09/Sep/2026:08:31:02 +0100] "GET /.env.bak HTTP/1.1" 301 178 "-" "Mozilla/5.0 (Macintosh; Intel Mac OS X 10_15_7) AppleWebKit/537.36 (KHTML, like Gecko, Yokohama Institute of Information Security https://www.iisec.ac.jp) Chrome/124.0.0.0 Safari/537.36"
130.12.180.117 - - [09/Sep/2026:08:31:02 +0100] "GET /.env.bak HTTP/1.1" 301 178 "-" "Mozilla/5.0 (Macintosh; Intel Mac OS X 10_15_7) AppleWebKit/537.36 (KHTML, like Gecko, Yokohama Institute of Information Security https://www.iisec.ac.jp) Chrome/124.0.0.0 Safari/537.36"
130.12.180.117 - - [09/Sep/2026:08:31:02 +0100] "GET /.env.bak HTTP/1.1" 301 178 "-" "Mozilla/5.0 (Macintosh; Intel Mac OS X 10_15_7) AppleWebKit/537.36 (KHTML, like Gecko, Yokohama Institute of Information Security https://www.iisec.ac.jp) Chrome/124.0.0.0 Safari/537.36"
130.12.180.117 - - [09/Sep/2026:08:31:02 +0100] "GET /.env.bak HTTP/1.1" 301 178 "-" "Mozilla/5.0 (Macintosh; Intel Mac OS X 10_15_7) AppleWebKit/537.36 (KHTML, like Gecko, Yokohama Institute of Information Security https://www.iisec.ac.jp) Chrome/124.0.0.0 Safari/537.36"
147.182.149.75 - - [09/Sep/2026:08:31:02 +0100] "OPTIONS / HTTP/1.1" 301 178 "-" "Mozilla/5.0 (l9scan/2.0.230313e2536313e2434323e2839313; +https://leakix.net)"
130.12.180.117 - - [09/Sep/2026:08:31:02 +0100] "GET /.env.prod HTTP/1.1" 301 178 "-" "Mozilla/5.0 (Macintosh; Intel Mac OS X 10_15_7) AppleWebKit/537.36 (KHTML, like Gecko, Yokohama Institute of Information Security https://www.iisec.ac.jp) Chrome/124.0.0.0 Safari/537.36"
130.12.180.117 - - [09/Sep/2026:08:31:02 +0100] "GET /.env.prod HTTP/1.1" 301 178 "-" "Mozilla/5.0 (Macintosh; Intel Mac OS X 10_15_7) AppleWebKit/537.36 (KHTML, like Gecko, Yokohama Institute of Information Security https://www.iisec.ac.jp) Chrome/124.0.0.0 Safari/537.36"
130.12.180.117 - - [09/Sep/2026:08:31:02 +0100] "GET /.env.prod HTTP/1.1" 301 178 "-" "Mozilla/5.0 (Macintosh; Intel Mac OS X 10_15_7) AppleWebKit/537.36 (KHTML, like Gecko, Yokohama Institute of Information Security https://www.iisec.ac.jp) Chrome/124.0.0.0 Safari/537.36"
130.12.180.117 - - [09/Sep/2026:08:31:02 +0100] "GET /.env.prod HTTP/1.1" 301 178 "-" "Mozilla/5.0 (Macintosh; Intel Mac OS X 10_15_7) AppleWebKit/537.36 (KHTML, like Gecko, Yokohama Institute of Information Security https://www.iisec.ac.jp) Chrome/124.0.0.0 Safari/537.36"
130.12.180.117 - - [09/Sep/2026:08:31:02 +0100] "GET /.env.production HTTP/1.1" 301 178 "-" "Mozilla/5.0 (Macintosh; Intel Mac OS X 10_15_7) AppleWebKit/537.36 (KHTML, like Gecko, Yokohama Institute of Information Security https://www.iisec.ac.jp) Chrome/124.0.0.0 Safari/537.36"
130.12.180.117 - - [09/Sep/2026:08:31:02 +0100] "GET /.env.production HTTP/1.1" 301 178 "-" "Mozilla/5.0 (Macintosh; Intel Mac OS X 10_15_7) AppleWebKit/537.36 (KHTML, like Gecko, Yokohama Institute of Information Security https://www.iisec.ac.jp) Chrome/124.0.0.0 Safari/537.36"
130.12.180.117 - - [09/Sep/2026:08:31:02 +0100] "GET /.env.production HTTP/1.1" 301 178 "-" "Mozilla/5.0 (Macintosh; Intel Mac OS X 10_15_7) AppleWebKit/537.36 (KHTML, like Gecko, Yokohama Institute of Information Security https://www.iisec.ac.jp) Chrome/124.0.0.0 Safari/537.36"
130.12.180.117 - - [09/Sep/2026:08:31:02 +0100] "GET /.env.production HTTP/1.1" 301 178 "-" "Mozilla/5.0 (Macintosh; Intel Mac OS X 10_15_7) AppleWebKit/537.36 (KHTML, like Gecko, Yokohama Institute of Information Security https://www.iisec.ac.jp) Chrome/124.0.0.0 Safari/537.36"
147.182.149.75 - - [09/Sep/2026:08:31:02 +0100] "GET /ecp/Current/exporttool/microsoft.exchange.ediscovery.exporttool.application HTTP/1.1" 301 178 "-" "Mozilla/5.0 (l9scan/2.0.230313e2536313e2434323e2839313; +https://leakix.net)"
139.59.143.102 - - [09/Sep/2026:08:31:02 +0100] "GET /.env HTTP/1.1" 301 178 "-" "Mozilla/5.0 (l9scan/2.0.230313e2536313e2434323e2839313; +https://leakix.net)"
130.12.180.117 - - [09/Sep/2026:08:31:02 +0100] "GET /.env.staging HTTP/1.1" 301 178 "-" "Mozilla/5.0 (Macintosh; Intel Mac OS X 10_15_7) AppleWebKit/537.36 (KHTML, like Gecko, Yokohama Institute of Information Security https://www.iisec.ac.jp) Chrome/124.0.0.0 Safari/537.36"
130.12.180.117 - - [09/Sep/2026:08:31:02 +0100] "GET /.env.staging HTTP/1.1" 301 178 "-" "Mozilla/5.0 (Macintosh; Intel Mac OS X 10_15_7) AppleWebKit/537.36 (KHTML, like Gecko, Yokohama Institute of Information Security https://www.iisec.ac.jp) Chrome/124.0.0.0 Safari/537.36"
130.12.180.117 - - [09/Sep/2026:08:31:02 +0100] "GET /.env.staging HTTP/1.1" 301 178 "-" "Mozilla/5.0 (Macintosh; Intel Mac OS X 10_15_7) AppleWebKit/537.36 (KHTML, like Gecko, Yokohama Institute of Information Security https://www.iisec.ac.jp) Chrome/124.0.0.0 Safari/537.36"
130.12.180.117 - - [09/Sep/2026:08:31:02 +0100] "GET /.env.staging HTTP/1.1" 301 178 "-" "Mozilla/5.0 (Macintosh; Intel Mac OS X 10_15_7) AppleWebKit/537.36 (KHTML, like Gecko, Yokohama Institute of Information Security https://www.iisec.ac.jp) Chrome/124.0.0.0 Safari/537.36"
46.101.111.185 - - [09/Sep/2026:08:31:02 +0100] "GET /.env HTTP/1.1" 301 178 "-" "Mozilla/5.0 (l9scan/2.0.230313e2536313e2434323e2839313; +https://leakix.net)"
167.99.210.137 - - [09/Sep/2026:08:31:02 +0100] "GET /s/230313e2536313e2434323e2839313/_/;/META-INF/maven/com.atlassian.jira/jira-webapp-dist/pom.properties HTTP/1.1" 301 178 "-" "Mozilla/5.0 (l9scan/2.0.230313e2536313e2434323e2839313; +https://leakix.net)"
64.225.75.246 - - [09/Sep/2026:08:31:02 +0100] "GET /v2/_catalog HTTP/1.1" 301 178 "-" "Mozilla/5.0 (l9scan/2.0.230313e2536313e2434323e2839313; +https://leakix.net)"
130.12.180.117 - - [09/Sep/2026:08:31:02 +0100] "GET /.env.local HTTP/1.1" 301 178 "-" "Mozilla/5.0 (Macintosh; Intel Mac OS X 10_15_7) AppleWebKit/537.36 (KHTML, like Gecko, Yokohama Institute of Information Security https://www.iisec.ac.jp) Chrome/124.0.0.0 Safari/537.36"
130.12.180.117 - - [09/Sep/2026:08:31:02 +0100] "GET /.env.local HTTP/1.1" 301 178 "-" "Mozilla/5.0 (Macintosh; Intel Mac OS X 10_15_7) AppleWebKit/537.36 (KHTML, like Gecko, Yokohama Institute of Information Security https://www.iisec.ac.jp) Chrome/124.0.0.0 Safari/537.36"
130.12.180.117 - - [09/Sep/2026:08:31:02 +0100] "GET /.env.local HTTP/1.1" 301 178 "-" "Mozilla/5.0 (Macintosh; Intel Mac OS X 10_15_7) AppleWebKit/537.36 (KHTML, like Gecko, Yokohama Institute of Information Security https://www.iisec.ac.jp) Chrome/124.0.0.0 Safari/537.36"
130.12.180.117 - - [09/Sep/2026:08:31:02 +0100] "GET /.env.local HTTP/1.1" 301 178 "-" "Mozilla/5.0 (Macintosh; Intel Mac OS X 10_15_7) AppleWebKit/537.36 (KHTML, like Gecko, Yokohama Institute of Information Security https://www.iisec.ac.jp) Chrome/124.0.0.0 Safari/537.36"
130.12.180.117 - - [09/Sep/2026:08:31:02 +0100] "GET /.env.live HTTP/1.1" 301 178 "-" "Mozilla/5.0 (Macintosh; Intel Mac OS X 10_15_7) AppleWebKit/537.36 (KHTML, like Gecko, Yokohama Institute of Information Security https://www.iisec.ac.jp) Chrome/124.0.0.0 Safari/537.36"
130.12.180.117 - - [09/Sep/2026:08:31:02 +0100] "GET /.env.live HTTP/1.1" 301 178 "-" "Mozilla/5.0 (Macintosh; Intel Mac OS X 10_15_7) AppleWebKit/537.36 (KHTML, like Gecko, Yokohama Institute of Information Security https://www.iisec.ac.jp) Chrome/124.0.0.0 Safari/537.36"
130.12.180.117 - - [09/Sep/2026:08:31:02 +0100] "GET /.env.live HTTP/1.1" 301 178 "-" "Mozilla/5.0 (Macintosh; Intel Mac OS X 10_15_7) AppleWebKit/537.36 (KHTML, like Gecko, Yokohama Institute of Information Security https://www.iisec.ac.jp) Chrome/124.0.0.0 Safari/537.36"
130.12.180.117 - - [09/Sep/2026:08:31:02 +0100] "GET /.env.live HTTP/1.1" 301 178 "-" "Mozilla/5.0 (Macintosh; Intel Mac OS X 10_15_7) AppleWebKit/537.36 (KHTML, like Gecko, Yokohama Institute of Information Security https://www.iisec.ac.jp) Chrome/124.0.0.0 Safari/537.36"
130.12.180.117 - - [09/Sep/2026:08:31:02 +0100] "GET /.env.dev HTTP/1.1" 301 178 "-" "Mozilla/5.0 (Macintosh; Intel Mac OS X 10_15_7) AppleWebKit/537.36 (KHTML, like Gecko, Yokohama Institute of Information Security https://www.iisec.ac.jp) Chrome/124.0.0.0 Safari/537.36"
130.12.180.117 - - [09/Sep/2026:08:31:02 +0100] "GET /.env.dev HTTP/1.1" 301 178 "-" "Mozilla/5.0 (Macintosh; Intel Mac OS X 10_15_7) AppleWebKit/537.36 (KHTML, like Gecko, Yokohama Institute of Information Security https://www.iisec.ac.jp) Chrome/124.0.0.0 Safari/537.36"
130.12.180.117 - - [09/Sep/2026:08:31:02 +0100] "GET /.env.dev HTTP/1.1" 301 178 "-" "Mozilla/5.0 (Macintosh; Intel Mac OS X 10_15_7) AppleWebKit/537.36 (KHTML, like Gecko, Yokohama Institute of Information Security https://www.iisec.ac.jp) Chrome/124.0.0.0 Safari/537.36"
130.12.180.117 - - [09/Sep/2026:08:31:02 +0100] "GET /.env.dev HTTP/1.1" 301 178 "-" "Mozilla/5.0 (Macintosh; Intel Mac OS X 10_15_7) AppleWebKit/537.36 (KHTML, like Gecko, Yokohama Institute of Information Security https://www.iisec.ac.jp) Chrome/124.0.0.0 Safari/537.36"
130.12.180.117 - - [09/Sep/2026:08:31:02 +0100] "GET /.env.stage HTTP/1.1" 301 178 "-" "Mozilla/5.0 (Macintosh; Intel Mac OS X 10_15_7) AppleWebKit/537.36 (KHTML, like Gecko, Yokohama Institute of Information Security https://www.iisec.ac.jp) Chrome/124.0.0.0 Safari/537.36"
64.225.75.246 - - [09/Sep/2026:08:31:02 +0100] "GET /.DS_Store HTTP/1.1" 301 178 "-" "Mozilla/5.0 (l9scan/2.0.230313e2536313e2434323e2839313; +https://leakix.net)"
130.12.180.117 - - [09/Sep/2026:08:31:02 +0100] "GET /.env.stage HTTP/1.1" 301 178 "-" "Mozilla/5.0 (Macintosh; Intel Mac OS X 10_15_7) AppleWebKit/537.36 (KHTML, like Gecko, Yokohama Institute of Information Security https://www.iisec.ac.jp) Chrome/124.0.0.0 Safari/537.36"
130.12.180.117 - - [09/Sep/2026:08:31:02 +0100] "GET /.env.stage HTTP/1.1" 301 178 "-" "Mozilla/5.0 (Macintosh; Intel Mac OS X 10_15_7) AppleWebKit/537.36 (KHTML, like Gecko, Yokohama Institute of Information Security https://www.iisec.ac.jp) Chrome/124.0.0.0 Safari/537.36"
130.12.180.117 - - [09/Sep/2026:08:31:02 +0100] "GET /.env.stage HTTP/1.1" 301 178 "-" "Mozilla/5.0 (Macintosh; Intel Mac OS X 10_15_7) AppleWebKit/537.36 (KHTML, like Gecko, Yokohama Institute of Information Security https://www.iisec.ac.jp) Chrome/124.0.0.0 Safari/537.36"
142.93.129.190 - - [09/Sep/2026:08:31:02 +0100] "GET /ecp/Current/exporttool/microsoft.exchange.ediscovery.exporttool.application HTTP/1.1" 301 178 "-" "Mozilla/5.0 (l9scan/2.0.230313e2536313e2434323e2839313; +https://leakix.net)"
130.12.180.117 - - [09/Sep/2026:08:31:02 +0100] "GET /config/.env HTTP/1.1" 301 178 "-" "Mozilla/5.0 (Macintosh; Intel Mac OS X 10_15_7) AppleWebKit/537.36 (KHTML, like Gecko, Yokohama Institute of Information Security https://www.iisec.ac.jp) Chrome/124.0.0.0 Safari/537.36"
130.12.180.117 - - [09/Sep/2026:08:31:02 +0100] "GET /config/.env HTTP/1.1" 301 178 "-" "Mozilla/5.0 (Macintosh; Intel Mac OS X 10_15_7) AppleWebKit/537.36 (KHTML, like Gecko, Yokohama Institute of Information Security https://www.iisec.ac.jp) Chrome/124.0.0.0 Safari/537.36"
130.12.180.117 - - [09/Sep/2026:08:31:02 +0100] "GET /config/.env HTTP/1.1" 301 178 "-" "Mozilla/5.0 (Macintosh; Intel Mac OS X 10_15_7) AppleWebKit/537.36 (KHTML, like Gecko, Yokohama Institute of Information Security https://www.iisec.ac.jp) Chrome/124.0.0.0 Safari/537.36"
130.12.180.117 - - [09/Sep/2026:08:31:02 +0100] "GET /config/.env HTTP/1.1" 301 178 "-" "Mozilla/5.0 (Macintosh; Intel Mac OS X 10_15_7) AppleWebKit/537.36 (KHTML, like Gecko, Yokohama Institute of Information Security https://www.iisec.ac.jp) Chrome/124.0.0.0 Safari/537.36"
64.225.75.246 - - [09/Sep/2026:08:31:02 +0100] "GET /.DS_Store HTTP/1.1" 301 178 "-" "Mozilla/5.0 (l9scan/2.0.230313e2536313e2434323e2839313; +https://leakix.net)"
130.12.180.117 - - [09/Sep/2026:08:31:02 +0100] "GET /app/.env HTTP/1.1" 301 178 "-" "Mozilla/5.0 (Macintosh; Intel Mac OS X 10_15_7) AppleWebKit/537.36 (KHTML, like Gecko, Yokohama Institute of Information Security https://www.iisec.ac.jp) Chrome/124.0.0.0 Safari/537.36"
130.12.180.117 - - [09/Sep/2026:08:31:02 +0100] "GET /app/.env HTTP/1.1" 301 178 "-" "Mozilla/5.0 (Macintosh; Intel Mac OS X 10_15_7) AppleWebKit/537.36 (KHTML, like Gecko, Yokohama Institute of Information Security https://www.iisec.ac.jp) Chrome/124.0.0.0 Safari/537.36"
130.12.180.117 - - [09/Sep/2026:08:31:02 +0100] "GET /app/.env HTTP/1.1" 301 178 "-" "Mozilla/5.0 (Macintosh; Intel Mac OS X 10_15_7) AppleWebKit/537.36 (KHTML, like Gecko, Yokohama Institute of Information Security https://www.iisec.ac.jp) Chrome/124.0.0.0 Safari/537.36"
130.12.180.117 - - [09/Sep/2026:08:31:02 +0100] "GET /app/.env HTTP/1.1" 301 178 "-" "Mozilla/5.0 (Macintosh; Intel Mac OS X 10_15_7) AppleWebKit/537.36 (KHTML, like Gecko, Yokohama Institute of Information Security https://www.iisec.ac.jp) Chrome/124.0.0.0 Safari/537.36"
134.209.25.199 - - [09/Sep/2026:08:31:03 +0100] "GET /debug/default/view?panel=config HTTP/1.1" 301 178 "-" "Mozilla/5.0 (l9scan/2.0.230313e2536313e2434323e2839313; +https://leakix.net)"
130.12.180.117 - - [09/Sep/2026:08:31:03 +0100] "GET /api/.env HTTP/1.1" 301 178 "-" "Mozilla/5.0 (Macintosh; Intel Mac OS X 10_15_7) AppleWebKit/537.36 (KHTML, like Gecko, Yokohama Institute of Information Security https://www.iisec.ac.jp) Chrome/124.0.0.0 Safari/537.36"
147.182.149.75 - - [09/Sep/2026:08:31:03 +0100] "GET /?rest_route=/wp/v2/users/ HTTP/1.1" 301 178 "-" "Mozilla/5.0 (l9scan/2.0.230313e2536313e2434323e2839313; +https://leakix.net)"
130.12.180.117 - - [09/Sep/2026:08:31:03 +0100] "GET /api/.env HTTP/1.1" 301 178 "-" "Mozilla/5.0 (Macintosh; Intel Mac OS X 10_15_7) AppleWebKit/537.36 (KHTML, like Gecko, Yokohama Institute of Information Security https://www.iisec.ac.jp) Chrome/124.0.0.0 Safari/537.36"
130.12.180.117 - - [09/Sep/2026:08:31:03 +0100] "GET /api/.env HTTP/1.1" 301 178 "-" "Mozilla/5.0 (Macintosh; Intel Mac OS X 10_15_7) AppleWebKit/537.36 (KHTML, like Gecko, Yokohama Institute of Information Security https://www.iisec.ac.jp) Chrome/124.0.0.0 Safari/537.36"
130.12.180.117 - - [09/Sep/2026:08:31:03 +0100] "GET /application/.env HTTP/1.1" 301 178 "-" "Mozilla/5.0 (Macintosh; Intel Mac OS X 10_15_7) AppleWebKit/537.36 (KHTML, like Gecko, Yokohama Institute of Information Security https://www.iisec.ac.jp) Chrome/124.0.0.0 Safari/537.36"
130.12.180.117 - - [09/Sep/2026:08:31:03 +0100] "GET /api/.env HTTP/1.1" 301 178 "-" "Mozilla/5.0 (Macintosh; Intel Mac OS X 10_15_7) AppleWebKit/537.36 (KHTML, like Gecko, Yokohama Institute of Information Security https://www.iisec.ac.jp) Chrome/124.0.0.0 Safari/537.36"
64.225.75.246 - - [09/Sep/2026:08:31:03 +0100] "GET /.DS_Store HTTP/1.1" 301 178 "-" "Mozilla/5.0 (l9scan/2.0.230313e2536313e2434323e2839313; +https://leakix.net)"
130.12.180.117 - - [09/Sep/2026:08:31:03 +0100] "GET /application/.env HTTP/1.1" 301 178 "-" "Mozilla/5.0 (Macintosh; Intel Mac OS X 10_15_7) AppleWebKit/537.36 (KHTML, like Gecko, Yokohama Institute of Information Security https://www.iisec.ac.jp) Chrome/124.0.0.0 Safari/537.36"
130.12.180.117 - - [09/Sep/2026:08:31:03 +0100] "GET /application/.env HTTP/1.1" 301 178 "-" "Mozilla/5.0 (Macintosh; Intel Mac OS X 10_15_7) AppleWebKit/537.36 (KHTML, like Gecko, Yokohama Institute of Information Security https://www.iisec.ac.jp) Chrome/124.0.0.0 Safari/537.36"
206.189.19.19 - - [09/Sep/2026:08:31:03 +0100] "GET /.git/config HTTP/1.1" 301 178 "-" "Mozilla/5.0 (l9scan/2.0.230313e2536313e2434323e2839313; +https://leakix.net)"
130.12.180.117 - - [09/Sep/2026:08:31:03 +0100] "GET /application/.env HTTP/1.1" 301 178 "-" "Mozilla/5.0 (Macintosh; Intel Mac OS X 10_15_7) AppleWebKit/537.36 (KHTML, like Gecko, Yokohama Institute of Information Security https://www.iisec.ac.jp) Chrome/124.0.0.0 Safari/537.36"
130.12.180.117 - - [09/Sep/2026:08:31:03 +0100] "GET /functions/.env HTTP/1.1" 301 178 "-" "Mozilla/5.0 (Macintosh; Intel Mac OS X 10_15_7) AppleWebKit/537.36 (KHTML, like Gecko, Yokohama Institute of Information Security https://www.iisec.ac.jp) Chrome/124.0.0.0 Safari/537.36"
206.189.95.232 - - [09/Sep/2026:08:31:03 +0100] "GET /ecp/Current/exporttool/microsoft.exchange.ediscovery.exporttool.application HTTP/1.1" 301 178 "-" "Mozilla/5.0 (l9scan/2.0.230313e2536313e2434323e2839313; +https://leakix.net)"
206.189.95.232 - - [09/Sep/2026:08:31:03 +0100] "GET /ecp/Current/exporttool/microsoft.exchange.ediscovery.exporttool.application HTTP/1.1" 301 178 "-" "Mozilla/5.0 (l9scan/2.0.230313e2536313e2434323e2839313; +https://leakix.net)"
130.12.180.117 - - [09/Sep/2026:08:31:03 +0100] "GET /functions/.env HTTP/1.1" 301 178 "-" "Mozilla/5.0 (Macintosh; Intel Mac OS X 10_15_7) AppleWebKit/537.36 (KHTML, like Gecko, Yokohama Institute of Information Security https://www.iisec.ac.jp) Chrome/124.0.0.0 Safari/537.36"
130.12.180.117 - - [09/Sep/2026:08:31:03 +0100] "GET /functions/.env HTTP/1.1" 301 178 "-" "Mozilla/5.0 (Macintosh; Intel Mac OS X 10_15_7) AppleWebKit/537.36 (KHTML, like Gecko, Yokohama Institute of Information Security https://www.iisec.ac.jp) Chrome/124.0.0.0 Safari/537.36"
167.71.175.236 - - [09/Sep/2026:08:31:03 +0100] "GET /ecp/Current/exporttool/microsoft.exchange.ediscovery.exporttool.application HTTP/1.1" 301 178 "-" "Mozilla/5.0 (l9scan/2.0.230313e2536313e2434323e2839313; +https://leakix.net)"
134.209.25.199 - - [09/Sep/2026:08:31:03 +0100] "GET /.git/config HTTP/1.1" 301 178 "-" "Mozilla/5.0 (l9scan/2.0.230313e2536313e2434323e2839313; +https://leakix.net)"
130.12.180.117 - - [09/Sep/2026:08:31:03 +0100] "GET /functions/.env HTTP/1.1" 301 178 "-" "Mozilla/5.0 (Macintosh; Intel Mac OS X 10_15_7) AppleWebKit/537.36 (KHTML, like Gecko, Yokohama Institute of Information Security https://www.iisec.ac.jp) Chrome/124.0.0.0 Safari/537.36"
167.99.210.137 - - [09/Sep/2026:08:31:03 +0100] "GET /config.json HTTP/1.1" 301 178 "-" "Mozilla/5.0 (l9scan/2.0.230313e2536313e2434323e2839313; +https://leakix.net)"
207.154.212.47 - - [09/Sep/2026:08:31:03 +0100] "GET /ecp/Current/exporttool/microsoft.exchange.ediscovery.exporttool.application HTTP/1.1" 301 178 "-" "Mozilla/5.0 (l9scan/2.0.230313e2536313e2434323e2839313; +https://leakix.net)"
157.230.19.140 - - [09/Sep/2026:08:31:03 +0100] "GET /.DS_Store HTTP/1.1" 301 178 "-" "Mozilla/5.0 (l9scan/2.0.230313e2536313e2434323e2839313; +https://leakix.net)"
157.230.19.140 - - [09/Sep/2026:08:31:03 +0100] "GET /.DS_Store HTTP/1.1" 301 178 "-" "Mozilla/5.0 (l9scan/2.0.230313e2536313e2434323e2839313; +https://leakix.net)"
46.101.111.185 - - [09/Sep/2026:08:31:04 +0100] "GET /ecp/Current/exporttool/microsoft.exchange.ediscovery.exporttool.application HTTP/1.1" 301 178 "-" "Mozilla/5.0 (l9scan/2.0.230313e2536313e2434323e2839313; +https://leakix.net)"
147.182.149.75 - - [09/Sep/2026:08:31:04 +0100] "GET /debug/default/view?panel=config HTTP/1.1" 301 178 "-" "Mozilla/5.0 (l9scan/2.0.230313e2536313e2434323e2839313; +https://leakix.net)"
64.225.75.246 - - [09/Sep/2026:08:31:04 +0100] "GET /.env HTTP/1.1" 301 178 "-" "Mozilla/5.0 (l9scan/2.0.230313e2536313e2434323e2839313; +https://leakix.net)"
206.81.24.74 - - [09/Sep/2026:08:31:04 +0100] "GET /ecp/Current/exporttool/microsoft.exchange.ediscovery.exporttool.application HTTP/1.1" 301 178 "-" "Mozilla/5.0 (l9scan/2.0.230313e2536313e2434323e2839313; +https://leakix.net)"
206.81.24.74 - - [09/Sep/2026:08:31:04 +0100] "GET /ecp/Current/exporttool/microsoft.exchange.ediscovery.exporttool.application HTTP/1.1" 301 178 "-" "Mozilla/5.0 (l9scan/2.0.230313e2536313e2434323e2839313; +https://leakix.net)"
206.189.19.19 - - [09/Sep/2026:08:31:04 +0100] "POST /graphql HTTP/1.1" 301 178 "-" "Mozilla/5.0 (l9scan/2.0.230313e2536313e2434323e2839313; +https://leakix.net)"
206.189.19.19 - - [09/Sep/2026:08:31:04 +0100] "POST /api HTTP/1.1" 301 178 "-" "Mozilla/5.0 (l9scan/2.0.230313e2536313e2434323e2839313; +https://leakix.net)"
206.189.19.19 - - [09/Sep/2026:08:31:04 +0100] "POST /api/graphql HTTP/1.1" 301 178 "-" "Mozilla/5.0 (l9scan/2.0.230313e2536313e2434323e2839313; +https://leakix.net)"
206.189.19.19 - - [09/Sep/2026:08:31:04 +0100] "POST /graphql/api HTTP/1.1" 301 178 "-" "Mozilla/5.0 (l9scan/2.0.230313e2536313e2434323e2839313; +https://leakix.net)"
206.189.19.19 - - [09/Sep/2026:08:31:04 +0100] "POST /api/gql HTTP/1.1" 301 178 "-" "Mozilla/5.0 (l9scan/2.0.230313e2536313e2434323e2839313; +https://leakix.net)"
139.59.143.102 - - [09/Sep/2026:08:31:04 +0100] "GET /ecp/Current/exporttool/microsoft.exchange.ediscovery.exporttool.application HTTP/1.1" 301 178 "-" "Mozilla/5.0 (l9scan/2.0.230313e2536313e2434323e2839313; +https://leakix.net)"
64.225.75.246 - - [09/Sep/2026:08:31:04 +0100] "GET /.env HTTP/1.1" 301 178 "-" "Mozilla/5.0 (l9scan/2.0.230313e2536313e2434323e2839313; +https://leakix.net)"
147.182.149.75 - - [09/Sep/2026:08:31:04 +0100] "GET /.git/config HTTP/1.1" 301 178 "-" "Mozilla/5.0 (l9scan/2.0.230313e2536313e2434323e2839313; +https://leakix.net)"
64.225.75.246 - - [09/Sep/2026:08:31:04 +0100] "GET /.env HTTP/1.1" 301 178 "-" "Mozilla/5.0 (l9scan/2.0.230313e2536313e2434323e2839313; +https://leakix.net)"
134.209.25.199 - - [09/Sep/2026:08:31:04 +0100] "POST /graphql HTTP/1.1" 301 178 "-" "Mozilla/5.0 (l9scan/2.0.230313e2536313e2434323e2839313; +https://leakix.net)"
134.209.25.199 - - [09/Sep/2026:08:31:04 +0100] "POST /api HTTP/1.1" 301 178 "-" "Mozilla/5.0 (l9scan/2.0.230313e2536313e2434323e2839313; +https://leakix.net)"
134.209.25.199 - - [09/Sep/2026:08:31:04 +0100] "POST /api/graphql HTTP/1.1" 301 178 "-" "Mozilla/5.0 (l9scan/2.0.230313e2536313e2434323e2839313; +https://leakix.net)"
142.93.129.190 - - [09/Sep/2026:08:31:04 +0100] "GET /.git/config HTTP/1.1" 301 178 "-" "Mozilla/5.0 (l9scan/2.0.230313e2536313e2434323e2839313; +https://leakix.net)"
134.209.25.199 - - [09/Sep/2026:08:31:04 +0100] "POST /graphql/api HTTP/1.1" 301 178 "-" "Mozilla/5.0 (l9scan/2.0.230313e2536313e2434323e2839313; +https://leakix.net)"
134.209.25.199 - - [09/Sep/2026:08:31:04 +0100] "POST /api/gql HTTP/1.1" 301 178 "-" "Mozilla/5.0 (l9scan/2.0.230313e2536313e2434323e2839313; +https://leakix.net)"
157.230.19.140 - - [09/Sep/2026:08:31:05 +0100] "GET /.env HTTP/1.1" 301 178 "-" "Mozilla/5.0 (l9scan/2.0.230313e2536313e2434323e2839313; +https://leakix.net)"
157.230.19.140 - - [09/Sep/2026:08:31:05 +0100] "GET /.env HTTP/1.1" 301 178 "-" "Mozilla/5.0 (l9scan/2.0.230313e2536313e2434323e2839313; +https://leakix.net)"
192.241.134.160 - - [09/Sep/2026:08:31:05 +0100] "GET / HTTP/1.1" 301 178 "-" "Go-http-client/1.1"
206.189.19.19 - - [09/Sep/2026:08:31:05 +0100] "GET /s/230313e2536313e2434323e2839313/_/;/META-INF/maven/com.atlassian.jira/jira-webapp-dist/pom.properties HTTP/1.1" 301 178 "-" "Mozilla/5.0 (l9scan/2.0.230313e2536313e2434323e2839313; +https://leakix.net)"
206.189.95.232 - - [09/Sep/2026:08:31:05 +0100] "GET /.git/config HTTP/1.1" 301 178 "-" "Mozilla/5.0 (l9scan/2.0.230313e2536313e2434323e2839313; +https://leakix.net)"
206.189.95.232 - - [09/Sep/2026:08:31:05 +0100] "GET /.git/config HTTP/1.1" 301 178 "-" "Mozilla/5.0 (l9scan/2.0.230313e2536313e2434323e2839313; +https://leakix.net)"
134.209.25.199 - - [09/Sep/2026:08:31:05 +0100] "GET /s/230313e2536313e2434323e2839313/_/;/META-INF/maven/com.atlassian.jira/jira-webapp-dist/pom.properties HTTP/1.1" 301 178 "-" "Mozilla/5.0 (l9scan/2.0.230313e2536313e2434323e2839313; +https://leakix.net)"
167.71.175.236 - - [09/Sep/2026:08:31:05 +0100] "GET /.git/config HTTP/1.1" 301 178 "-" "Mozilla/5.0 (l9scan/2.0.230313e2536313e2434323e2839313; +https://leakix.net)"
147.182.149.75 - - [09/Sep/2026:08:31:05 +0100] "POST /graphql HTTP/1.1" 301 178 "-" "Mozilla/5.0 (l9scan/2.0.230313e2536313e2434323e2839313; +https://leakix.net)"
142.93.129.190 - - [09/Sep/2026:08:31:05 +0100] "POST /graphql HTTP/1.1" 301 178 "-" "Mozilla/5.0 (l9scan/2.0.230313e2536313e2434323e2839313; +https://leakix.net)"
142.93.129.190 - - [09/Sep/2026:08:31:05 +0100] "POST /api HTTP/1.1" 301 178 "-" "Mozilla/5.0 (l9scan/2.0.230313e2536313e2434323e2839313; +https://leakix.net)"
147.182.149.75 - - [09/Sep/2026:08:31:05 +0100] "POST /api HTTP/1.1" 301 178 "-" "Mozilla/5.0 (l9scan/2.0.230313e2536313e2434323e2839313; +https://leakix.net)"
142.93.129.190 - - [09/Sep/2026:08:31:05 +0100] "POST /api/graphql HTTP/1.1" 301 178 "-" "Mozilla/5.0 (l9scan/2.0.230313e2536313e2434323e2839313; +https://leakix.net)"
167.99.210.137 - - [09/Sep/2026:08:31:05 +0100] "GET /telescope/requests HTTP/1.1" 301 178 "-" "Mozilla/5.0 (l9scan/2.0.230313e2536313e2434323e2839313; +https://leakix.net)"
142.93.129.190 - - [09/Sep/2026:08:31:05 +0100] "POST /graphql/api HTTP/1.1" 301 178 "-" "Mozilla/5.0 (l9scan/2.0.230313e2536313e2434323e2839313; +https://leakix.net)"
147.182.149.75 - - [09/Sep/2026:08:31:05 +0100] "POST /api/graphql HTTP/1.1" 301 178 "-" "Mozilla/5.0 (l9scan/2.0.230313e2536313e2434323e2839313; +https://leakix.net)"
142.93.129.190 - - [09/Sep/2026:08:31:05 +0100] "POST /api/gql HTTP/1.1" 301 178 "-" "Mozilla/5.0 (l9scan/2.0.230313e2536313e2434323e2839313; +https://leakix.net)"
46.101.111.185 - - [09/Sep/2026:08:31:06 +0100] "GET /.git/config HTTP/1.1" 301 178 "-" "Mozilla/5.0 (l9scan/2.0.230313e2536313e2434323e2839313; +https://leakix.net)"
147.182.149.75 - - [09/Sep/2026:08:31:06 +0100] "POST /graphql/api HTTP/1.1" 301 178 "-" "Mozilla/5.0 (l9scan/2.0.230313e2536313e2434323e2839313; +https://leakix.net)"
207.154.212.47 - - [09/Sep/2026:08:31:06 +0100] "GET /.git/config HTTP/1.1" 301 178 "-" "Mozilla/5.0 (l9scan/2.0.230313e2536313e2434323e2839313; +https://leakix.net)"
139.59.143.102 - - [09/Sep/2026:08:31:06 +0100] "GET /.git/config HTTP/1.1" 301 178 "-" "Mozilla/5.0 (l9scan/2.0.230313e2536313e2434323e2839313; +https://leakix.net)"
147.182.149.75 - - [09/Sep/2026:08:31:06 +0100] "POST /api/gql HTTP/1.1" 301 178 "-" "Mozilla/5.0 (l9scan/2.0.230313e2536313e2434323e2839313; +https://leakix.net)"
206.189.19.19 - - [09/Sep/2026:08:31:06 +0100] "GET /config.json HTTP/1.1" 301 178 "-" "Mozilla/5.0 (l9scan/2.0.230313e2536313e2434323e2839313; +https://leakix.net)"
206.189.95.232 - - [09/Sep/2026:08:31:06 +0100] "POST /graphql HTTP/1.1" 301 178 "-" "Mozilla/5.0 (l9scan/2.0.230313e2536313e2434323e2839313; +https://leakix.net)"
206.189.95.232 - - [09/Sep/2026:08:31:06 +0100] "POST /graphql HTTP/1.1" 301 178 "-" "Mozilla/5.0 (l9scan/2.0.230313e2536313e2434323e2839313; +https://leakix.net)"
147.182.149.75 - - [09/Sep/2026:08:31:06 +0100] "GET /s/230313e2536313e2434323e2839313/_/;/META-INF/maven/com.atlassian.jira/jira-webapp-dist/pom.properties HTTP/1.1" 301 178 "-" "Mozilla/5.0 (l9scan/2.0.230313e2536313e2434323e2839313; +https://leakix.net)"
206.81.24.74 - - [09/Sep/2026:08:31:06 +0100] "GET /.git/config HTTP/1.1" 301 178 "-" "Mozilla/5.0 (l9scan/2.0.230313e2536313e2434323e2839313; +https://leakix.net)"
134.209.25.199 - - [09/Sep/2026:08:31:06 +0100] "GET /config.json HTTP/1.1" 301 178 "-" "Mozilla/5.0 (l9scan/2.0.230313e2536313e2434323e2839313; +https://leakix.net)"
206.81.24.74 - - [09/Sep/2026:08:31:06 +0100] "GET /.git/config HTTP/1.1" 301 178 "-" "Mozilla/5.0 (l9scan/2.0.230313e2536313e2434323e2839313; +https://leakix.net)"
64.225.75.246 - - [09/Sep/2026:08:31:06 +0100] "GET /ecp/Current/exporttool/microsoft.exchange.ediscovery.exporttool.application HTTP/1.1" 301 178 "-" "Mozilla/5.0 (l9scan/2.0.230313e2536313e2434323e2839313; +https://leakix.net)"
64.225.75.246 - - [09/Sep/2026:08:31:06 +0100] "GET /ecp/Current/exporttool/microsoft.exchange.ediscovery.exporttool.application HTTP/1.1" 301 178 "-" "Mozilla/5.0 (l9scan/2.0.230313e2536313e2434323e2839313; +https://leakix.net)"
167.99.210.137 - - [09/Sep/2026:08:31:06 +0100] "GET /info.php HTTP/1.1" 301 178 "-" "Mozilla/5.0 (l9scan/2.0.230313e2536313e2434323e2839313; +https://leakix.net)"
142.93.129.190 - - [09/Sep/2026:08:31:06 +0100] "GET /s/230313e2536313e2434323e2839313/_/;/META-INF/maven/com.atlassian.jira/jira-webapp-dist/pom.properties HTTP/1.1" 301 178 "-" "Mozilla/5.0 (l9scan/2.0.230313e2536313e2434323e2839313; +https://leakix.net)"
64.225.75.246 - - [09/Sep/2026:08:31:06 +0100] "GET /ecp/Current/exporttool/microsoft.exchange.ediscovery.exporttool.application HTTP/1.1" 301 178 "-" "Mozilla/5.0 (l9scan/2.0.230313e2536313e2434323e2839313; +https://leakix.net)"
206.189.95.232 - - [09/Sep/2026:08:31:06 +0100] "POST /api HTTP/1.1" 301 178 "-" "Mozilla/5.0 (l9scan/2.0.230313e2536313e2434323e2839313; +https://leakix.net)"
157.230.19.140 - - [09/Sep/2026:08:31:06 +0100] "GET /ecp/Current/exporttool/microsoft.exchange.ediscovery.exporttool.application HTTP/1.1" 301 178 "-" "Mozilla/5.0 (l9scan/2.0.230313e2536313e2434323e2839313; +https://leakix.net)"
206.189.95.232 - - [09/Sep/2026:08:31:06 +0100] "POST /api HTTP/1.1" 301 178 "-" "Mozilla/5.0 (l9scan/2.0.230313e2536313e2434323e2839313; +https://leakix.net)"
167.71.175.236 - - [09/Sep/2026:08:31:06 +0100] "POST /graphql HTTP/1.1" 301 178 "-" "Mozilla/5.0 (l9scan/2.0.230313e2536313e2434323e2839313; +https://leakix.net)"
46.101.111.185 - - [09/Sep/2026:08:31:06 +0100] "POST /graphql HTTP/1.1" 301 178 "-" "Mozilla/5.0 (l9scan/2.0.230313e2536313e2434323e2839313; +https://leakix.net)"
207.154.212.47 - - [09/Sep/2026:08:31:06 +0100] "POST /graphql HTTP/1.1" 301 178 "-" "Mozilla/5.0 (l9scan/2.0.230313e2536313e2434323e2839313; +https://leakix.net)"
46.101.111.185 - - [09/Sep/2026:08:31:06 +0100] "POST /api HTTP/1.1" 301 178 "-" "Mozilla/5.0 (l9scan/2.0.230313e2536313e2434323e2839313; +https://leakix.net)"
139.59.143.102 - - [09/Sep/2026:08:31:06 +0100] "POST /graphql HTTP/1.1" 301 178 "-" "Mozilla/5.0 (l9scan/2.0.230313e2536313e2434323e2839313; +https://leakix.net)"
46.101.111.185 - - [09/Sep/2026:08:31:06 +0100] "POST /api/graphql HTTP/1.1" 301 178 "-" "Mozilla/5.0 (l9scan/2.0.230313e2536313e2434323e2839313; +https://leakix.net)"
46.101.111.185 - - [09/Sep/2026:08:31:07 +0100] "POST /graphql/api HTTP/1.1" 301 178 "-" "Mozilla/5.0 (l9scan/2.0.230313e2536313e2434323e2839313; +https://leakix.net)"
167.71.175.236 - - [09/Sep/2026:08:31:07 +0100] "POST /api HTTP/1.1" 301 178 "-" "Mozilla/5.0 (l9scan/2.0.230313e2536313e2434323e2839313; +https://leakix.net)"
139.59.143.102 - - [09/Sep/2026:08:31:07 +0100] "POST /api HTTP/1.1" 301 178 "-" "Mozilla/5.0 (l9scan/2.0.230313e2536313e2434323e2839313; +https://leakix.net)"
207.154.212.47 - - [09/Sep/2026:08:31:07 +0100] "POST /api HTTP/1.1" 301 178 "-" "Mozilla/5.0 (l9scan/2.0.230313e2536313e2434323e2839313; +https://leakix.net)"
139.59.143.102 - - [09/Sep/2026:08:31:07 +0100] "POST /api/graphql HTTP/1.1" 301 178 "-" "Mozilla/5.0 (l9scan/2.0.230313e2536313e2434323e2839313; +https://leakix.net)"
46.101.111.185 - - [09/Sep/2026:08:31:07 +0100] "POST /api/gql HTTP/1.1" 301 178 "-" "Mozilla/5.0 (l9scan/2.0.230313e2536313e2434323e2839313; +https://leakix.net)"
167.71.175.236 - - [09/Sep/2026:08:31:07 +0100] "POST /api/graphql HTTP/1.1" 301 178 "-" "Mozilla/5.0 (l9scan/2.0.230313e2536313e2434323e2839313; +https://leakix.net)"
139.59.143.102 - - [09/Sep/2026:08:31:07 +0100] "POST /graphql/api HTTP/1.1" 301 178 "-" "Mozilla/5.0 (l9scan/2.0.230313e2536313e2434323e2839313; +https://leakix.net)"
206.189.95.232 - - [09/Sep/2026:08:31:07 +0100] "POST /api/graphql HTTP/1.1" 301 178 "-" "Mozilla/5.0 (l9scan/2.0.230313e2536313e2434323e2839313; +https://leakix.net)"
167.71.175.236 - - [09/Sep/2026:08:31:07 +0100] "POST /graphql/api HTTP/1.1" 301 178 "-" "Mozilla/5.0 (l9scan/2.0.230313e2536313e2434323e2839313; +https://leakix.net)"
206.81.24.74 - - [09/Sep/2026:08:31:07 +0100] "POST /graphql HTTP/1.1" 301 178 "-" "Mozilla/5.0 (l9scan/2.0.230313e2536313e2434323e2839313; +https://leakix.net)"
206.189.95.232 - - [09/Sep/2026:08:31:07 +0100] "POST /api/graphql HTTP/1.1" 301 178 "-" "Mozilla/5.0 (l9scan/2.0.230313e2536313e2434323e2839313; +https://leakix.net)"
157.230.19.140 - - [09/Sep/2026:08:31:07 +0100] "GET /ecp/Current/exporttool/microsoft.exchange.ediscovery.exporttool.application HTTP/1.1" 301 178 "-" "Mozilla/5.0 (l9scan/2.0.230313e2536313e2434323e2839313; +https://leakix.net)"
206.81.24.74 - - [09/Sep/2026:08:31:07 +0100] "POST /graphql HTTP/1.1" 301 178 "-" "Mozilla/5.0 (l9scan/2.0.230313e2536313e2434323e2839313; +https://leakix.net)"
147.182.149.75 - - [09/Sep/2026:08:31:07 +0100] "GET /config.json HTTP/1.1" 301 178 "-" "Mozilla/5.0 (l9scan/2.0.230313e2536313e2434323e2839313; +https://leakix.net)"
206.81.24.74 - - [09/Sep/2026:08:31:07 +0100] "POST /api HTTP/1.1" 301 178 "-" "Mozilla/5.0 (l9scan/2.0.230313e2536313e2434323e2839313; +https://leakix.net)"
167.71.175.236 - - [09/Sep/2026:08:31:07 +0100] "POST /api/gql HTTP/1.1" 301 178 "-" "Mozilla/5.0 (l9scan/2.0.230313e2536313e2434323e2839313; +https://leakix.net)"
206.81.24.74 - - [09/Sep/2026:08:31:07 +0100] "POST /api HTTP/1.1" 301 178 "-" "Mozilla/5.0 (l9scan/2.0.230313e2536313e2434323e2839313; +https://leakix.net)"
206.189.95.232 - - [09/Sep/2026:08:31:07 +0100] "POST /graphql/api HTTP/1.1" 301 178 "-" "Mozilla/5.0 (l9scan/2.0.230313e2536313e2434323e2839313; +https://leakix.net)"
167.71.175.236 - - [09/Sep/2026:08:31:07 +0100] "GET /s/230313e2536313e2434323e2839313/_/;/META-INF/maven/com.atlassian.jira/jira-webapp-dist/pom.properties HTTP/1.1" 301 178 "-" "Mozilla/5.0 (l9scan/2.0.230313e2536313e2434323e2839313; +https://leakix.net)"
142.93.129.190 - - [09/Sep/2026:08:31:07 +0100] "GET /config.json HTTP/1.1" 301 178 "-" "Mozilla/5.0 (l9scan/2.0.230313e2536313e2434323e2839313; +https://leakix.net)"
139.59.143.102 - - [09/Sep/2026:08:31:07 +0100] "POST /api/gql HTTP/1.1" 301 178 "-" "Mozilla/5.0 (l9scan/2.0.230313e2536313e2434323e2839313; +https://leakix.net)"
206.81.24.74 - - [09/Sep/2026:08:31:07 +0100] "POST /api/graphql HTTP/1.1" 301 178 "-" "Mozilla/5.0 (l9scan/2.0.230313e2536313e2434323e2839313; +https://leakix.net)"
206.189.95.232 - - [09/Sep/2026:08:31:07 +0100] "POST /graphql/api HTTP/1.1" 301 178 "-" "Mozilla/5.0 (l9scan/2.0.230313e2536313e2434323e2839313; +https://leakix.net)"
207.154.212.47 - - [09/Sep/2026:08:31:07 +0100] "POST /api/graphql HTTP/1.1" 301 178 "-" "Mozilla/5.0 (l9scan/2.0.230313e2536313e2434323e2839313; +https://leakix.net)"
46.101.111.185 - - [09/Sep/2026:08:31:07 +0100] "GET /s/230313e2536313e2434323e2839313/_/;/META-INF/maven/com.atlassian.jira/jira-webapp-dist/pom.properties HTTP/1.1" 301 178 "-" "Mozilla/5.0 (l9scan/2.0.230313e2536313e2434323e2839313; +https://leakix.net)"
206.189.95.232 - - [09/Sep/2026:08:31:07 +0100] "POST /api/gql HTTP/1.1" 301 178 "-" "Mozilla/5.0 (l9scan/2.0.230313e2536313e2434323e2839313; +https://leakix.net)"
139.59.143.102 - - [09/Sep/2026:08:31:07 +0100] "GET /s/230313e2536313e2434323e2839313/_/;/META-INF/maven/com.atlassian.jira/jira-webapp-dist/pom.properties HTTP/1.1" 301 178 "-" "Mozilla/5.0 (l9scan/2.0.230313e2536313e2434323e2839313; +https://leakix.net)"
206.81.24.74 - - [09/Sep/2026:08:31:08 +0100] "POST /api/graphql HTTP/1.1" 301 178 "-" "Mozilla/5.0 (l9scan/2.0.230313e2536313e2434323e2839313; +https://leakix.net)"
206.189.95.232 - - [09/Sep/2026:08:31:08 +0100] "POST /api/gql HTTP/1.1" 301 178 "-" "Mozilla/5.0 (l9scan/2.0.230313e2536313e2434323e2839313; +https://leakix.net)"
206.189.95.232 - - [09/Sep/2026:08:31:08 +0100] "GET /s/230313e2536313e2434323e2839313/_/;/META-INF/maven/com.atlassian.jira/jira-webapp-dist/pom.properties HTTP/1.1" 301 178 "-" "Mozilla/5.0 (l9scan/2.0.230313e2536313e2434323e2839313; +https://leakix.net)"
207.154.212.47 - - [09/Sep/2026:08:31:08 +0100] "POST /graphql/api HTTP/1.1" 301 178 "-" "Mozilla/5.0 (l9scan/2.0.230313e2536313e2434323e2839313; +https://leakix.net)"
206.81.24.74 - - [09/Sep/2026:08:31:08 +0100] "POST /graphql/api HTTP/1.1" 301 178 "-" "Mozilla/5.0 (l9scan/2.0.230313e2536313e2434323e2839313; +https://leakix.net)"
206.189.95.232 - - [09/Sep/2026:08:31:08 +0100] "GET /s/230313e2536313e2434323e2839313/_/;/META-INF/maven/com.atlassian.jira/jira-webapp-dist/pom.properties HTTP/1.1" 301 178 "-" "Mozilla/5.0 (l9scan/2.0.230313e2536313e2434323e2839313; +https://leakix.net)"
206.189.19.19 - - [09/Sep/2026:08:31:08 +0100] "GET /telescope/requests HTTP/1.1" 301 178 "-" "Mozilla/5.0 (l9scan/2.0.230313e2536313e2434323e2839313; +https://leakix.net)"
206.189.19.19 - - [09/Sep/2026:08:31:08 +0100] "GET /info.php HTTP/1.1" 301 178 "-" "Mozilla/5.0 (l9scan/2.0.230313e2536313e2434323e2839313; +https://leakix.net)"
167.99.210.137 - - [09/Sep/2026:08:31:08 +0100] "GET /.well-known/security.txt HTTP/1.1" 301 178 "-" "Mozilla/5.0 (l9scan/2.0.230313e2536313e2434323e2839313; +https://leakix.net)"
207.154.212.47 - - [09/Sep/2026:08:31:08 +0100] "POST /api/gql HTTP/1.1" 301 178 "-" "Mozilla/5.0 (l9scan/2.0.230313e2536313e2434323e2839313; +https://leakix.net)"
206.81.24.74 - - [09/Sep/2026:08:31:08 +0100] "POST /graphql/api HTTP/1.1" 301 178 "-" "Mozilla/5.0 (l9scan/2.0.230313e2536313e2434323e2839313; +https://leakix.net)"
134.209.25.199 - - [09/Sep/2026:08:31:08 +0100] "GET /telescope/requests HTTP/1.1" 301 178 "-" "Mozilla/5.0 (l9scan/2.0.230313e2536313e2434323e2839313; +https://leakix.net)"
206.81.24.74 - - [09/Sep/2026:08:31:08 +0100] "POST /api/gql HTTP/1.1" 301 178 "-" "Mozilla/5.0 (l9scan/2.0.230313e2536313e2434323e2839313; +https://leakix.net)"
207.154.212.47 - - [09/Sep/2026:08:31:08 +0100] "GET /s/230313e2536313e2434323e2839313/_/;/META-INF/maven/com.atlassian.jira/jira-webapp-dist/pom.properties HTTP/1.1" 301 178 "-" "Mozilla/5.0 (l9scan/2.0.230313e2536313e2434323e2839313; +https://leakix.net)"
134.209.25.199 - - [09/Sep/2026:08:31:08 +0100] "GET /info.php HTTP/1.1" 301 178 "-" "Mozilla/5.0 (l9scan/2.0.230313e2536313e2434323e2839313; +https://leakix.net)"
206.81.24.74 - - [09/Sep/2026:08:31:08 +0100] "GET /s/230313e2536313e2434323e2839313/_/;/META-INF/maven/com.atlassian.jira/jira-webapp-dist/pom.properties HTTP/1.1" 301 178 "-" "Mozilla/5.0 (l9scan/2.0.230313e2536313e2434323e2839313; +https://leakix.net)"
64.225.75.246 - - [09/Sep/2026:08:31:08 +0100] "GET /.git/config HTTP/1.1" 301 178 "-" "Mozilla/5.0 (l9scan/2.0.230313e2536313e2434323e2839313; +https://leakix.net)"
206.81.24.74 - - [09/Sep/2026:08:31:08 +0100] "POST /api/gql HTTP/1.1" 301 178 "-" "Mozilla/5.0 (l9scan/2.0.230313e2536313e2434323e2839313; +https://leakix.net)"
167.71.175.236 - - [09/Sep/2026:08:31:08 +0100] "GET /config.json HTTP/1.1" 301 178 "-" "Mozilla/5.0 (l9scan/2.0.230313e2536313e2434323e2839313; +https://leakix.net)"
206.81.24.74 - - [09/Sep/2026:08:31:08 +0100] "GET /s/230313e2536313e2434323e2839313/_/;/META-INF/maven/com.atlassian.jira/jira-webapp-dist/pom.properties HTTP/1.1" 301 178 "-" "Mozilla/5.0 (l9scan/2.0.230313e2536313e2434323e2839313; +https://leakix.net)"
64.225.75.246 - - [09/Sep/2026:08:31:08 +0100] "GET /.git/config HTTP/1.1" 301 178 "-" "Mozilla/5.0 (l9scan/2.0.230313e2536313e2434323e2839313; +https://leakix.net)"
64.225.75.246 - - [09/Sep/2026:08:31:08 +0100] "GET /.git/config HTTP/1.1" 301 178 "-" "Mozilla/5.0 (l9scan/2.0.230313e2536313e2434323e2839313; +https://leakix.net)"
139.59.143.102 - - [09/Sep/2026:08:31:09 +0100] "GET /config.json HTTP/1.1" 301 178 "-" "Mozilla/5.0 (l9scan/2.0.230313e2536313e2434323e2839313; +https://leakix.net)"
46.101.111.185 - - [09/Sep/2026:08:31:09 +0100] "GET /config.json HTTP/1.1" 301 178 "-" "Mozilla/5.0 (l9scan/2.0.230313e2536313e2434323e2839313; +https://leakix.net)"
157.230.19.140 - - [09/Sep/2026:08:31:09 +0100] "GET /.git/config HTTP/1.1" 301 178 "-" "Mozilla/5.0 (l9scan/2.0.230313e2536313e2434323e2839313; +https://leakix.net)"
206.189.95.232 - - [09/Sep/2026:08:31:09 +0100] "GET /config.json HTTP/1.1" 301 178 "-" "Mozilla/5.0 (l9scan/2.0.230313e2536313e2434323e2839313; +https://leakix.net)"
206.189.19.19 - - [09/Sep/2026:08:31:09 +0100] "GET /.well-known/security.txt HTTP/1.1" 301 178 "-" "Mozilla/5.0 (l9scan/2.0.230313e2536313e2434323e2839313; +https://leakix.net)"
206.189.95.232 - - [09/Sep/2026:08:31:09 +0100] "GET /config.json HTTP/1.1" 301 178 "-" "Mozilla/5.0 (l9scan/2.0.230313e2536313e2434323e2839313; +https://leakix.net)"
157.230.19.140 - - [09/Sep/2026:08:31:09 +0100] "GET /.git/config HTTP/1.1" 301 178 "-" "Mozilla/5.0 (l9scan/2.0.230313e2536313e2434323e2839313; +https://leakix.net)"
147.182.149.75 - - [09/Sep/2026:08:31:09 +0100] "GET /telescope/requests HTTP/1.1" 301 178 "-" "Mozilla/5.0 (l9scan/2.0.230313e2536313e2434323e2839313; +https://leakix.net)"
134.209.25.199 - - [09/Sep/2026:08:31:09 +0100] "GET /.well-known/security.txt HTTP/1.1" 301 178 "-" "Mozilla/5.0 (l9scan/2.0.230313e2536313e2434323e2839313; +https://leakix.net)"
207.154.212.47 - - [09/Sep/2026:08:31:09 +0100] "GET /config.json HTTP/1.1" 301 178 "-" "Mozilla/5.0 (l9scan/2.0.230313e2536313e2434323e2839313; +https://leakix.net)"
147.182.149.75 - - [09/Sep/2026:08:31:09 +0100] "GET /info.php HTTP/1.1" 301 178 "-" "Mozilla/5.0 (l9scan/2.0.230313e2536313e2434323e2839313; +https://leakix.net)"
64.225.75.246 - - [09/Sep/2026:08:31:09 +0100] "POST /graphql HTTP/1.1" 301 178 "-" "Mozilla/5.0 (l9scan/2.0.230313e2536313e2434323e2839313; +https://leakix.net)"
142.93.129.190 - - [09/Sep/2026:08:31:09 +0100] "GET /telescope/requests HTTP/1.1" 301 178 "-" "Mozilla/5.0 (l9scan/2.0.230313e2536313e2434323e2839313; +https://leakix.net)"
64.225.75.246 - - [09/Sep/2026:08:31:09 +0100] "POST /graphql HTTP/1.1" 301 178 "-" "Mozilla/5.0 (l9scan/2.0.230313e2536313e2434323e2839313; +https://leakix.net)"
64.225.75.246 - - [09/Sep/2026:08:31:09 +0100] "POST /graphql HTTP/1.1" 301 178 "-" "Mozilla/5.0 (l9scan/2.0.230313e2536313e2434323e2839313; +https://leakix.net)"
206.81.24.74 - - [09/Sep/2026:08:31:09 +0100] "GET /config.json HTTP/1.1" 301 178 "-" "Mozilla/5.0 (l9scan/2.0.230313e2536313e2434323e2839313; +https://leakix.net)"
142.93.129.190 - - [09/Sep/2026:08:31:09 +0100] "GET /info.php HTTP/1.1" 301 178 "-" "Mozilla/5.0 (l9scan/2.0.230313e2536313e2434323e2839313; +https://leakix.net)"
206.81.24.74 - - [09/Sep/2026:08:31:09 +0100] "GET /config.json HTTP/1.1" 301 178 "-" "Mozilla/5.0 (l9scan/2.0.230313e2536313e2434323e2839313; +https://leakix.net)"
167.99.210.137 - - [09/Sep/2026:08:31:10 +0100] "GET /actuator/env HTTP/1.1" 301 178 "-" "Mozilla/5.0 (l9scan/2.0.230313e2536313e2434323e2839313; +https://leakix.net)"
157.230.19.140 - - [09/Sep/2026:08:31:10 +0100] "POST /graphql HTTP/1.1" 301 178 "-" "Mozilla/5.0 (l9scan/2.0.230313e2536313e2434323e2839313; +https://leakix.net)"
157.230.19.140 - - [09/Sep/2026:08:31:10 +0100] "POST /graphql HTTP/1.1" 301 178 "-" "Mozilla/5.0 (l9scan/2.0.230313e2536313e2434323e2839313; +https://leakix.net)"
206.189.19.19 - - [09/Sep/2026:08:31:10 +0100] "GET /actuator/env HTTP/1.1" 301 178 "-" "Mozilla/5.0 (l9scan/2.0.230313e2536313e2434323e2839313; +https://leakix.net)"
134.209.25.199 - - [09/Sep/2026:08:31:10 +0100] "GET /actuator/env HTTP/1.1" 301 178 "-" "Mozilla/5.0 (l9scan/2.0.230313e2536313e2434323e2839313; +https://leakix.net)"
147.182.149.75 - - [09/Sep/2026:08:31:10 +0100] "GET /.well-known/security.txt HTTP/1.1" 301 178 "-" "Mozilla/5.0 (l9scan/2.0.230313e2536313e2434323e2839313; +https://leakix.net)"
167.71.175.236 - - [09/Sep/2026:08:31:10 +0100] "GET /telescope/requests HTTP/1.1" 301 178 "-" "Mozilla/5.0 (l9scan/2.0.230313e2536313e2434323e2839313; +https://leakix.net)"
142.93.129.190 - - [09/Sep/2026:08:31:10 +0100] "GET /.well-known/security.txt HTTP/1.1" 301 178 "-" "Mozilla/5.0 (l9scan/2.0.230313e2536313e2434323e2839313; +https://leakix.net)"
167.99.210.137 - - [09/Sep/2026:08:31:10 +0100] "GET /trace.axd HTTP/1.1" 301 178 "-" "Mozilla/5.0 (l9scan/2.0.230313e2536313e2434323e2839313; +https://leakix.net)"
167.71.175.236 - - [09/Sep/2026:08:31:10 +0100] "GET /info.php HTTP/1.1" 301 178 "-" "Mozilla/5.0 (l9scan/2.0.230313e2536313e2434323e2839313; +https://leakix.net)"
46.101.111.185 - - [09/Sep/2026:08:31:10 +0100] "GET /telescope/requests HTTP/1.1" 301 178 "-" "Mozilla/5.0 (l9scan/2.0.230313e2536313e2434323e2839313; +https://leakix.net)"
64.225.75.246 - - [09/Sep/2026:08:31:10 +0100] "POST /api HTTP/1.1" 301 178 "-" "Mozilla/5.0 (l9scan/2.0.230313e2536313e2434323e2839313; +https://leakix.net)"
46.101.111.185 - - [09/Sep/2026:08:31:11 +0100] "GET /info.php HTTP/1.1" 301 178 "-" "Mozilla/5.0 (l9scan/2.0.230313e2536313e2434323e2839313; +https://leakix.net)"
64.225.75.246 - - [09/Sep/2026:08:31:11 +0100] "POST /api HTTP/1.1" 301 178 "-" "Mozilla/5.0 (l9scan/2.0.230313e2536313e2434323e2839313; +https://leakix.net)"
206.189.95.232 - - [09/Sep/2026:08:31:11 +0100] "GET /telescope/requests HTTP/1.1" 301 178 "-" "Mozilla/5.0 (l9scan/2.0.230313e2536313e2434323e2839313; +https://leakix.net)"
139.59.143.102 - - [09/Sep/2026:08:31:11 +0100] "GET /telescope/requests HTTP/1.1" 301 178 "-" "Mozilla/5.0 (l9scan/2.0.230313e2536313e2434323e2839313; +https://leakix.net)"
157.230.19.140 - - [09/Sep/2026:08:31:11 +0100] "POST /api HTTP/1.1" 301 178 "-" "Mozilla/5.0 (l9scan/2.0.230313e2536313e2434323e2839313; +https://leakix.net)"
64.225.75.246 - - [09/Sep/2026:08:31:11 +0100] "POST /api HTTP/1.1" 301 178 "-" "Mozilla/5.0 (l9scan/2.0.230313e2536313e2434323e2839313; +https://leakix.net)"
157.230.19.140 - - [09/Sep/2026:08:31:11 +0100] "POST /api HTTP/1.1" 301 178 "-" "Mozilla/5.0 (l9scan/2.0.230313e2536313e2434323e2839313; +https://leakix.net)"
206.189.95.232 - - [09/Sep/2026:08:31:11 +0100] "GET /telescope/requests HTTP/1.1" 301 178 "-" "Mozilla/5.0 (l9scan/2.0.230313e2536313e2434323e2839313; +https://leakix.net)"
206.189.19.19 - - [09/Sep/2026:08:31:11 +0100] "GET /trace.axd HTTP/1.1" 301 178 "-" "Mozilla/5.0 (l9scan/2.0.230313e2536313e2434323e2839313; +https://leakix.net)"
206.189.95.232 - - [09/Sep/2026:08:31:11 +0100] "GET /info.php HTTP/1.1" 301 178 "-" "Mozilla/5.0 (l9scan/2.0.230313e2536313e2434323e2839313; +https://leakix.net)"
134.209.25.199 - - [09/Sep/2026:08:31:11 +0100] "GET /trace.axd HTTP/1.1" 301 178 "-" "Mozilla/5.0 (l9scan/2.0.230313e2536313e2434323e2839313; +https://leakix.net)"
139.59.143.102 - - [09/Sep/2026:08:31:11 +0100] "GET /info.php HTTP/1.1" 301 178 "-" "Mozilla/5.0 (l9scan/2.0.230313e2536313e2434323e2839313; +https://leakix.net)"
207.154.212.47 - - [09/Sep/2026:08:31:11 +0100] "GET /telescope/requests HTTP/1.1" 301 178 "-" "Mozilla/5.0 (l9scan/2.0.230313e2536313e2434323e2839313; +https://leakix.net)"
